000
CXUS54 KLCH 020949
CLMARA


CLIMATE REPORT
NATIONAL WEATHER SERVICE LAKE CHARLES, LA
449 AM CDT SUN JUL 2 2017

...................................

...THE NEW IBERIA CLIMATE SUMMARY FOR THE MONTH OF JUNE 2017...

CLIMATE NORMAL PERIOD 1981 TO 2010
CLIMATE RECORD PERIOD 1948 TO 2017

WEATHER         OBSERVED          NORMAL  DEPART  LAST YEAR`S
                 VALUE   DATE(S)  VALUE   FROM    VALUE  DATE(S)
                                          NORMAL
................................................................
TEMPERATURE (F)
RECORD
 HIGH             103   06/02/2011
 LOW               53   06/03/1956
HIGHEST            91   06/19        MM      MM       MM  MM
                        06/18
                        06/16
LOWEST             63   06/09        MM      MM       MM  MM
                        06/08
AVG. MAXIMUM     87.4              89.9    -2.5       MM
AVG. MINIMUM     72.4              71.5     0.9       MM
MEAN             79.9              80.7    -0.8       MM
DAYS MAX >= 90     10              14.0    -4.0       MM
DAYS MAX <= 32      0               0.0     0.0       MM
DAYS MIN <= 32      0               0.0     0.0       MM
DAYS MIN <= 0       0               0.0     0.0       MM

PRECIPITATION (INCHES)
RECORD
 MAXIMUM        16.02   1978
 MINIMUM         0.61   2006
TOTALS           9.81              6.90    2.91       MM
DAILY AVG.       0.33              0.23    0.10       MM
DAYS >= .01        18                MM      MM       MM
DAYS >= .10        14                MM      MM       MM
DAYS >= .50         6                MM      MM       MM
DAYS >= 1.00        4                MM      MM       MM
GREATEST
 24 HR. TOTAL    2.05   06/05 TO 06/05

SNOWFALL (INCHES)
RECORDS
 TOTAL            0.0   5
                        0
                        -26215
TOTALS            0.0                MM      MM       MM
SINCE 7/1         0.0                MM      MM       MM
SNOWDEPTH AVG.      0                MM      MM       MM
DAYS >= 1.0         0                MM      MM       MM
GREATEST
 SNOW DEPTH         0   MM                            MM  MM
 24 HR TOTAL      0.0   06/30 TO 06/30

DEGREE_DAYS
HEATING TOTAL       0                 0       0       MM
 SINCE 7/1        716              1409    -693       MM
COOLING TOTAL     457               471     -14       MM
 SINCE 1/1       1204              1041     163       MM
.................................................................

WIND (MPH)
AVERAGE WIND SPEED              7.4
HIGHEST WIND SPEED/DIRECTION    29/190    DATE  06/29
HIGHEST GUST SPEED/DIRECTION    46/180    DATE  06/22

SKY COVER
POSSIBLE SUNSHINE (PERCENT)   MM
AVERAGE SKY COVER           0.40
NUMBER OF DAYS FAIR           12
NUMBER OF DAYS PC             15
NUMBER OF DAYS CLOUDY          1

AVERAGE RH (PERCENT)     77

WEATHER CONDITIONS. NUMBER OF DAYS WITH
THUNDERSTORM              0     MIXED PRECIP               0
HEAVY RAIN                8     RAIN                      10
LIGHT RAIN               14     FREEZING RAIN              0
LT FREEZING RAIN          0     HAIL                       0
HEAVY SNOW                0     SNOW                       0
LIGHT SNOW                0     SLEET                      0
FOG                      14     FOG W/VIS <= 1/4 MILE      0
HAZE                      6

-  INDICATES NEGATIVE NUMBERS.
R  INDICATES RECORD WAS SET OR TIED.
MM INDICATES DATA IS MISSING.
T  INDICATES TRACE AMOUNT.

$$
