000
CXUS42 KFFC 011836
CLMATL


CLIMATE REPORT
NATIONAL WEATHER SERVICE PEACHTREE CITY GA
235 PM EDT SUN OCT 1 2017

...................................

...THE ATLANTA CLIMATE SUMMARY FOR THE MONTH OF SEPTEMBER 2017...

CLIMATE NORMAL PERIOD 1981 TO 2010
CLIMATE RECORD PERIOD 1878 TO 2017

WEATHER         OBSERVED          NORMAL  DEPART  LAST YEAR`S
                 VALUE   DATE(S)  VALUE   FROM    VALUE  DATE(S)
                                          NORMAL
................................................................
TEMPERATURE (F)
RECORD
 HIGH             102   09/08/1925
                        09/07/1925
                        09/05/1925
 LOW               36   09/30/1967
HIGHEST            91   09/28        MM      MM       93  09/15
                                                          09/09
                                                          09/08
LOWEST             53   09/07        MM      MM       52  09/30
AVG. MAXIMUM     82.9              82.2     0.7     88.2
AVG. MINIMUM     64.7              64.8    -0.1     69.3
MEAN             73.8              73.5     0.3     78.8
DAYS MAX >= 90      2               2.4    -0.4       14
DAYS MAX <= 32      0               0.0     0.0        0
DAYS MIN <= 32      0               0.0     0.0        0
DAYS MIN <= 0       0               0.0     0.0        0

PRECIPITATION (INCHES)
RECORD
 MAXIMUM        14.26   1888
 MINIMUM         0.04   1984
TOTALS           4.25              4.47   -0.22     3.43
DAILY AVG.       0.14              0.15   -0.01     0.11
DAYS >= .01         6               7.5    -1.5        4
DAYS >= .10         4               5.1    -1.1        3
DAYS >= .50         1               2.7    -1.7        3
DAYS >= 1.00        1               1.4    -0.4        1
GREATEST
 24 HR. TOTAL    3.62   09/11 TO 09/11           09/01 TO 09/02
                                                          09/30 TO 09/30
                                                          09/30 TO 09/30

DEGREE_DAYS
HEATING TOTAL       7                11      -4        1
 SINCE 7/1          7                11      -4        1
COOLING TOTAL     279               266      13      421
 SINCE 1/1       2003              1805     198     2371
.................................................

WIND (MPH)
AVERAGE WIND SPEED              7.9
HIGHEST WIND SPEED/DIRECTION    45/030    DATE  09/11
HIGHEST GUST SPEED/DIRECTION    64/030    DATE  09/11

SKY COVER
POSSIBLE SUNSHINE (PERCENT)   MM
AVERAGE SKY COVER           0.40
NUMBER OF DAYS FAIR           15
NUMBER OF DAYS PC             13
NUMBER OF DAYS CLOUDY          2

AVERAGE RH (PERCENT)     67

WEATHER CONDITIONS. NUMBER OF DAYS WITH
THUNDERSTORM              0     MIXED PRECIP               0
HEAVY RAIN                2     RAIN                       2
LIGHT RAIN                5     FREEZING RAIN              0
LT FREEZING RAIN          0     HAIL                       0
HEAVY SNOW                0     SNOW                       0
LIGHT SNOW                0     SLEET                      0
FOG                       8     FOG W/VIS <= 1/4 MILE      0
HAZE                      1

-  INDICATES NEGATIVE NUMBERS.
R  INDICATES RECORD WAS SET OR TIED.
MM INDICATES DATA IS MISSING.
T  INDICATES TRACE AMOUNT.

$$
