000
CXUS53 KABR 011242
CLMATY


CLIMATE REPORT
NATIONAL WEATHER SERVICE ABERDEEN SD
732 AM CDT SAT JUL 1 2017

...................................

...THE WATERTOWN SD CLIMATE SUMMARY FOR THE MONTH OF JUNE 2017...

CLIMATE NORMAL PERIOD 1981 TO 2010
CLIMATE RECORD PERIOD 1898 TO 2017

WEATHER         OBSERVED          NORMAL  DEPART  LAST YEAR`S
                 VALUE   DATE(S)  VALUE   FROM    VALUE  DATE(S)
                                          NORMAL
................................................................
TEMPERATURE (F)
RECORD
 HIGH             107   06/28/1931
 LOW               30   06/02/1946
                        06/09/1915
HIGHEST            91   06/09                         96  06/19
                        06/02                             06/12
LOWEST             42   06/26                         44  06/02
AVG. MAXIMUM     78.6              76.7     1.9     83.0
AVG. MINIMUM     54.7              54.5     0.2     58.1
MEAN             66.7              65.6     1.1     70.5
DAYS MAX >= 90      2               1.5     0.5        6
DAYS MAX <= 32      0               0.0     0.0        0
DAYS MIN <= 32      0               0.0     0.0        0
DAYS MIN <= 0       0               0.0     0.0        0

PRECIPITATION (INCHES)
RECORD
 MAXIMUM        11.37   1991
 MINIMUM         0.33   1950
TOTALS           3.74              3.58    0.16     1.53
DAYS >= .01         8              11.2    -3.2        5
DAYS >= .10         4               7.0    -3.0        3
DAYS >= .50         3               2.4     0.6        1
DAYS >= 1.00        1               1.0     0.0        1

SNOWFALL (INCHES)
RECORDS
 TOTAL             MM   MM
 SNOW DEPTH        MM   MM
TOTALS            0.0               0.0     0.0      0.0
SINCE 7/1        40.7              35.9     4.8     28.7
SNOWDEPTH AVG.      0                MM      MM        0
DAYS >= TRACE       0               0.0     0.0        0
DAYS >= 1.0         0               0.0     0.0        0
GREATEST
 SNOW DEPTH         0   MM                             0  MM

DEGREE_DAYS
HEATING TOTAL      48                78     -30       25
 SINCE 7/1       7672              8525    -853     6913
COOLING TOTAL     105                96       9      199
 SINCE 1/1        116               118      -2      223

FREEZE DATES
RECORD
 EARLIEST     MM
 LATEST       MM
EARLIEST      10/07             MM
LATEST        05/02             MM
.................................................................

WIND (MPH)
AVERAGE WIND SPEED              9.8
RESULTANT WIND SPEED/DIRECTION   2/274
HIGHEST WIND SPEED/DIRECTION    45/020    DATE  06/11
HIGHEST GUST SPEED/DIRECTION    55/020    DATE  06/11

SKY COVER
POSSIBLE SUNSHINE (PERCENT)   MM
AVERAGE SKY COVER           0.20
NUMBER OF DAYS FAIR           21
NUMBER OF DAYS PC              9
NUMBER OF DAYS CLOUDY          0

AVERAGE RH (PERCENT)     63

WEATHER CONDITIONS. NUMBER OF DAYS WITH
THUNDERSTORM              0     MIXED PRECIP               0
HEAVY RAIN                4     RAIN                       3
LIGHT RAIN               10     FREEZING RAIN              0
LT FREEZING RAIN          0     HAIL                       0
HEAVY SNOW                0     SNOW                       0
LIGHT SNOW                0     SLEET                      0
FOG                      10     FOG W/VIS <= 1/4 MILE      3
HAZE                      0

-  INDICATES NEGATIVE NUMBERS.
R  INDICATES RECORD WAS SET OR TIED.
MM INDICATES DATA IS MISSING.
T  INDICATES TRACE AMOUNT.

$$
