000
CXUS51 KGYX 032056
CLMAUG

PWMCLMAUG 000
TTAA00 KGYX 031805


CLIMATE REPORT
NATIONAL WEATHER SERVICE GRAY ME
356 PM EST TUE JAN 3 2017

...................................

...THE AUGUSTA CLIMATE SUMMARY FOR THE MONTH OF DECEMBER 2016...

CLIMATE NORMAL PERIOD 1981 TO 2010
CLIMATE RECORD PERIOD 1948 TO 2017

WEATHER         OBSERVED          NORMAL  DEPART  LAST YEAR`S
                 VALUE   DATE(S)  VALUE   FROM    VALUE  DATE(S)
                                          NORMAL
................................................................
TEMPERATURE (F)
RECORD
 HIGH              67   12/06/2001
 LOW              -15   12/31/1962
HIGHEST            49   12/27        53      -4       56  12/25
LOWEST             -9   12/16         0      -9       11  12/29
AVG. MAXIMUM     32.6              33.5    -0.9     41.2
AVG. MINIMUM     16.6              18.6    -2.0     28.4
MEAN             24.6              26.1    -1.5     34.8
DAYS MAX >= 90      0               0.0     0.0        0
DAYS MAX <= 32     14              13.8     0.2        4
DAYS MIN <= 32     29              28.1     0.9       20
DAYS MIN <= 0       4               1.4     2.6        0

PRECIPITATION (INCHES)
RECORD
 MAXIMUM        12.58   1973
 MINIMUM         0.89   1980
TOTALS           3.97              3.24    0.73     3.97
DAILY AVG.       0.13              0.10    0.03     0.13
DAYS >= .01        14              11.4     2.6       15
DAYS >= .10         7               6.8     0.2       11
DAYS >= .50         3               1.9     1.1        2
DAYS >= 1.00        1               0.8     0.2        0
GREATEST
 24 HR. TOTAL    1.35   11/30 TO 12/01

DEGREE_DAYS
HEATING TOTAL    1243              1207      36      929
 SINCE 7/1       2561              2755    -194     2307
COOLING TOTAL       0                 0       0        0
 SINCE 1/1        530               388     142      457
.................................................................

WIND (MPH)
AVERAGE WIND SPEED              6.7
HIGHEST WIND SPEED/DIRECTION    30/300    DATE  12/25
HIGHEST GUST SPEED/DIRECTION    47/280    DATE  12/25

SKY COVER
AVERAGE SKY COVER           0.50

AVERAGE RH (PERCENT)     70

WEATHER CONDITIONS. NUMBER OF DAYS WITH
THUNDERSTORM              0     HEAVY RAIN                 1
RAIN                      1     LIGHT RAIN                 3
FREEZING RAIN             1     LT FREEZING RAIN           5
HEAVY SNOW                2     SNOW                       7
LIGHT SNOW               12     FOG                       18
FOG W/VIS <= 1/4 MILE     6     HAZE                      11

-  INDICATES NEGATIVE NUMBERS.
R  INDICATES RECORD WAS SET OR TIED.
MM INDICATES DATA IS MISSING.
T  INDICATES TRACE AMOUNT.

&&

DECEMBER STARTED OFF WARM AND WET WITH MORE THAN AN INCH OF RAINFALL
ON THE FIRST DAY OF THE MONTH. TEMPERATURES SOON BEGAN TURNING
COLDER WITH AN ACTIVE WEATHER PATTERN BRINGING A NEW STORM SYSTEM
THROUGH THE AREA EVERY FEW DAYS, OFTEN RESULTING IN SNOWFALL. A VERY
COLD EARLY SEASON ARCTIC AIR MASS MOVED INTO THE AREA DURING THE
MIDDLE OF THE MONTH. ON THE 16TH THE HIGH TEMPERATURE ONLY MADE IT
UP TO 4 DEGREES, THE COLDEST DECEMBER HIGH TEMPERATURE IN 40 YEARS.
AFTER A BRIEF WARMUP ON THE 18TH THE COLD AIR RETURNED AGAIN FOR THE
19TH AND 20TH. BY THE 21ST THE BRUTAL COLD HAD EASED UP A BIT WITH
TEMPERATURES NEAR OR ABOVE NORMAL FOR THE REST OF THE MONTH. AN
INTENSE LOW PRESSURE SYSTEM TRACKING THROUGH THE GULF OF MAINE
BROUGHT MORE SNOW ON THE 29TH AND 30TH.

THE AVERAGE TEMPERATURE FOR THE MONTH WAS 24.6 DEGREES WHICH WAS 1.5
DEGREES BELOW NORMAL AND THE FIRST BELOW NORMAL MONTH SINCE JUNE. IT
WAS MORE THAN 10 DEGREES COLDER THAN THE RECORD WARM DECEMBER
OBSERVED LAST YEAR. THE AVERAGE TEMPERATURE IN DECEMBER 2015 WAS
34.8 DEGREES, THE WARMEST ON RECORD. THE COLDEST ON RECORD WAS 1989
WHEN THE AVERAGE TEMPERATURE WAS 11.0 DEGREES.

THE HIGH TEMPERATURE ON DECEMBER 16 WAS ONLY 4 DEGREES. THIS WAS THE
COLDEST DECEMBER HIGH TEMPERATURE IN 40 YEARS AND THE 4TH COLDEST ON
RECORD. THE FOLLOWING TABLE LISTS THE COLDEST HIGH TEMPERATURES IN
DECEMBER AT AUGUSTA.

COLDEST DECEMBER HIGH TEMPERATURE (SINCE 1948)...
RANK  HIGH  DATE
1      1    DEC 26, 1968
2      3    DEC 9, 1976
       3    DEC 31, 1956
4      4    DEC 16, 2016 <===
       4    DEC 27, 1993
       4    DEC 22, 1970
       4    DEC 25, 1968
       4    DEC 21, 1955
       4    DEC 16, 1951
10     5    DEC 25, 1983 AND 4 OTHERS

A TOTAL OF 3.97 INCHES OF PRECIPITATION FELL WHICH WAS 0.73 INCHES
ABOVE NORMAL. THE HEAVIEST PRECIPITATION WAS ON DECEMBER 1 WHEN MORE
THAN 1 INCH OF RAIN WAS RECORDED. THE WETTEST DECEMBER ON RECORD WAS
IN 1973 WHEN 12.58 INCHES WAS MEASURED. THE DRIEST WAS 1980 WITH
ONLY 0.89 INCHES.

THE FOLLOWING DAILY RECORDS WERE SET OR TIED IN DECEMBER 2016...
DATE RECORD                                  PREVIOUS
15   -3 - COLDEST LOW TEMPERATURE            -3 IN 1980 /TIED/
16    4 - COLDEST HIGH TEMPERATURE            4 IN 1951 /TIED/
16   -9 - COLDEST LOW TEMPERATURE            -5 IN 1951

$$

KIMBLE
