000
CXUS54 KEWX 011857
CLMAUS

CLIMATE REPORT
NATIONAL WEATHER SERVICE AUSTIN/SAN ANTONIO, TX
157 PM CDT FRI AUG 1 2014

...................................

...THE AUSTIN BERGSTROM CLIMATE SUMMARY FOR THE MONTH OF JULY 2014...

CLIMATE NORMAL PERIOD 1981 TO 2010
CLIMATE RECORD PERIOD 1943 TO 2014

WEATHER         OBSERVED          NORMAL  DEPART  LAST YEAR`S
                 VALUE   DATE(S)  VALUE   FROM    VALUE  DATE(S)
                                          NORMAL
................................................................
TEMPERATURE (F)
HIGHEST           100   07/28                        104  07/13
LOWEST             64   07/12                         60  07/03
                        07/11
AVG. MAXIMUM     94.9              95.2    -0.3     97.0
AVG. MINIMUM     70.6              71.7    -1.1     71.5
MEAN             82.8              83.4    -0.6     84.3
DAYS MAX >= 90     29                                 29
DAYS MAX <= 32      0                                  0
DAYS MIN <= 32      0                                  0
DAYS MIN <= 0       0                                  0

PRECIPITATION (INCHES)
TOTALS           2.05              2.39   -0.34     1.44
DAILY AVG.       0.07              0.08   -0.01     0.05
DAYS >= .01         6                                  6
DAYS >= .10         4                                  3
DAYS >= .50         2                                  1
DAYS >= 1.00        0                                  0
GREATEST
 24 HR. TOTAL    1.13   07/17 TO 07/18

SNOWFALL (INCHES)
TOTALS            0.0                MM      MM      0.0
SINCE 7/1         0.0                MM      MM      0.0

DEGREE_DAYS
HEATING TOTAL       0                 0       0        0
 SINCE 7/1          0                 0       0        0
COOLING TOTAL     558               572     -14      605
 SINCE 1/1       1520              1560     -40     1688
.................................................................

WIND (MPH)
AVERAGE WIND SPEED              6.8
HIGHEST WIND SPEED/DIRECTION    31/010    DATE  07/03
HIGHEST GUST SPEED/DIRECTION    38/020    DATE  07/03

SKY COVER
POSSIBLE SUNSHINE (PERCENT)   MM
AVERAGE SKY COVER           0.50
NUMBER OF DAYS FAIR           11
NUMBER OF DAYS PC             16
NUMBER OF DAYS CLOUDY          4

AVERAGE RH (PERCENT)     68

WEATHER CONDITIONS. NUMBER OF DAYS WITH
THUNDERSTORM              0     MIXED PRECIP               0
HEAVY RAIN                1     RAIN                       3
LIGHT RAIN                7     FREEZING RAIN              0
LT FREEZING RAIN          0     HAIL                       0
HEAVY SNOW                0     SNOW                       0
LIGHT SNOW                0     SLEET                      0
FOG                      21     FOG W/VIS <= 1/4 MILE      1
HAZE                      7

-  INDICATES NEGATIVE NUMBERS.
R  INDICATES RECORD WAS SET OR TIED.
MM INDICATES DATA IS MISSING.
T  INDICATES TRACE AMOUNT.

&&

MONTHLY CLIMATOLOGICAL SUMMARY:
JULY 2014 WAS THE 11TH COLDEST AND THE 24TH WETTEST JULY SINCE
RECORD KEEPING BEGAN FOR THE AUSTIN-BERGSTROM AIRPORT AREA IN 1943.

SEA LEVEL PRESSURE DATA:
HIGHEST SLP OF 30.19 ON THE 4TH
LOWEST SLP OF 29.73 ON THE 17TH

PRELIMINARY LOCAL CLIMATOLOGICAL DATA (WS FORM: F-6)

                                          STATION:   AUSTIN BERGSTROM
                                          MONTH:     JULY
                                          YEAR:      2014
                                          LATITUDE:   30 13 N
                                          LONGITUDE:  97 40 W

  TEMPERATURE IN F:       :PCPN:    SNOW:  WIND      :SUNSHINE: SKY     :PK WND
================================================================================
1   2   3   4   5  6A  6B    7    8   9   10  11  12  13   14  15   16   17  18
                                     12Z  AVG MX 2MIN
DY MAX MIN AVG DEP HDD CDD  WTR  SNW DPTH SPD SPD DIR MIN PSBL S-S WX    SPD DR
================================================================================

 1  96  72  84   2   0  19 0.00  0.0    0 10.7 21 150   M    M   4 1      27 180
 2  97  69  83   0   0  18 0.01  0.0    0  5.5 22 170   M    M   4 13     26 170
 3  95  69  82  -1   0  17 0.68  0.0    0  4.8 31  10   M    M   5 13     38  20
 4  92  69  81  -2   0  16 0.00  0.0    0  4.4 21  90   M    M   6 3      27 150
 5  92  67  80  -3   0  15 0.00  0.0    0  4.5 28 120   M    M   3 13     35 130
 6  93  68  81  -2   0  16 0.00  0.0    0  6.8 15 140   M    M   5 12     21 160
 7  94  69  82  -1   0  17 0.00  0.0    0  8.9 17 150   M    M   3        22 220
 8  96  69  83   0   0  18 0.00  0.0    0  8.8 21 170   M    M   3        30 150
 9  96  67  82  -1   0  17 0.00  0.0    0  8.5 17 160   M    M   3 1      23 140
10  94  65  80  -3   0  15 0.00  0.0    0  8.5 22 190   M    M   4 1      29 190
11  94  64  79  -4   0  14    T  0.0    0  7.8 20 190   M    M   6        27 170
12  96  64  80  -3   0  15 0.00  0.0    0  5.9 14 180   M    M   3 18     21 180
13  97  69  83   0   0  18 0.00  0.0    0  6.1 14 150   M    M   2        20 130
14  99  70  85   2   0  20 0.00  0.0    0  6.6 15 150   M    M   3        20 200
15  93  73  83   0   0  18 0.16  0.0    0  5.6 21 320   M    M   8 13     30 310
16  94  74  84   0   0  19    T  0.0    0  6.0 22 140   M    M   8 1      27 140
17  92  75  84   0   0  19 0.88  0.0    0  8.8 18 170   M    M  10 13     23 180
18  79  72  76  -8   0  11 0.25  0.0    0  7.5 18  20   M    M   9 13     22  20
19  86  70  78  -6   0  13 0.00  0.0    0  5.6 12  40   M    M   7 18     13  30
20  95  74  85   1   0  20 0.00  0.0    0  5.3 14 180   M    M   7 1      19 170
21  97  75  86   2   0  21 0.00  0.0    0  6.5 14 180   M    M   4 18     16 170
22  97  73  85   1   0  20 0.00  0.0    0  4.2 13  60   M    M   5 1      18  40
23  97  73  85   1   0  20 0.00  0.0    0  4.4 15  40   M    M   4 18     17  50
24  94  74  84   0   0  19 0.07  0.0    0  3.8 15  40   M    M   5 18     19  40
25  97  72  85   1   0  20 0.00  0.0    0  7.4 16 170   M    M   3 8      22 170
26  99  72  86   2   0  21 0.00  0.0    0 10.1 20 160   M    M   3 1      27 150
27  99  72  86   2   0  21 0.00  0.0    0  9.6 18 200   M    M   3 18     25 200
28 100  71  86   2   0  21 0.00  0.0    0  6.5 17 210   M    M   3 1      22 210
29  98  70  84   0   0  19 0.00  0.0    0  4.5 28  40   M    M   5        35  30
30  97  71  84   0   0  19 0.00  0.0    0  8.4 22 160   M    M   5        28 160
31  98  76  87   3   0  22 0.00  0.0    0  7.9 21  20   M    M   7 3      25  30
================================================================================
SM 2943 2188         0 558  2.05     0.0 209.9          M      150
================================================================================
AV 94.9 70.6                               6.8 FASTST   M    M   5    MAX(MPH)
                                 MISC ---->  # 31  10               # 38   20
================================================================================
NOTES:
# LAST OF SEVERAL OCCURRENCES

COLUMN 17 PEAK WIND IN M.P.H.

SYMBOLS USED IN COLUMN 16

1 = FOG OR MIST
2 = FOG REDUCING VISIBILITY
    TO 1/4 MILE OR LESS
3 = THUNDER
4 = ICE PELLETS
5 = HAIL
6 = FREEZING RAIN OR DRIZZLE
7 = DUSTSTORM OR SANDSTORM:
    VSBY 1/2 MILE OR LESS
8 = SMOKE OR HAZE
9 = BLOWING SNOW
X = TORNADO

$$
