000
CXUS52 KGSP 010805
CLMAVL

CLIMATE REPORT
NATIONAL WEATHER SERVICE GREENVILLE-SPARTANBURG SC
305 AM EST WED MAR 1 2017

...................................

...THE ASHEVILLE CLIMATE SUMMARY FOR THE MONTH OF FEBRUARY 2017...

CLIMATE NORMAL PERIOD 1981 TO 2010
CLIMATE RECORD PERIOD 1869 TO 2017

WEATHER         OBSERVED          NORMAL  DEPART  LAST YEAR`S
                 VALUE   DATE(S)  VALUE   FROM    VALUE  DATE(S)
                                          NORMAL
................................................................
TEMPERATURE (F)
RECORD
 HIGH              80   02/10/1932
 LOW               -9   02/08/1895
HIGHEST            78   02/12        MM      MM       67  02/29
                                                          02/01
LOWEST             21   02/04        MM      MM       16  02/10
AVG. MAXIMUM     60.8              51.0     9.8     48.9
AVG. MINIMUM     34.4              29.7     4.7     30.9
MEAN             47.6              40.3     7.3     39.9
DAYS MAX >= 90      0               0.0     0.0        0
DAYS MAX <= 32      0               0.9    -0.9        4
DAYS MIN <= 32     13              17.1    -4.1       17
DAYS MIN <= 0       0               0.0     0.0        0

PRECIPITATION (INCHES)
RECORD
 MAXIMUM         9.60   1873
 MINIMUM         0.44   1978
TOTALS           0.70              3.76   -3.06     5.69
DAILY AVG.       0.03              0.13   -0.10     0.20
DAYS >= .01         7               9.5    -2.5        9
DAYS >= .10         3               6.2    -3.2        7
DAYS >= .50         0               2.4    -2.4        5
DAYS >= 1.00        0               1.0    -1.0        2
GREATEST
 24 HR. TOTAL    0.21   02/08 TO 02/09           02/02 TO 02/03
                                                          02/13 TO 02/13
                                                          02/13 TO 02/13
 STORM TOTAL       MM                                 MM
 (MM/DD(HH))            MM                    02/03(00) TO 02/03(00)
                                                 02/13(00) TO 02/13(00)3
                                                 02/13(00) TO 02/13(00)3

SNOWFALL (INCHES)
RECORDS
 TOTAL           25.5   1969
 24 HR TOTAL     11.7   02/15/1969 TO 02/16/1969
 SNOW DEPTH        15   02/17/1969
TOTALS            0.0               2.2    -2.2      0.1
 LIQUID EQUIV    0.00              0.20   -0.20     0.01
SINCE 7/1         7.3               7.3     0.0     13.9
 LIQUID 7/1      0.73              0.70    0.03     1.39
SNOWDEPTH AVG.      0                MM      MM        0
DAYS >= TRACE       0               1.5    -1.5        9
DAYS >= 1.0         0               0.7    -0.7        0
GREATEST
 SNOW DEPTH         0   MM                             0  MM
 24 HR TOTAL      0.0   02/28 TO 02/28           02/13 TO 02/13
                                                          02/13 TO 02/13
                                                          02/13 TO 02/13
 STORM TOTAL       MM                                 MM
 (MM/DD(HH))            MM                    02/13(00) TO 02/13(00)
                                                 02/13(00) TO 02/13(00)3
                                                 02/13(00) TO 02/13(00)3

DEGREE_DAYS
HEATING TOTAL     481               690    -209      724
 SINCE 7/1       2394              3217    -823     2747
COOLING TOTAL       0                 0       0        0
 SINCE 1/1          0                 0       0        0

FREEZE DATES
RECORD
 EARLIEST     MM
 LATEST       MM
EARLIEST                        MM
LATEST                          MM
....................................................

WIND (MPH)
AVERAGE WIND SPEED              7.7
HIGHEST WIND SPEED/DIRECTION    38/340    DATE  02/09
HIGHEST GUST SPEED/DIRECTION    49/340    DATE  02/09

SKY COVER
POSSIBLE SUNSHINE (PERCENT)   MM
AVERAGE SKY COVER           0.30
NUMBER OF DAYS FAIR           17
NUMBER OF DAYS PC              8
NUMBER OF DAYS CLOUDY          3

AVERAGE RH (PERCENT)     55

WEATHER CONDITIONS. NUMBER OF DAYS WITH
THUNDERSTORM              2     MIXED PRECIP               0
HEAVY RAIN                0     RAIN                       4
LIGHT RAIN               13     FREEZING RAIN              0
LT FREEZING RAIN          0     HAIL                       0
HEAVY SNOW                0     SNOW                       0
LIGHT SNOW                0     SLEET                      0
FOG                       7     FOG W/VIS <= 1/4 MILE      2
HAZE                      0

-  INDICATES NEGATIVE NUMBERS.
R  INDICATES RECORD WAS SET OR TIED.
MM INDICATES DATA IS MISSING.
T  INDICATES TRACE AMOUNT.

$$

OUTLAW
