655
CXUS52 KGSP 032036 CCA
CLMAVL

CLIMATE REPORT...CORRECTED FOR 2 DAYS WITH -SN
NATIONAL WEATHER SERVICE GREENVILLE-SPARTANBURG SC
725 PM EDT THU NOV 2  2017

...................................

...THE ASHEVILLE CLIMATE SUMMARY FOR THE MONTH OF OCTOBER 2017...

CLIMATE NORMAL PERIOD 1981 TO 2010
CLIMATE RECORD PERIOD 1869 TO 2017

WEATHER         OBSERVED          NORMAL  DEPART  LAST YEAR`S
                 VALUE   DATE(S)  VALUE   FROM    VALUE  DATE(S)
                                          NORMAL
................................................................
TEMPERATURE (F)
RECORD
 HIGH              90   10/06/1941
                        10/05/1941
 LOW               20   10/30/1910
HIGHEST            85   10/11        MM      MM       84  10/20
                                                          10/19
LOWEST             32   10/30        MM      MM       33  10/23
AVG. MAXIMUM     71.3              68.1     3.2     73.8
AVG. MINIMUM     47.5              44.6     2.9     47.5
MEAN             59.4              56.4     3.0     60.7
DAYS MAX >= 90      0               0.0     0.0        0
DAYS MAX <= 32      0               0.0     0.0        0
DAYS MIN <= 32      1               2.9    -1.9        0
DAYS MIN <= 0       0               0.0     0.0        0

PRECIPITATION (INCHES)
RECORD
 MAXIMUM        11.32   1918
 MINIMUM         0.00   2000
TOTALS           9.68              2.91    6.77     0.52
DAILY AVG.       0.31              0.09    0.22     0.02
DAYS >= .01         9               8.2     0.8        3
DAYS >= .10         6               4.5     1.5        1
DAYS >= .50         4               2.1     1.9        1
DAYS >= 1.00        3               0.7     2.3        0
GREATEST
 24 HR. TOTAL    3.52   10/23 TO 10/23           10/07 TO 10/07
                                                          10/07 TO 10/07EATHER
                                                          10/07 TO 10/07EATHER
 STORM TOTAL       MM                                 MM
 (MM/DD(HH))            MM                    10/07(00) TO 10/07(00)
                                                 10/07(00) TO 10/07(00)7EATHER
                                                 10/07(00) TO 10/07(00)7EATHER

SNOWFALL (INCHES)
RECORDS
 TOTAL            3.0   1923
 24 HR TOTAL      3.0   10/23/1923 TO 10/24/1923
 SNOW DEPTH        MM   MM
TOTALS              T               0.0     0.0      0.0
 LIQUID EQUIV      MM              0.00      MM     0.00
SINCE 7/1           T               0.0     0.0      0.0
 LIQUID 7/1        MM              0.00      MM     0.00
SNOWDEPTH AVG.      0                MM      MM        0
DAYS >= TRACE       2               0.0     2.0        0
DAYS >= 1.0         0               0.0     0.0        0
GREATEST
 SNOW DEPTH         0   MM                             0  MM
 24 HR TOTAL        T   10/30 TO 10/30           10/07 TO 10/07
                                                          10/07 TO 10/07EATHER
                                                          10/07 TO 10/07EATHER
 STORM TOTAL       MM                                 MM
 (MM/DD(HH))            MM                    10/07(00) TO 10/07(00)
                                                 10/07(00) TO 10/07(00)7EATHER
                                                 10/07(00) TO 10/07(00)7EATHER

DEGREE_DAYS
HEATING TOTAL     231               278     -47      141
 SINCE 7/1        269               335     -66      146
COOLING TOTAL      66                10      56       13
 SINCE 1/1       1042               862     180     1315

FREEZE DATES
RECORD
 EARLIEST     MM
 LATEST       MM
EARLIEST      10/30             MM
LATEST                          MM
.................................................................

WIND (MPH)
AVERAGE WIND SPEED              5.1
HIGHEST WIND SPEED/DIRECTION    37/340    DATE  10/29
HIGHEST GUST SPEED/DIRECTION    48/330    DATE  10/29

SKY COVER
POSSIBLE SUNSHINE (PERCENT)   MM
AVERAGE SKY COVER           0.40
NUMBER OF DAYS FAIR           18
NUMBER OF DAYS PC              6
NUMBER OF DAYS CLOUDY          6

AVERAGE RH (PERCENT)     71

WEATHER CONDITIONS. NUMBER OF DAYS WITH
THUNDERSTORM              0     MIXED PRECIP               0
HEAVY RAIN                7     RAIN                       6
LIGHT RAIN               12     FREEZING RAIN              0
LT FREEZING RAIN          0     HAIL                       0
HEAVY SNOW                0     SNOW                       0
LIGHT SNOW                2     SLEET                      0
FOG                      16     FOG W/VIS <= 1/4 MILE      8
HAZE                      3

-  INDICATES NEGATIVE NUMBERS.
R  INDICATES RECORD WAS SET OR TIED.
MM INDICATES DATA IS MISSING.
T  INDICATES TRACE AMOUNT.

$$

OUTLAW
