000
CXUS53 KLBF 020134
CLMBBW


CLIMATE REPORT
NATIONAL WEATHER SERVICE NORTH PLATTE
833 PM CDT TUE AUG 1 2017

...................................

...THE BROKEN BOW NE CLIMATE SUMMARY FOR THE MONTH OF JULY 2017...

CLIMATE NORMAL PERIOD 1981 TO 2010
CLIMATE RECORD PERIOD 1894 TO 2017

WEATHER         OBSERVED          NORMAL  DEPART  LAST YEAR`S
                 VALUE   DATE(S)  VALUE   FROM    VALUE  DATE(S)
                                          NORMAL
................................................................
TEMPERATURE (F)
RECORD
 HIGH             116   07/11/1954
 LOW               37   07/30/1971
HIGHEST           103   07/21        98       5       94  07/22
                                                          07/21
                                                          07/10
LOWEST             50   07/01        47       3       49  07/12
AVG. MAXIMUM     91.0              86.8     4.2     84.2
AVG. MINIMUM     63.2              61.5     1.7     61.2
MEAN             77.1              74.1     3.0     72.7
DAYS MAX >= 90     18              10.4     7.6        8
DAYS MAX <= 32      0               0.0     0.0        0
DAYS MIN <= 32      0               0.0     0.0        0
DAYS MIN <= 0       0               0.0     0.0        0

PRECIPITATION (INCHES)
RECORD
 MAXIMUM         9.06   1993
 MINIMUM         0.23   2002
TOTALS           1.36              2.95   -1.59     4.28
DAILY AVG.       0.04              0.10   -0.06     0.14
DAYS >= .01         8                MM      MM       14
DAYS >= .10         5                MM      MM        9
DAYS >= .50         1                MM      MM        4
DAYS >= 1.00        0                MM      MM        0
GREATEST
 24 HR. TOTAL    0.74   07/02 TO 07/02           07/15 TO 07/15
                                                          07/14 TO 07/15
                                                          07/15 TO 07/15

SNOWFALL (INCHES)
TOTALS             MM
SINCE 7/1         0.0
SNOWDEPTH AVG.     MM
DAYS >= TRACE      MM
DAYS >= 1.0        MM
GREATEST
 SNOW DEPTH        MM

DEGREE_DAYS
HEATING TOTAL       0                 5      -5       10
 SINCE 7/1          0                 5      -5       10
COOLING TOTAL     381               288      93      256
 SINCE 1/1        619               474     145      528
......................................................

WIND (MPH)
AVERAGE WIND SPEED              7.6
HIGHEST WIND SPEED/DIRECTION    36/040    DATE  07/02
HIGHEST GUST SPEED/DIRECTION    45/050    DATE  07/02

AVERAGE RH (PERCENT)     66

WEATHER CONDITIONS. NUMBER OF DAYS WITH
THUNDERSTORM              0     MIXED PRECIP               0
HEAVY RAIN                3     RAIN                       5
LIGHT RAIN               15     FREEZING RAIN              0
LT FREEZING RAIN          0     HAIL                       0
HEAVY SNOW                0     SNOW                       0
LIGHT SNOW                0     SLEET                      0
FOG                       8     FOG W/VIS <= 1/4 MILE      2
HAZE                      2

-  INDICATES NEGATIVE NUMBERS.
R  INDICATES RECORD WAS SET OR TIED.
MM INDICATES DATA IS MISSING.
T  INDICATES TRACE AMOUNT.

$$
