000
CXUS53 KLBF 011319
CLMBBW

CLIMATE REPORT
NATIONAL WEATHER SERVICE NORTH PLATTE
800 AM CDT MON JUN 1 2015

...................................

...THE BROKEN BOW NE CLIMATE SUMMARY FOR THE MONTH OF MAY 2015...

CLIMATE NORMAL PERIOD 1981 TO 2010
CLIMATE RECORD PERIOD 1894 TO 2015

WEATHER         OBSERVED          NORMAL  DEPART  LAST YEAR`S
                 VALUE   DATE(S)  VALUE   FROM    VALUE  DATE(S)
                                          NORMAL
................................................................
TEMPERATURE (F)
RECORD
 HIGH             110   05/08/1895
 LOW               15   05/03/1954
HIGHEST            89   05/02        87       2       92  05/29
LOWEST             31   05/12        27       4       24  05/15
AVG. MAXIMUM     68.1              71.1    -3.0     73.9
AVG. MINIMUM     46.8              46.5     0.3     45.5
MEAN             57.5              58.8    -1.3     59.7
DAYS MAX >= 90      0               0.5    -0.5        3
DAYS MAX <= 32      0               0.0     0.0        0
DAYS MIN <= 32      1               0.8     0.2        6
DAYS MIN <= 0       0               0.0     0.0        0

PRECIPITATION (INCHES)
RECORD
 MAXIMUM        10.82   2007
 MINIMUM         0.19   2006
TOTALS           3.84              3.90   -0.06     0.94
DAILY AVG.       0.12              0.13   -0.01     0.03
DAYS >= .01        18                MM      MM        8
DAYS >= .10        11                MM      MM        3
DAYS >= .50         1                MM      MM        0
DAYS >= 1.00        1                MM      MM        0
GREATEST
 24 HR. TOTAL    1.37   05/09 TO 05/10           05/23 TO 05/23
                                                          05/23 TO 05/23
                                                          05/23 TO 05/23

SNOWFALL (INCHES)
TOTALS             MM
SINCE 7/1          MM
SNOWDEPTH AVG.     MM
DAYS >= TRACE       0
DAYS >= 1.0         0
GREATEST
 SNOW DEPTH        MM

DEGREE_DAYS
HEATING TOTAL     233               225       8      232
 SINCE 7/1       6069              6605    -536     6964
COOLING TOTAL      10                33     -23       78
 SINCE 1/1         15                34     -19       78
....................................................

WIND (MPH)
AVERAGE WIND SPEED              11.3
HIGHEST WIND SPEED/DIRECTION    37/350    DATE  05/29
HIGHEST GUST SPEED/DIRECTION    46/360    DATE  05/29

AVERAGE RH (PERCENT)     71

WEATHER CONDITIONS. NUMBER OF DAYS WITH
THUNDERSTORM              0     MIXED PRECIP               0
HEAVY RAIN                5     RAIN                       6
LIGHT RAIN               19     FREEZING RAIN              0
LT FREEZING RAIN          0     HAIL                       0
HEAVY SNOW                0     SNOW                       0
LIGHT SNOW                0     SLEET                      0
FOG                      18     FOG W/VIS <= 1/4 MILE      4
HAZE                      3

-  INDICATES NEGATIVE NUMBERS.
R  INDICATES RECORD WAS SET OR TIED.
MM INDICATES DATA IS MISSING.
T  INDICATES TRACE AMOUNT.

$$
