000
CXUS51 KBOX 031151 CCA
CLMBDL

CLIMATE REPORT
NATIONAL WEATHER SERVICE TAUNTON MA
350 AM EDT SAT AUG 1 2015

...................................

...THE HARTFORD CT CLIMATE SUMMARY FOR THE MONTH OF JULY 2015...

CLIMATE NORMAL PERIOD 1981 TO 2010
CLIMATE RECORD PERIOD 1904 TO 2015

WEATHER         OBSERVED          NORMAL  DEPART
                 VALUE   DATE(S)  VALUE   FROM
                                          NORMAL
................................................
TEMPERATURE (F)
RECORD
 HIGH             103   07/22/2011
 LOW               44   07/02/1962
HIGHEST            95   07/29
LOWEST             54   07/24
                        07/17
                        07/05
AVG. MAXIMUM     85.1              84.5     0.6
AVG. MINIMUM     62.7              62.7     0.0
MEAN             73.9              73.6     0.3
DAYS MAX >= 90      5               5.8    -0.8
DAYS MAX <= 32      0               0.0     0.0
DAYS MIN <= 32      0               0.0     0.0
DAYS MIN <= 0       0               0.0     0.0

PRECIPITATION (INCHES)
RECORD
 MAXIMUM        11.24   1938
 MINIMUM         0.54   1924
TOTALS           3.08              4.18   -1.10
DAYS >= .01        12              10.4     1.6
DAYS >= .10         6               7.0    -1.0
DAYS >= .50         3               2.7     0.3
DAYS >= 1.00        0               1.1    -1.1
GREATEST
 24 HR. TOTAL    0.81   07/01 TO 07/01

SNOWFALL (INCHES)
RECORDS
 TOTAL             MM   MM
 SNOW DEPTH        MM   MM
TOTALS            0.0               0.0     0.0
SINCE 7/1         0.0               0.0     0.0
SNOWDEPTH AVG.      0
GREATEST
 SNOW DEPTH         0   MM
 24 HR TOTAL      0.0   07/31 TO 07/31

DEGREE_DAYS
HEATING TOTAL       1                 3      -2
 SINCE 7/1          1                 3      -2
COOLING TOTAL     284               269      15
 SINCE 1/1        533               452      81
.................................................

WIND (MPH)
AVERAGE WIND SPEED              6.2
RESULTANT WIND SPEED/DIRECTION   2/241
HIGHEST WIND SPEED/DIRECTION    28/310    DATE  07/21
HIGHEST GUST SPEED/DIRECTION    36/320    DATE  07/21

SKY COVER
POSSIBLE SUNSHINE (PERCENT)   MM
AVERAGE SKY COVER           0.60
NUMBER OF DAYS FAIR            6
NUMBER OF DAYS PC             16
NUMBER OF DAYS CLOUDY          9

AVERAGE RH (PERCENT)     68

WEATHER CONDITIONS. NUMBER OF DAYS WITH
THUNDERSTORM              M     MIXED PRECIP               0
HEAVY RAIN                6     RAIN                       4
LIGHT RAIN               10     FREEZING RAIN              0
LT FREEZING RAIN          0     HAIL                       0
HEAVY SNOW                0     SNOW                       0
LIGHT SNOW                0     SLEET                      0
FOG                      17     FOG W/VIS <= 1/4 MILE      1
HAZE                      9

-  INDICATES NEGATIVE NUMBERS.
R  INDICATES RECORD WAS SET OR TIED.
MM INDICATES DATA IS MISSING.
T  INDICATES TRACE AMOUNT.

$$

SIPPRELL
