000
CXUS51 KCTP 011308
CLMBFD

PHLCLMBFD 000
TTAA00 KCTP 011244


CLIMATE REPORT
NATIONAL WEATHER SERVICE STATE COLLEGE PA
744 AM EST SUN JAN 1 2017

...................................

...THE BRADFORD CLIMATE SUMMARY FOR THE MONTH OF DECEMBER 2016...

CLIMATE NORMAL PERIOD 1981 TO 2010
CLIMATE RECORD PERIOD 1957 TO 2016

WEATHER         OBSERVED          NORMAL  DEPART  LAST YEAR`S
                 VALUE   DATE(S)  VALUE   FROM    VALUE  DATE(S)
                                          NORMAL
................................................................
TEMPERATURE (F)
RECORD
 HIGH              75   12/01/2010
 LOW              -20   12/12/1988
                        12/25/1980
HIGHEST            54   12/18                         64  12/14
LOWEST              0   12/16                         14  12/20
AVG. MAXIMUM     33.1              32.9     0.2     46.3
AVG. MINIMUM     21.2              18.3     2.9     31.7
MEAN             27.1              25.6     1.5     39.0
DAYS MAX >= 90      0                MM      MM        0
DAYS MAX <= 32     14                MM      MM        2
DAYS MIN <= 32     30                MM      MM       16
DAYS MIN <= 0       1                MM      MM        0

PRECIPITATION (INCHES)
RECORD
 MAXIMUM         7.28   1992
 MINIMUM         1.21   1999
TOTALS           3.24              3.40   -0.16     4.80
DAILY AVG.       0.10              0.11   -0.01     0.15
DAYS >= .01        21                MM      MM       21
DAYS >= .10        12                MM      MM       13
DAYS >= .50         0                MM      MM        2
DAYS >= 1.00        0                MM      MM        1
GREATEST
 24 HR. TOTAL    0.89   12/17 TO 12/18

DEGREE_DAYS
HEATING TOTAL    1168              1221     -53      797
 SINCE 7/1       2556              3056    -500     2277
COOLING TOTAL       0                 0       0        0
 SINCE 1/1        370               193     177      260
........................................................

WIND (MPH)
AVERAGE WIND SPEED              9.1
HIGHEST WIND SPEED/DIRECTION    26/290    DATE  12/15
HIGHEST GUST SPEED/DIRECTION    37/220    DATE  12/31

SKY COVER
POSSIBLE SUNSHINE (PERCENT)   MM
AVERAGE SKY COVER           0.80
NUMBER OF DAYS FAIR            2
NUMBER OF DAYS PC              5
NUMBER OF DAYS CLOUDY         24

AVERAGE RH (PERCENT)     82

WEATHER CONDITIONS. NUMBER OF DAYS WITH
THUNDERSTORM              0     MIXED PRECIP               0
HEAVY RAIN                2     RAIN                       4
LIGHT RAIN                8     FREEZING RAIN              1
LT FREEZING RAIN          4     HAIL                       0
HEAVY SNOW                2     SNOW                       6
LIGHT SNOW               22     SLEET                      0
FOG                      28     FOG W/VIS <= 1/4 MILE      3
HAZE                      7

-  INDICATES NEGATIVE NUMBERS.
R  INDICATES RECORD WAS SET OR TIED.
MM INDICATES DATA IS MISSING.
T  INDICATES TRACE AMOUNT.

$$

CERU
