000
CXUS51 KCTP 010925
CLMBFD

PHLCLMBFD 000
TTAA00 KCTP 010846


CLIMATE REPORT
NATIONAL WEATHER SERVICE STATE COLLEGE PA
525 AM EDT SAT APR 1 2017

...................................

...THE BRADFORD CLIMATE SUMMARY FOR THE MONTH OF MARCH 2017...

CLIMATE NORMAL PERIOD 1981 TO 2010
CLIMATE RECORD PERIOD 1957 TO 2017

WEATHER         OBSERVED          NORMAL  DEPART  LAST YEAR`S
                 VALUE   DATE(S)  VALUE   FROM    VALUE  DATE(S)
                                          NORMAL
................................................................
TEMPERATURE (F)
RECORD
 HIGH              78   03/23/2012
                        03/31/1998
                        03/30/1986
 LOW              -21   03/02/1980
HIGHEST            65   03/24                         70  03/09
LOWEST             -8   03/05                          7  03/03
AVG. MAXIMUM     38.8              41.5    -2.7     51.8
AVG. MINIMUM     21.9              21.6     0.3     29.6
MEAN             30.4              31.5    -1.1     40.7
DAYS MAX >= 90      0                MM      MM        0
DAYS MAX <= 32     10                MM      MM        3
DAYS MIN <= 32     21                MM      MM       19
DAYS MIN <= 0       2                MM      MM        0

PRECIPITATION (INCHES)
RECORD
 MAXIMUM         6.72   1994
 MINIMUM         0.50   1999
TOTALS           3.74              3.37    0.37     2.93
DAILY AVG.       0.12              0.11    0.01     0.09
DAYS >= .01        19                MM      MM       13
DAYS >= .10         8                MM      MM        7
DAYS >= .50         2                MM      MM        2
DAYS >= 1.00        1                MM      MM        0
GREATEST
 24 HR. TOTAL    1.16   03/31 TO 03/31

DEGREE_DAYS
HEATING TOTAL    1067              1037      30      744
 SINCE 7/1       5650              6607    -957     5444
COOLING TOTAL       0                 0       0        0
 SINCE 1/1          0                 0       0        0
..................................................

WIND (MPH)
AVERAGE WIND SPEED              9.4
HIGHEST WIND SPEED/DIRECTION    33/280    DATE  03/08
HIGHEST GUST SPEED/DIRECTION    49/290    DATE  03/15

SKY COVER
POSSIBLE SUNSHINE (PERCENT)   MM
AVERAGE SKY COVER           0.70
NUMBER OF DAYS FAIR            3
NUMBER OF DAYS PC              9
NUMBER OF DAYS CLOUDY         19

AVERAGE RH (PERCENT)     75

WEATHER CONDITIONS. NUMBER OF DAYS WITH
THUNDERSTORM              2     MIXED PRECIP               0
HEAVY RAIN                3     RAIN                       5
LIGHT RAIN               13     FREEZING RAIN              1
LT FREEZING RAIN          2     HAIL                       0
HEAVY SNOW                4     SNOW                       7
LIGHT SNOW               17     SLEET                      0
FOG                      27     FOG W/VIS <= 1/4 MILE      5
HAZE                      3

-  INDICATES NEGATIVE NUMBERS.
R  INDICATES RECORD WAS SET OR TIED.
MM INDICATES DATA IS MISSING.
T  INDICATES TRACE AMOUNT.

&&

$$

MARTIN
