318
CXUS55 KCYS 031624
CLMBFF


CLIMATE REPORT
NATIONAL WEATHER SERVICE CHEYENNE WY
1024 AM MDT THU NOV 3 2016

...................................

...THE SCOTTSBLUFF NE AIRPORT CLIMATE SUMMARY FOR THE MONTH OF OCTOBER 2016...

CLIMATE NORMAL PERIOD 1981 TO 2010
CLIMATE RECORD PERIOD 1871 TO 2016

WEATHER         OBSERVED          NORMAL  DEPART  LAST YEAR`S
                 VALUE   DATE(S)  VALUE   FROM    VALUE  DATE(S)
                                          NORMAL
................................................................
TEMPERATURE (F)
RECORD
 HIGH              93   10/03/1906
 LOW               -6   10/31/1991
HIGHEST            85   10/10        65      20       88
LOWEST             25   10/07        34      -9       24
AVG. MAXIMUM     73.0              64.1     8.9     68.2
AVG. MINIMUM     36.8              32.9     3.9     39.6
MEAN             54.9              48.5     6.4     53.9
DAYS MAX >= 90      0               0.1                0
DAYS MAX <= 32      0               0.5                0
DAYS MIN <= 32     11              12.7                3
DAYS MIN <= 0       0               0.1                0

PRECIPITATION (INCHES)
RECORD
 MAXIMUM         3.14   2009
 MINIMUM            T   1934
                        1933
TOTALS           0.30              1.14   -0.84     1.47
DAYS >= .01         5               6.5    -1.5        9
DAYS >= .10         1               3.0    -2.0        4
DAYS >= .50         0               0.5    -0.5        1
DAYS >= 1.00        0               0.2    -0.2        0
GREATEST
 24 HR. TOTAL    0.18   10/18 TO 10/19

SNOWFALL (INCHES)
RECORDS
 TOTAL           31.5   2009
TOTALS              T               2.7    -2.7      0.0
SINCE 7/1         0.2               3.2    -3.0      0.0
SNOWDEPTH AVG.      0
DAYS >= TRACE       1               1.5    -0.5        0
DAYS >= 1.0         0               0.9    -0.9        0
GREATEST
 SNOW DEPTH         0   MM                             0  MM
 24 HR TOTAL        T   10/06 TO 10/06           10/31 TO 10/31
                                                          10/31 TO 10/31
                                                          10/31 TO 10/31

DEGREE_DAYS
HEATING TOTAL     314               512    -198      341
 SINCE 7/1        424               691    -267      409
COOLING TOTAL       5                 1       4        5
 SINCE 1/1        898               724     174      792
..................................................

WIND (MPH)
AVERAGE WIND SPEED              8.1
HIGHEST WIND SPEED/DIRECTION    43/300    DATE  10/31
HIGHEST GUST SPEED/DIRECTION    56/270    DATE  10/17

SKY COVER
POSSIBLE SUNSHINE (PERCENT)   MM
AVERAGE SKY COVER           0.20
NUMBER OF DAYS FAIR           23
NUMBER OF DAYS PC              8
NUMBER OF DAYS CLOUDY          0

AVERAGE RH (PERCENT)     54

WEATHER CONDITIONS. NUMBER OF DAYS WITH
THUNDERSTORM              0     MIXED PRECIP               0
HEAVY RAIN                0     RAIN                       0
LIGHT RAIN                7     FREEZING RAIN              0
LT FREEZING RAIN          0     HAIL                       0
HEAVY SNOW                0     SNOW                       0
LIGHT SNOW                1     SLEET                      0
FOG                       5     FOG W/VIS <= 1/4 MILE      2
HAZE                      3

-  INDICATES NEGATIVE NUMBERS.
R  INDICATES RECORD WAS SET OR TIED.
MM INDICATES DATA IS MISSING.
T  INDICATES TRACE AMOUNT.

$$
