085
CXUS54 KAMA 011618
CLMBGD


CLIMATE REPORT
NATIONAL WEATHER SERVICE AMARILLO TX
1117 AM CDT SAT JUL 1 2017

...................................

...THE BORGER CLIMATE SUMMARY FOR THE MONTH OF JUNE 2017...

CLIMATE NORMAL PERIOD 1981 TO 2010
CLIMATE RECORD PERIOD 1949 TO 2017

WEATHER         OBSERVED          NORMAL  DEPART  LAST YEAR`S
                 VALUE   DATE(S)  VALUE   FROM    VALUE  DATE(S)
                                          NORMAL
................................................................
TEMPERATURE (F)
HIGHEST           108   06/17                        103  06/17
LOWEST             58   06/04                         56  06/05
                                                          06/03
AVG. MAXIMUM     93.7              89.4     4.3     92.5
AVG. MINIMUM     66.6              64.3     2.3     67.2
MEAN             80.1              76.9     3.2     79.8
DAYS MAX >= 90     18              15.5     2.5       24
DAYS MAX <= 32      0               0.0     0.0        0
DAYS MIN <= 32      0               0.0     0.0        0
DAYS MIN <= 0       0               0.0     0.0        0

PRECIPITATION (INCHES)
TOTALS           0.44              3.17   -2.73     1.35
DAILY AVG.       0.01              0.11   -0.10     0.05
DAYS >= .01         6               8.2    -2.2        6
DAYS >= .10         2               5.2    -3.2        4
DAYS >= .50         0               2.4    -2.4        1
DAYS >= 1.00        0               0.9    -0.9        0
GREATEST
 24 HR. TOTAL    0.20   06/08 TO 06/08

SNOWFALL (INCHES)
TOTALS            0.0                MM      MM      0.0
SINCE 7/1         1.2                MM      MM      8.9
DAYS >= TRACE       0                MM      MM        0
DAYS >= 1.0         0                MM      MM        0
GREATEST
 SNOW DEPTH         0   MM
 24 HR TOTAL      0.0   06/30 TO 06/30

DEGREE_DAYS
HEATING TOTAL       0                 3      -3        0
 SINCE 7/1       2909              3766    -857     3087
COOLING TOTAL     464               358     106      453
 SINCE 1/1        704               555     149      640
.................................................................

WIND (MPH)
AVERAGE WIND SPEED              11.3
HIGHEST WIND SPEED/DIRECTION    33/160    DATE  06/25
HIGHEST GUST SPEED/DIRECTION    45/170    DATE  06/25

SKY COVER
POSSIBLE SUNSHINE (PERCENT)   MM
NUMBER OF DAYS FAIR           26
NUMBER OF DAYS PC              2
NUMBER OF DAYS CLOUDY          2

AVERAGE RH (PERCENT)     52

WEATHER CONDITIONS. NUMBER OF DAYS WITH
THUNDERSTORM              0     MIXED PRECIP               0
HEAVY RAIN                1     RAIN                       1
LIGHT RAIN                8     FREEZING RAIN              0
LT FREEZING RAIN          0     HEAVY SNOW                 0
SNOW                      0     LIGHT SNOW                 0
SLEET                     0     FOG                        3
FOG W/VIS <= 1/4 MILE     0     HAZE                       0

-  INDICATES NEGATIVE NUMBERS.
R  INDICATES RECORD WAS SET OR TIED.
MM INDICATES DATA IS MISSING.
T  INDICATES TRACE AMOUNT.

$$
