000
CXUS51 KCAR 042335
CLMBGR

CLIMATE REPORT
NATIONAL WEATHER SERVICE
736 PM EDT SAT NOV 4 2017

...................................................................
...THE BANGOR ME CLIMATE SUMMARY FOR THE MONTH OF OCTOBER 2017...

CLIMATE NORMAL PERIOD 1981 TO 2010
CLIMATE RECORD PERIOD 1925 TO 2017

WEATHER         OBSERVED          NORMAL  DEPART  LAST YEAR`S
                 VALUE   DATE(S)  VALUE   FROM    VALUE  DATE(S)
                                          NORMAL
................................................................
TEMPERATURE (F)
RECORD
 HIGH              92   10/13/1930
 LOW               11   10/30/1941
HIGHEST            79   10/04     10000   -9921       77  10/07
LOWEST             30   10/17     10000   -9970       26  10/15
                        10/03
AVG. MAXIMUM     66.9              57.5     9.4     59.3
AVG. MINIMUM     44.3              36.8     7.5     38.6
MEAN             55.6              47.2     8.4     48.9
DAYS MAX >= 90      0               0.0     0.0        0
DAYS MAX <= 32      0               0.0     0.0        0
DAYS MIN <= 32      3               9.1    -6.1        4
DAYS MIN <= 0       0               0.0     0.0        0

PRECIPITATION (INCHES)
RECORD
 MAXIMUM        13.32   2005
 MINIMUM         0.99   1986
TOTALS           5.59                      1.42
DAILY AVG.       0.18              0.13    0.05     0.10
DAYS >= .01         7              11.0    -4.0       10
DAYS >= .10         6               7.0    -1.0        5
DAYS >= .50         4               2.5     1.5        3
DAYS >= 1.00        2               1.0     1.0        0
GREATEST
 24 HR. TOTAL    1.91   10/25 TO 10/25           10/21 TO 10/22
                                                          10/31 TO 10/31
                                                          10/31 TO 10/31

SNOWFALL (INCHES)
RECORDS
 TOTAL            9.0   2000
TOTALS            0.0               0.1    -0.1      0.0
SINCE 7/1           T               0.1    -0.1      0.0
SNOWDEPTH AVG.      0                MM      MM        0
DAYS >= 1.0         0               0.0     0.0        0
GREATEST
 SNOW DEPTH         0   MM                             0  MM
 24 HR TOTAL      0.0   10/31 TO 10/31           10/31 TO 10/31
                                                          10/31 TO 10/31
                                                          10/31 TO 10/31

DEGREE_DAYS
HEATING TOTAL     289               554    -265      492
 SINCE 7/1        406               826    -420      666
COOLING TOTAL       6                 1       5        0
 SINCE 1/1        368               318      50      448
..................................................

WIND (MPH)
AVERAGE WIND SPEED              7.7
HIGHEST WIND SPEED/DIRECTION    47/140    DATE  10/30
HIGHEST GUST SPEED/DIRECTION    66/130    DATE  10/30

SKY COVER
POSSIBLE SUNSHINE (PERCENT)   MM
AVERAGE SKY COVER           0.50
NUMBER OF DAYS FAIR            9
NUMBER OF DAYS PC             11
NUMBER OF DAYS CLOUDY         11

AVERAGE RH (PERCENT)     71

WEATHER CONDITIONS. NUMBER OF DAYS WITH
THUNDERSTORM              0     MIXED PRECIP               0
HEAVY RAIN                3     RAIN                       4
LIGHT RAIN               12     FREEZING RAIN              0
LT FREEZING RAIN          0     HAIL                       0
HEAVY SNOW                0     SNOW                       0
LIGHT SNOW                0     SLEET                      0
FOG                      16     FOG W/VIS <= 1/4 MILE      4
HAZE                      5

-  INDICATES NEGATIVE NUMBERS.
R  INDICATES RECORD WAS SET OR TIED.
MM INDICATES DATA IS MISSING.
T  INDICATES TRACE AMOUNT.

&&

...NORTHERN AND EASTERN MONTHLY CLIMATE NARRATIVE...

OCTOBER 2017 FINISHED AS THE WARMEST OCTOBER OF RECORD FOR THE
REGION WITH WELL ABOVE AVERAGE RAINFALL.

THE REGION AS A WHOLE AVERAGED 7.0 TO 8.5 DEGREES F ABOVE THE 1981-
2010 THIRTY YEAR MEAN WITH EACH CARIBOU, BANGOR, HOULTON, AND
MILLINOCKET EXPERIENCING THE WARMEST OCTOBER OF RECORD UPWARDS BY
AS MUCH AS ABOUT 2.5 DEGREES THEN THE PREVIOUS WARMEST OCTOBER.
CONSISTENT WARMTH MARKED THE MONTH WITH FEW DAYS BELOW AVERAGE AND
THE WARMEST HIGH TEMPERATURE ON THE 4TH. HOWEVER, THE GREATEST DAILY
DEPARTURES WERE LOGGED BETWEEN THE 24TH AND 26TH WHICH FEATURED THE
WARMEST OVERNIGHT LOW OF RECORD FOR THE MONTH AT SOME SITES ON THE
25TH.

FOR THE 2 MONTH PERIOD OF SEPTEMBER THROUGH OCTOBER IT WAS THE
WARMEST ON RECORD AT CARIBOU, HOULTON, MILLINOCKET, AND BANGOR.

ALTHOUGH THE MONTH FINISHED WITH MUCH ABOVE AVERAGE RAINFALL ACROSS
THE REGION RANGING FROM 130 TO 175 PERCENT OF NORMAL, PRIOR TO THE
25TH, THE MONTH WAS QUITE DRY WITH MANY SUNNY DAYS. THE BIG BREAK IN
THE DRY REGIME OCCURRED ON THE 25TH AND 26TH WHEN LOW PRESSURE
TRACKING WEST OF THE REGION COMBINED WITH A HIGHLY ANOMALOUS DEEP
TROPICAL ATMOSPHERIC RIVER RESULTING IN VERY HEAVY RAINFALL OF 3.50
TO 7.00 INCHES ACROSS THE AREA FOR THE TWO DAY PERIOD. ADDITIONAL
MODERATE TO HEAVY RAINFALL OCCURRED LATE ON THE 29TH THROUGH THE
30TH WITH INTENSE LOW PRESSURE TRACKING TO THE WEST OF THE REGION.
RAINFALL RANKINGS FOR THE FOUR CLIMATE LOCATIONS RANGED FROM 6TH TO
13TH WETTEST OCTOBER ON RECORD.

THE STORM ON THE 30TH WAS ALSO NOTEWORTHY BY BEING ACCOMPANIED BY
DAMAGING WINDS ESPECIALLY ACROSS DOWNEAST AND FURTHER NORTH HIGHER
TERRAIN LOCATIONS WHICH RESULTED IN MANY DOWNED TREES AND POWER
LINES AND THE MOST WIDESPREAD POWER OUTAGES SINCE THE JANUARY 1998
ICE STORM. THE AMOUNT OF DOWNED TREES WAS LIKELY FACILITATED BY NEAR
SATURATED SOILS FROM THE PRIOR RAINFALL OF THE 25TH AND 26TH. ALL AND
ALL, A NOTEWORTHY MONTH.

THE OUTLOOK FOR NOVEMBER 2017 IS CALLING FOR GREATER PROBABILITIES
OF ABOVE AVERAGE TEMPERATURE AND NEAR TO ABOVE AVERAGE PRECIPITATION.
AVERAGE LOW AND HIGH TEMPERATURES FOR THE MONTH RANGE FROM THE LOWER
20S TO MID 30S ACROSS THE EXTREME NORTH TO AROUND 30 TO UPPER 40S
ALONG THE DOWNEAST COAST. AVERAGE PRECIPITATION RANGES FROM ABOUT
3.50 INCHES ACROSS THE FAR NORTH TO ABOUT 4.25 INCHES OVER DOWNEAST
AREAS. AVERAGE SNOWFALL FOR THE MONTH RANGES FROM ABOUT 12 INCHES
ACROSS THE EXTREME NORTH TO ABOUT 1 TO 2 INCHES ALONG THE DOWNEAST
COAST. NEARLY 2 HOURS OF DAYLIGHT IS LOST DURING THE MONTH OF
NOVEMBER.

$$

VJN/CB
