000
CXUS51 KRNK 010947
CLMBLF


CLIMATE REPORT
NATIONAL WEATHER SERVICE BLACKSBURG VA
543 AM EDT FRI JUL 1 2016

...................................

...THE BLUEFIELD WV CLIMATE SUMMARY FOR THE MONTH OF JUNE 2016...

CLIMATE NORMAL PERIOD 1981 TO 2010
CLIMATE RECORD PERIOD 1959 TO 2016

WEATHER         OBSERVED          NORMAL  DEPART  LAST YEAR`S
                 VALUE   DATE(S)  VALUE   FROM    VALUE
                                          NORMAL
.............................................................
TEMPERATURE (F)
RECORD
 HIGH              97   06/29/2012
 LOW               37   06/11/1972
HIGHEST            85   06/14                         88
LOWEST             47   06/09                         56
AVG. MAXIMUM     77.4              78.4    -1.0     81.8
AVG. MINIMUM     59.3              61.2    -1.9     64.1
MEAN             68.3              69.8    -1.5     72.9
DAYS MAX >= 90      0               0.3    -0.3        0
DAYS MAX <= 32      0               0.0     0.0        0
DAYS MIN <= 32      0               0.0     0.0        0
DAYS MIN <= 0       0               0.0     0.0        0

PRECIPITATION (INCHES)
RECORD
 MAXIMUM         9.34   1995
 MINIMUM         0.75   1999
TOTALS           3.40              4.14   -0.74     3.23
DAILY AVG.       0.11              0.14   -0.03     0.11
DAYS >= .01        13              13.5    -0.5       16
DAYS >= .10         7               8.1    -1.1       11
DAYS >= .50         1               2.9    -1.9        0
DAYS >= 1.00        1               0.7     0.3        0
GREATEST
 24 HR. TOTAL    1.41                               0.49

SNOWFALL (INCHES)
TOTALS            0.0                                0.0
DAYS >= TRACE       0                                  0
DAYS >= 1.0         0                                  0
GREATEST
 24 HR TOTAL      0.0                                0.0

DEGREE_DAYS
HEATING TOTAL      16                22      -6        3
COOLING TOTAL     123               166     -43      240
..............................................................

WIND (MPH)
AVERAGE WIND SPEED              6.3
HIGHEST WIND SPEED/DIRECTION    26/250    DATE  06/23
HIGHEST GUST SPEED/DIRECTION    35/020    DATE  06/23

SKY COVER
AVERAGE SKY COVER           0.30

AVERAGE RH (PERCENT)     69

WEATHER CONDITIONS. NUMBER OF DAYS WITH
THUNDERSTORM              7     MIXED PRECIP               0
HEAVY RAIN                7     RAIN                       9
LIGHT RAIN               15     FREEZING RAIN              0
LT FREEZING RAIN          0     HAIL                       0
HEAVY SNOW                0     SNOW                       0
LIGHT SNOW                0     SLEET                      0
FOG                      17     FOG W/VIS <= 1/4 MILE      4
HAZE                      1

-  INDICATES NEGATIVE NUMBERS.
R  INDICATES RECORD WAS SET OR TIED.
MM INDICATES DATA IS MISSING.
T  INDICATES TRACE AMOUNT.

$$

PW
