000
CXUS54 KOHX 021338
CLMBNA

CLIMATE REPORT
NATIONAL WEATHER SERVICE NASHVILLE TN
831 AM CDT MON MAY 2 2016

...................................

...THE NASHVILLE CLIMATE SUMMARY FOR THE MONTH OF APRIL 2016...

CLIMATE NORMAL PERIOD 1981 TO 2010
CLIMATE RECORD PERIOD 1871 TO 2016

WEATHER         OBSERVED          NORMAL  DEPART  LAST YEAR`S
                 VALUE   DATE(S)  VALUE   FROM    VALUE
                                          NORMAL
.............................................................
TEMPERATURE (F)
RECORD
 HIGH              91   04/09/2011
                        04/27/1989
                        04/26/1989
 LOW               23   04/08/2007
                        04/07/1982
HIGHEST            87   04/26
LOWEST             37   04/10
                        04/09
                        04/05
AVG. MAXIMUM     74.6              70.5     4.1
AVG. MINIMUM     50.2              47.5     2.7
MEAN             62.4              59.0     3.4     62.1
DAYS MAX >= 90      0
DAYS MAX <= 32      0
DAYS MIN <= 32      0
DAYS MIN <= 0       0

PRECIPITATION (INCHES)
RECORD
 MAXIMUM        11.84   1874
 MINIMUM         0.52   1986
TOTALS           1.12              4.00   -2.88
DAYS >= .01        10
DAYS >= .10         5
DAYS >= .50         0
DAYS >= 1.00        0
GREATEST
 24 HR. TOTAL    0.68   03/31 TO 04/01

SNOWFALL (INCHES)
TOTALS            0.0               0.0     0.0
SINCE 7/1        11.3                       5.0
DAYS >= TRACE       0
DAYS >= 1.0         0

DEGREE_DAYS
HEATING TOTAL     136               217     -81
 SINCE 7/1       2669              3628    -959
COOLING TOTAL      65                37      28
 SINCE 1/1         79                45      34
..............................................................

WIND (MPH)
AVERAGE WIND SPEED              7.0
HIGHEST GUST SPEED/DIRECTION    49/190    DATE  04/11

SKY COVER
POSSIBLE SUNSHINE (PERCENT)   MM
AVERAGE SKY COVER           0.50
NUMBER OF DAYS CLEAR           9
NUMBER OF DAYS PC             15
NUMBER OF DAYS CLOUDY          6

AVERAGE RH (PERCENT)     56

WEATHER CONDITIONS. NUMBER OF DAYS WITH
THUNDERSTORM              3     MIXED PRECIP               0
HEAVY RAIN                2     RAIN                       1
LIGHT RAIN               11     FREEZING RAIN              0
LT FREEZING RAIN          0     HAIL                       0
HEAVY SNOW                0     SNOW                       0
LIGHT SNOW                0     SLEET                      0
FOG                       7     FOG W/VIS <= 1/4 MILE      0
HAZE                      4

-  INDICATES NEGATIVE NUMBERS.
R  INDICATES RECORD WAS SET OR TIED.
MM INDICATES DATA IS MISSING.
T  INDICATES TRACE AMOUNT.

$$
BOYD
01
