000
CXUS56 KBOI 011730
CLMBNO
CLIMATE REPORT
NATIONAL WEATHER SERVICE BOISE ID
1130 AM MDT MON APR 01 2024
...................................
...THE BURNS OR CLIMATE SUMMARY FOR THE MONTH OF MARCH 2024...
CLIMATE NORMAL PERIOD 1991 TO 2020
CLIMATE RECORD PERIOD 1938 TO 2024
WEATHER OBSERVED NORMAL DEPART
VALUE DATE(S) VALUE FROM
NORMAL
................................................
TEMPERATURE (F)
HIGHEST 70 03/19
LOWEST 9 03/07
AVG. MAXIMUM 50.3 51.1 -0.8
AVG. MINIMUM 25.5 26.3 -0.8
MEAN 37.9 38.7 -0.8
DAYS MAX >= 90 0
DAYS MAX <= 32 0
DAYS MIN <= 32 27
DAYS MIN <= 0 0
PRECIPITATION (INCHES)
RECORD
MAXIMUM 3.66 1983
TOTALS 1.02 0.96 0.06
DAYS >= .01 14
DAYS >= .10 3
DAYS >= .50 0
DAYS >= 1.00 0
GREATEST
24 HR. TOTAL 0.46 03/04 TO 03/05
DEGREE DAYS
HEATING TOTAL 834 815 19
SINCE 7/1 5331 6009 -678
COOLING TOTAL 0 0 0
SINCE 1/1 0 0 0
................................................
WIND (MPH)
AVERAGE WIND SPEED 7.2
HIGHEST WIND SPEED/DIRECTION 37/210 DATE 03/01
HIGHEST GUST SPEED/DIRECTION 56/190 DATE 03/22
AVERAGE RH (PERCENT) 64
- INDICATES NEGATIVE NUMBERS.
R INDICATES RECORD WAS SET OR TIED.
MM INDICATES DATA IS MISSING.
T INDICATES TRACE AMOUNT.
$$