000
CXUS51 KBOX 011539 CCA
CLMBOS

CLIMATE REPORT
NATIONAL WEATHER SERVICE TAUNTON MA
1008 AM EST THU FEB 1 2018

...................................

...THE BOSTON MA CLIMATE SUMMARY FOR THE MONTH OF JANUARY 2018...

CLIMATE NORMAL PERIOD 1981 TO 2010
CLIMATE RECORD PERIOD 1872 TO 2018

WEATHER         OBSERVED          NORMAL  DEPART
                 VALUE   DATE(S)  VALUE   FROM
                                          NORMAL
................................................
TEMPERATURE (F)
RECORD
 HIGH              72   01/26/1950
 LOW              -13   01/24/1882
HIGHEST            61   01/13
LOWEST             -2   01/07
AVG. MAXIMUM     35.9              35.8     0.1
AVG. MINIMUM     21.3              22.2    -0.9
MEAN             28.6              29.0    -0.4
DAYS MAX >= 90      0               0.0     0.0
DAYS MAX <= 32     13              10.9     2.1
DAYS MIN <= 32     26              25.6     0.4
DAYS MIN <= 0       2               0.4     1.6

PRECIPITATION (INCHES)
RECORD
 MAXIMUM        10.55   1979
 MINIMUM         0.61   1989
TOTALS           4.92              3.36    1.56
DAILY AVG.       0.16              0.11    0.05
DAYS >= .01         8              11.3    -3.3
DAYS >= .10         6               6.5    -0.5
DAYS >= .50         4               2.4     1.6
DAYS >= 1.00        3               0.7     2.3
GREATEST
 24 HR. TOTAL    1.86   01/12 TO 01/13

SNOWFALL (INCHES)
RECORDS
 TOTAL           43.3   2005
 SNOW DEPTH        31   01/11/1996
TOTALS           17.8              12.9     4.9
SINCE 7/1        27.0              23.2     3.8
SNOWDEPTH AVG.     MM
DAYS >= 1.0         3               3.6    -0.6
GREATEST
 SNOW DEPTH        MM
 24 HR TOTAL     13.4   01/04 TO 01/04

DEGREE_DAYS
HEATING TOTAL    1119              1116       3
 SINCE 7/1       3003              3110    -107
COOLING TOTAL       0                 0       0
 SINCE 1/1          0                 0       0
.................................................

WIND (MPH)
AVERAGE WIND SPEED              13.3
RESULTANT WIND SPEED/DIRECTION   8/274
HIGHEST WIND SPEED/DIRECTION    39/310    DATE  01/04
HIGHEST GUST SPEED/DIRECTION    51/260    DATE  01/05

SKY COVER
POSSIBLE SUNSHINE (PERCENT)   MM
AVERAGE SKY COVER           0.60
NUMBER OF DAYS FAIR            7
NUMBER OF DAYS PC             12
NUMBER OF DAYS CLOUDY         12

AVERAGE RH (PERCENT)     64

WEATHER CONDITIONS. NUMBER OF DAYS WITH
THUNDERSTORM              1     MIXED PRECIP               0
HEAVY RAIN                3     RAIN                       3
LIGHT RAIN                5     FREEZING RAIN              0
LT FREEZING RAIN          1     HAIL                       0
HEAVY SNOW                1     SNOW                       2
LIGHT SNOW                6     SLEET                      0
FOG                       8     FOG W/VIS <= 1/4 MILE      4
HAZE                      0

-  INDICATES NEGATIVE NUMBERS.
R  INDICATES RECORD WAS SET OR TIED.
MM INDICATES DATA IS MISSING.
T  INDICATES TRACE AMOUNT.

$$

SIPPRELL
