000
CXUS54 KLCH 011408
CLMBPT


CLIMATE REPORT
NATIONAL WEATHER SERVICE LAKE CHARLES, LA
904 AM CDT TUE AUG 1 2017

...................................

...THE BEAUMONT PORT ARTHUR CLIMATE SUMMARY FOR THE MONTH OF JULY 2017...

CLIMATE NORMAL PERIOD 1981 TO 2010
CLIMATE RECORD PERIOD 1901 TO 2017

WEATHER         OBSERVED          NORMAL  DEPART  LAST YEAR`S
                 VALUE   DATE(S)  VALUE   FROM    VALUE  DATE(S)
                                          NORMAL
................................................................
TEMPERATURE (F)
RECORD
 HIGH             108   07/14/1902
 LOW               61   07/14/1990
                        07/15/1967
HIGHEST            96   07/20        MM      MM       MM  MM
LOWEST             70   07/31        MM      MM       MM  MM
AVG. MAXIMUM     91.8              91.7     0.1       MM
AVG. MINIMUM     74.6              74.2     0.4       MM
MEAN             83.2              83.0     0.2       MM
DAYS MAX >= 90     19              23.5    -4.5       MM
DAYS MAX <= 32      0               0.0     0.0       MM
DAYS MIN <= 32      0               0.0     0.0       MM
DAYS MIN <= 0       0               0.0     0.0       MM

PRECIPITATION (INCHES)
RECORD
 MAXIMUM        18.71   1959
 MINIMUM         0.63   1956
TOTALS           4.43              5.95   -1.52       MM
DAILY AVG.       0.18              0.19   -0.01       MM
DAYS >= .01        12              11.4     0.6       MM
DAYS >= .10         9               7.5     1.5       MM
DAYS >= .50         5               4.1     0.9       MM
DAYS >= 1.00        1               1.9    -0.9       MM
GREATEST
 24 HR. TOTAL    1.02   07/15 TO 07/15

DEGREE_DAYS
COOLING TOTAL     441               556    -115       MM
 SINCE 1/1       1779              1606     173       MM
.................................................................

WIND (MPH)
AVERAGE WIND SPEED              5.1
HIGHEST WIND SPEED/DIRECTION    25/140    DATE  07/14
HIGHEST GUST SPEED/DIRECTION    31/140    DATE  07/14

SKY COVER
POSSIBLE SUNSHINE (PERCENT)   MM
AVERAGE SKY COVER           0.20
NUMBER OF DAYS FAIR           27
NUMBER OF DAYS PC              3
NUMBER OF DAYS CLOUDY          0

AVERAGE RH (PERCENT)     77

WEATHER CONDITIONS. NUMBER OF DAYS WITH
THUNDERSTORM              0     MIXED PRECIP               0
HEAVY RAIN                8     RAIN                       7
LIGHT RAIN               12     FREEZING RAIN              0
LT FREEZING RAIN          0     HAIL                       0
HEAVY SNOW                0     SNOW                       0
LIGHT SNOW                0     SLEET                      0
FOG                      14     FOG W/VIS <= 1/4 MILE      0
HAZE                      1

-  INDICATES NEGATIVE NUMBERS.
R  INDICATES RECORD WAS SET OR TIED.
MM INDICATES DATA IS MISSING.
T  INDICATES TRACE AMOUNT.

$$
