708
CXUS44 KBRO 011413
CLMBRO


CLIMATE REPORT
NATIONAL WEATHER SERVICE BROWNSVILLE TX
908 AM CDT SUN MAY 1 2016

...................................

...THE BROWNSVILLE CLIMATE SUMMARY FOR THE MONTH OF APRIL 2016...

CLIMATE NORMAL PERIOD 1981 TO 2010
CLIMATE RECORD PERIOD 1878 TO 2016

WEATHER         OBSERVED          NORMAL  DEPART  LAST YEAR`S
                 VALUE   DATE(S)  VALUE   FROM    VALUE  DATE(S)
                                          NORMAL
................................................................
TEMPERATURE (F)
HIGHEST            91   04/18        94      -3       96  04/25
LOWEST             50   04/03        49       1       54  04/30
AVG. MAXIMUM     83.6              83.7    -0.1     84.2
AVG. MINIMUM     67.4              65.9     1.5     70.1
MEAN             75.5              74.8     0.7     77.1
DAYS MAX >= 90      3               3.4    -0.4        1
DAYS MAX <= 32      0               0.0     0.0        0
DAYS MIN <= 32      0               0.0     0.0        0
DAYS MIN <= 0       0               0.0     0.0        0

PRECIPITATION (INCHES)
TOTALS           3.26              1.54    1.72     1.73
DAILY AVG.       0.11              0.05    0.06     0.06
DAYS >= .01         7               4.0     3.0       10
DAYS >= .10         3               2.1     0.9        4
DAYS >= .50         2               0.7     1.3        1
DAYS >= 1.00        1               0.3     0.7        0
GREATEST
 24 HR. TOTAL    2.31   04/18 TO 04/19

DEGREE_DAYS
HEATING TOTAL       1                 8      -7        0
 SINCE 7/1        374               554    -180      690
COOLING TOTAL     325               302      23      373
 SINCE 1/1        676               617      59      554
.................................................................

WIND (MPH)
AVERAGE WIND SPEED              10.3
HIGHEST WIND SPEED/DIRECTION    39/110    DATE  04/19
HIGHEST GUST SPEED/DIRECTION    54/110    DATE  04/19

SKY COVER
POSSIBLE SUNSHINE (PERCENT)   MM
AVERAGE SKY COVER           0.50
NUMBER OF DAYS FAIR            9
NUMBER OF DAYS PC             11
NUMBER OF DAYS CLOUDY         10

AVERAGE RH (PERCENT)     78

WEATHER CONDITIONS. NUMBER OF DAYS WITH
THUNDERSTORM              0     MIXED PRECIP               0
HEAVY RAIN                2     RAIN                       3
LIGHT RAIN               12     FREEZING RAIN              0
LT FREEZING RAIN          0     HAIL                       0
HEAVY SNOW                0     SNOW                       0
LIGHT SNOW                0     SLEET                      0
FOG                      21     FOG W/VIS <= 1/4 MILE      4
HAZE                      9

-  INDICATES NEGATIVE NUMBERS.
R  INDICATES RECORD WAS SET OR TIED.
MM INDICATES DATA IS MISSING.
T  INDICATES TRACE AMOUNT.

$$
