000
CXUS51 KBTV 011412
CLMBTV

CLIMATE REPORT
NATIONAL WEATHER SERVICE BURLINGTON VT
912 AM EST THU DEC 1 2016

...................................

...THE BURLINGTON VT CLIMATE SUMMARY FOR THE MONTH OF NOVEMBER 2016...

CLIMATE NORMAL PERIOD 1981 TO 2010
CLIMATE RECORD PERIOD 1884 TO 2016

WEATHER         OBSERVED          NORMAL  DEPART  LAST YEAR`S
                 VALUE   DATE(S)  VALUE   FROM    VALUE  DATE(S)
                                          NORMAL
................................................................
TEMPERATURE (F)
RECORD
 HIGH              75   11/02/1950
                        11/06/1948
 LOW               -3   11/26/1938
HIGHEST            66   11/19        44      22       72  11/06
LOWEST             27   11/28        30      -3       19  11/30
AVG. MAXIMUM     48.3              45.5     2.8     52.0
AVG. MINIMUM     33.6              30.9     2.7     35.0
MEAN             41.0              38.2     2.8     43.5
DAYS MAX >= 90      0               0.0     0.0        0
DAYS MAX <= 32      1               2.5    -1.5        0
DAYS MIN <= 32     15              16.5    -1.5       13
DAYS MIN <= 0       0               0.0     0.0        0

PRECIPITATION (INCHES)
RECORD
 MAXIMUM        10.13   1927
 MINIMUM         0.52   1904
TOTALS           2.13              3.13   -1.00     1.21
DAILY AVG.       0.07              0.10   -0.03     0.04
DAYS >= .01        16              14.0     2.0       10
DAYS >= .10         5               7.2    -2.2        4
DAYS >= .50         1               1.9    -0.9        0
DAYS >= 1.00        0               0.4    -0.4        0
GREATEST
 24 HR. TOTAL    0.75   11/20 TO 11/21           11/19 TO 11/20
                                                          11/20 TO 11/20
                                                          11/20 TO 11/20
 STORM TOTAL       MM                                 MM
 (MM/DD(HH))            MM                    11/20(00) TO 11/20(00)
                                                 11/20(00) TO 11/20(00)0
                                                 11/20(00) TO 11/20(00)0

SNOWFALL (INCHES)
RECORDS
 TOTAL           30.0   5
                        0
                        -26215
TOTALS            4.3               5.1    -0.8      0.2
SINCE 7/1         4.3               5.4    -1.1      0.2
SNOWDEPTH AVG.      0                MM      MM        0
DAYS >= 1.0         2               1.6     0.4        0
GREATEST
 SNOW DEPTH         3   11/21                          0  MM
 24 HR TOTAL      2.2   11/20 TO 11/20           11/20 TO 11/20
                                                          11/20 TO 11/20
                                                          11/20 TO 11/20

DEGREE_DAYS
HEATING TOTAL     716               804     -88      638
 SINCE 7/1       1205              1545    -340     1239
COOLING TOTAL       0                 0       0        0
 SINCE 1/1        855               491     364      768
.................................................

WIND (MPH)
AVERAGE WIND SPEED              6.7
HIGHEST WIND SPEED/DIRECTION    31/320    DATE  11/11
HIGHEST GUST SPEED/DIRECTION    39/320    DATE  11/11

SKY COVER
POSSIBLE SUNSHINE (PERCENT)   MM
AVERAGE SKY COVER           0.70
NUMBER OF DAYS FAIR            5
NUMBER OF DAYS PC              7
NUMBER OF DAYS CLOUDY         18

AVERAGE RH (PERCENT)     74

WEATHER CONDITIONS. NUMBER OF DAYS WITH
THUNDERSTORM              0     MIXED PRECIP               0
HEAVY RAIN                0     RAIN                       3
LIGHT RAIN               14     FREEZING RAIN              0
LT FREEZING RAIN          0     HAIL                       0
HEAVY SNOW                1     SNOW                       2
LIGHT SNOW                7     SLEET                      0
FOG                      15     FOG W/VIS <= 1/4 MILE      3
HAZE                      0

-  INDICATES NEGATIVE NUMBERS.
R  INDICATES RECORD WAS SET OR TIED.
MM INDICATES DATA IS MISSING.
T  INDICATES TRACE AMOUNT.

$$
