000
CXUS55 KGJT 011555
CLMCAG


CLIMATE REPORT
NATIONAL WEATHER SERVICE GRAND JUNCTION CO
840 AM MST MON FEB 1 2016

...................................

...THE CRAIG CO CLIMATE SUMMARY FOR THE MONTH OF JANUARY 2016...

CLIMATE NORMAL PERIOD 1981 TO 2010
CLIMATE RECORD PERIOD 9999 TO 9999

WEATHER         OBSERVED          NORMAL  DEPART  LAST YEAR`S
                 VALUE   DATE(S)  VALUE   FROM    VALUE  DATE(S)
                                          NORMAL
................................................................
TEMPERATURE (F)
HIGHEST            43   01/30        MM      MM       44  01/29
                                                          01/28
LOWEST            -29   01/01        MM      MM      -24  01/01
AVG. MAXIMUM     23.4              29.4    -6.0     33.4
AVG. MINIMUM     -1.7               2.0    -3.7      7.5
MEAN             10.8              15.7    -4.9     20.4
DAYS MAX >= 90      0               0.0     0.0        0
DAYS MAX <= 32     25              17.6     7.4       11
DAYS MIN <= 32     31              30.8     0.2       31
DAYS MIN <= 0      18              14.3     3.7        9

PRECIPITATION (INCHES)
TOTALS           1.40              0.88    0.52     0.41
DAILY AVG.       0.05              0.03    0.02     0.01
DAYS >= .01        17                MM      MM        5
DAYS >= .10         6                MM      MM        1
DAYS >= .50         0                MM      MM        0
DAYS >= 1.00        0                MM      MM        0
GREATEST
 24 HR. TOTAL    0.30   01/30 TO 01/30              0.27
                        01/07 TO 01/07

SNOWFALL (INCHES)
TOTALS             MM                MM      MM       MM
SINCE 7/1          MM                MM      MM       MM
SNOWDEPTH AVG.     MM                MM      MM       MM
DAYS >= 1.0        MM                MM      MM       MM
GREATEST
 SNOW DEPTH        MM                                 MM  MM
 24 HR TOTAL       MM                                 MM

DEGREE_DAYS
HEATING TOTAL    1673              1528     145     1375
 SINCE 7/1       4947              5084    -137     4550
COOLING TOTAL       0                 0       0        0
 SINCE 1/1          0                 0       0        0
.................................................................

WIND (MPH)
AVERAGE WIND SPEED              2.7
HIGHEST WIND SPEED/DIRECTION    29/210    DATE  01/30
HIGHEST GUST SPEED/DIRECTION    35/210    DATE  01/30

SKY COVER
POSSIBLE SUNSHINE (PERCENT)   MM
AVERAGE SKY COVER           0.60
NUMBER OF DAYS FAIR            9
NUMBER OF DAYS PC              8
NUMBER OF DAYS CLOUDY         14

AVERAGE RH (PERCENT)     81

WEATHER CONDITIONS. NUMBER OF DAYS WITH
THUNDERSTORM              0     MIXED PRECIP               0
HEAVY RAIN                0     RAIN                       0
LIGHT RAIN                2     FREEZING RAIN              0
LT FREEZING RAIN          0     HAIL                       0
HEAVY SNOW                3     SNOW                       5
LIGHT SNOW               19     SLEET                      0
FOG                      28     FOG W/VIS <= 1/4 MILE     10
HAZE                     14

-  INDICATES NEGATIVE NUMBERS.
R  INDICATES RECORD WAS SET OR TIED.
MM INDICATES DATA IS MISSING.
T  INDICATES TRACE AMOUNT.

$$
