000
CXUS55 KABQ 042059
CLMCAO

ABQCLMCAO 000
TTAA00 KABQ 042056


CLIMATE REPORT
NATIONAL WEATHER SERVICE ALBUQUERQUE NM
153 PM MST THU FEB 4 2016

...................................

...THE CLAYTON  NM CLIMATE SUMMARY FOR THE MONTH OF JANUARY 2016...

CLIMATE NORMAL PERIOD 1981 TO 2010
CLIMATE RECORD PERIOD 1896 TO 2016

WEATHER         OBSERVED          NORMAL  DEPART  LAST YEAR`S
                 VALUE   DATE(S)  VALUE   FROM    VALUE  DATE(S)
                                          NORMAL
................................................................
TEMPERATURE (F)
RECORD
 HIGH              80   01/10/1990
 LOW              -21   01/04/1959
HIGHEST            72   01/30        MM      MM       70  01/08
LOWEST             10   01/01        20     -10        2  01/04
AVG. MAXIMUM     50.6              48.9     1.7     48.4
AVG. MINIMUM     23.4              21.9     1.5     24.7
MEAN             37.0              35.4     1.6     36.6
DAYS MAX >= 90      0               0.0     0.0        0
DAYS MAX <= 32      2               3.2    -1.2        4
DAYS MIN <= 32     28              27.7     0.3       24
DAYS MIN <= 0       0               0.4    -0.4        0

PRECIPITATION (INCHES)
RECORD
 MAXIMUM           MM   MM
 MINIMUM           MM   MM
TOTALS           0.28              0.28    0.00     1.56
DAILY AVG.       0.01              0.01    0.00     0.05
DAYS >= .01         4               3.0     1.0        8
DAYS >= .10         1               0.9     0.1        3
DAYS >= .50         0               0.1    -0.1        2
DAYS >= 1.00        0               0.0     0.0        0
GREATEST
 24 HR. TOTAL    0.21   01/08 TO 01/09              0.80

SNOWFALL (INCHES)
RECORDS
 TOTAL             MM   MM
TOTALS            3.3               5.1    -1.8      9.2
SINCE 7/1        21.3              15.6     5.7     15.3
SNOWDEPTH AVG.      0                 3      -3        1
DAYS >= 1.0         1               1.6    -0.6        2
GREATEST
 SNOW DEPTH         3   01/10                          5  01/23
                        01/09                             01/22
 24 HR TOTAL      2.5   01/08 TO 01/08               4.5

DEGREE_DAYS
HEATING TOTAL     861               918     -57      874
 SINCE 7/1       2613              2906    -293     2715
COOLING TOTAL       0                 0       0        0
 SINCE 1/1          0                 0       0        0
.................................................................

WIND (MPH)
AVERAGE WIND SPEED              10.8
HIGHEST WIND SPEED/DIRECTION    37/360    DATE  01/21
HIGHEST GUST SPEED/DIRECTION    48/350    DATE  01/21

SKY COVER
AVERAGE SKY COVER           0.20

AVERAGE RH (PERCENT)     54

WEATHER CONDITIONS. NUMBER OF DAYS WITH
THUNDERSTORM              0     MIXED PRECIP               0
HEAVY RAIN                0     RAIN                       0
LIGHT RAIN                0     FREEZING RAIN              0
LT FREEZING RAIN          0     HAIL                       0
HEAVY SNOW                0     SNOW                       1
LIGHT SNOW                5     SLEET                      0
FOG                       7     FOG W/VIS <= 1/4 MILE      1
HAZE                      0

-  INDICATES NEGATIVE NUMBERS.
R  INDICATES RECORD WAS SET OR TIED.
MM INDICATES DATA IS MISSING.
T  INDICATES TRACE AMOUNT.

$$
