000
CXUS55 KCYS 011925
CLMCNE


CLIMATE REPORT
NATIONAL WEATHER SERVICE CHEYENNE WY
124 PM MDT MON SEP 1 2014

...................................

...THE ALLIANCE NE AIRPORT CLIMATE SUMMARY FOR THE MONTH OF AUGUST 2014...

CLIMATE NORMAL PERIOD 1981 TO 2010
CLIMATE RECORD PERIOD 1896 TO 2014

WEATHER         OBSERVED          NORMAL  DEPART  LAST YEAR`S
                 VALUE   DATE(S)  VALUE   FROM    VALUE
                                          NORMAL
.............................................................
TEMPERATURE (F)
RECORD
 HIGH             107   08/13/2007
 LOW               30   08/25/1910
HIGHEST            99   08/13        MM      MM      102
LOWEST             47   08/31        MM      MM       49
                        08/24
                        08/01
AVG. MAXIMUM     87.2              86.3     0.9     89.1
AVG. MINIMUM     53.8              54.4    -0.6     57.4
MEAN             70.5              70.4     0.1     73.2
DAYS MAX >= 90     13              11.7     1.3       14
DAYS MAX <= 32      0               0.0     0.0        0
DAYS MIN <= 32      0               0.1    -0.1        0
DAYS MIN <= 0       0               0.0     0.0        0

PRECIPITATION (INCHES)
RECORD
 MAXIMUM         5.88   1963
 MINIMUM         0.00   1935
TOTALS           2.59              1.70    0.89     2.34
DAYS >= .01        10                MM      MM        8
DAYS >= .10         6                MM      MM        4
DAYS >= .50         1                MM      MM        2
DAYS >= 1.00        1                MM      MM        1
GREATEST
 24 HR. TOTAL    1.08   08/27 TO 08/28

DEGREE_DAYS
HEATING TOTAL      10                25     -15        0
 SINCE 7/1         37                37       0        8
COOLING TOTAL     190               191      -1      263
 SINCE 1/1        462               523     -61      659
..............................................................

WIND (MPH)
AVERAGE WIND SPEED              8.6
HIGHEST WIND SPEED/DIRECTION    36/280    DATE  08/24
HIGHEST GUST SPEED/DIRECTION    45/250    DATE  08/20

SKY COVER
POSSIBLE SUNSHINE (PERCENT)   MM
AVERAGE SKY COVER           0.20
NUMBER OF DAYS FAIR           25
NUMBER OF DAYS PC              6
NUMBER OF DAYS CLOUDY          0

AVERAGE RH (PERCENT)     61

WEATHER CONDITIONS. NUMBER OF DAYS WITH
THUNDERSTORM              0     MIXED PRECIP               0
HEAVY RAIN                3     RAIN                       6
LIGHT RAIN               13     FREEZING RAIN              0
LT FREEZING RAIN          0     HAIL                       0
HEAVY SNOW                0     SNOW                       0
LIGHT SNOW                0     SLEET                      0
FOG                      11     FOG W/VIS <= 1/4 MILE      2
HAZE                      0

-  INDICATES NEGATIVE NUMBERS.
R  INDICATES RECORD WAS SET OR TIED.
MM INDICATES DATA IS MISSING.
T  INDICATES TRACE AMOUNT.
...................................

...THE CHADRON NE AIRPORT CLIMATE SUMMARY FOR THE MONTH OF AUGUST 2014...

CLIMATE NORMAL PERIOD 1981 TO 2010
CLIMATE RECORD PERIOD 1895 TO 2014

WEATHER         OBSERVED          NORMAL  DEPART  LAST YEAR`S
                 VALUE   DATE(S)  VALUE   FROM    VALUE
                                          NORMAL
.............................................................
TEMPERATURE (F)
RECORD
 HIGH             114   08/27/1894
                        08/26/1894
 LOW               35   08/11/2004
                        08/16/1942
                        08/15/1942
HIGHEST            99   08/19        MM      MM      102
                        08/13
LOWEST             47   08/24        MM      MM       51
AVG. MAXIMUM     87.9              89.0    -1.1     90.5
AVG. MINIMUM     56.8              55.4     1.4     59.1
MEAN             72.4              72.2     0.2     74.8
DAYS MAX >= 90     16              15.5     0.5       16
DAYS MAX <= 32      0               0.0     0.0        0
DAYS MIN <= 32      0               0.0     0.0        0
DAYS MIN <= 0       0               0.0     0.0        0

PRECIPITATION (INCHES)
RECORD
 MAXIMUM         5.00   1979
 MINIMUM            T   2011
TOTALS           2.73              1.58    1.15     1.44
DAYS >= .01        11               6.7     4.3        6
DAYS >= .10         8               3.5     4.5        2
DAYS >= .50         1               0.9     0.1        2
DAYS >= 1.00        0               0.4    -0.4        0
GREATEST
 24 HR. TOTAL    0.94   08/27 TO 08/28

DEGREE_DAYS
HEATING TOTAL       3                20     -17        0
 SINCE 7/1         14                30     -16        0
COOLING TOTAL     241               243      -2      310
 SINCE 1/1        585               647     -62      768
..............................................................

WIND (MPH)
AVERAGE WIND SPEED              6.8
HIGHEST WIND SPEED/DIRECTION    35/350    DATE  08/23
HIGHEST GUST SPEED/DIRECTION    42/020    DATE  08/17

SKY COVER
POSSIBLE SUNSHINE (PERCENT)   MM
AVERAGE SKY COVER           0.20
NUMBER OF DAYS FAIR           25
NUMBER OF DAYS PC              6
NUMBER OF DAYS CLOUDY          0

AVERAGE RH (PERCENT)     61

WEATHER CONDITIONS. NUMBER OF DAYS WITH
THUNDERSTORM              0     MIXED PRECIP               0
HEAVY RAIN                6     RAIN                       6
LIGHT RAIN               15     FREEZING RAIN              0
LT FREEZING RAIN          0     HAIL                       0
HEAVY SNOW                0     SNOW                       0
LIGHT SNOW                0     SLEET                      0
FOG                      10     FOG W/VIS <= 1/4 MILE      2
HAZE                      3

-  INDICATES NEGATIVE NUMBERS.
R  INDICATES RECORD WAS SET OR TIED.
MM INDICATES DATA IS MISSING.
T  INDICATES TRACE AMOUNT.
...................................

...THE SCOTTSBLUFF NE AIRPORT CLIMATE SUMMARY FOR THE MONTH OF AUGUST 2014...

CLIMATE NORMAL PERIOD 1981 TO 2010
CLIMATE RECORD PERIOD 1871 TO 2014

WEATHER         OBSERVED          NORMAL  DEPART  LAST YEAR`S
                 VALUE   DATE(S)  VALUE   FROM    VALUE
                                          NORMAL
.............................................................
TEMPERATURE (F)
RECORD
 HIGH             106   08/27/1898
 LOW               30   08/25/1910
HIGHEST           100   08/13        87      13      101
LOWEST             46   08/24        57     -11       51
AVG. MAXIMUM     88.3              87.7     0.6     91.3
AVG. MINIMUM     56.3              56.2     0.1     59.1
MEAN             72.3              71.9     0.4     75.2
DAYS MAX >= 90     17              13.4     3.6       18
DAYS MAX <= 32      0               0.0     0.0        0
DAYS MIN <= 32      0               0.0     0.0        0
DAYS MIN <= 0       0               0.0     0.0        0

PRECIPITATION (INCHES)
RECORD
 MAXIMUM         5.66   1915
 MINIMUM            T   2012
TOTALS           1.66              1.30    0.36     0.79
DAYS >= .01        10               7.3     2.7        5
DAYS >= .10         5               3.1     1.9        3
DAYS >= .50         1               0.7     0.3        0
DAYS >= 1.00        0               0.1    -0.1        0
GREATEST
 24 HR. TOTAL    0.89   08/26 TO 08/27

DEGREE_DAYS
HEATING TOTAL       6                14      -8        0
 SINCE 7/1         13                20      -7        2
COOLING TOTAL     239               229      10      326
 SINCE 1/1        643               665     -22      892
..............................................................

WIND (MPH)
AVERAGE WIND SPEED              7.3
HIGHEST WIND SPEED/DIRECTION    39/330    DATE  08/06
HIGHEST GUST SPEED/DIRECTION    50/330    DATE  08/06

SKY COVER
POSSIBLE SUNSHINE (PERCENT)   MM
AVERAGE SKY COVER           0.20
NUMBER OF DAYS FAIR           26
NUMBER OF DAYS PC              5
NUMBER OF DAYS CLOUDY          0

AVERAGE RH (PERCENT)     61

WEATHER CONDITIONS. NUMBER OF DAYS WITH
THUNDERSTORM              0     MIXED PRECIP               0
HEAVY RAIN                4     RAIN                       5
LIGHT RAIN               16     FREEZING RAIN              0
LT FREEZING RAIN          0     HAIL                       0
HEAVY SNOW                0     SNOW                       0
LIGHT SNOW                0     SLEET                      0
FOG                      12     FOG W/VIS <= 1/4 MILE      1
HAZE                      1

-  INDICATES NEGATIVE NUMBERS.
R  INDICATES RECORD WAS SET OR TIED.
MM INDICATES DATA IS MISSING.
T  INDICATES TRACE AMOUNT.
...................................

...THE SIDNEY NE AIRPORT CLIMATE SUMMARY FOR THE MONTH OF AUGUST 2014...

CLIMATE NORMAL PERIOD 1981 TO 2010
CLIMATE RECORD PERIOD 1948 TO 2014

WEATHER         OBSERVED          NORMAL  DEPART  LAST YEAR`S
                 VALUE   DATE(S)  VALUE   FROM    VALUE
                                          NORMAL
.............................................................
TEMPERATURE (F)
RECORD
 HIGH             104   08/08/1969
 LOW               36   08/28/1964
HIGHEST            98   08/17        MM      MM      101
LOWEST             48   08/31        MM      MM       49
AVG. MAXIMUM     88.2              88.2     0.0     90.7
AVG. MINIMUM     55.1              58.4    -3.3     57.5
MEAN             71.6              73.3    -1.7     74.1
DAYS MAX >= 90     18              13.7     4.3       19
DAYS MAX <= 32      0               0.0     0.0        0
DAYS MIN <= 32      0               0.0     0.0        0
DAYS MIN <= 0       0               0.0     0.0        0

PRECIPITATION (INCHES)
RECORD
 MAXIMUM         7.15   1968
 MINIMUM         0.12   1964
TOTALS           2.91              2.26    0.65     0.69
DAYS >= .01        11               9.7     1.3       10
DAYS >= .10         6               4.9     1.1        3
DAYS >= .50         2               1.6     0.4        0
DAYS >= 1.00        1               0.1     0.9        0
GREATEST
 24 HR. TOTAL    1.44   08/22 TO 08/22

DEGREE_DAYS
HEATING TOTAL       3                 8      -5        1
 SINCE 7/1         12                11       1        9
COOLING TOTAL     215               264     -49      292
 SINCE 1/1        558               742    -184      763
..............................................................

WIND (MPH)
AVERAGE WIND SPEED              9.1
HIGHEST WIND SPEED/DIRECTION    40/300    DATE  08/31
HIGHEST GUST SPEED/DIRECTION    53/310    DATE  08/31

SKY COVER
POSSIBLE SUNSHINE (PERCENT)   MM
AVERAGE SKY COVER           0.20
NUMBER OF DAYS FAIR           24
NUMBER OF DAYS PC              6
NUMBER OF DAYS CLOUDY          1

AVERAGE RH (PERCENT)     58

WEATHER CONDITIONS. NUMBER OF DAYS WITH
THUNDERSTORM              0     MIXED PRECIP               0
HEAVY RAIN                2     RAIN                       4
LIGHT RAIN               16     FREEZING RAIN              0
LT FREEZING RAIN          0     HAIL                       0
HEAVY SNOW                0     SNOW                       0
LIGHT SNOW                0     SLEET                      0
FOG                       8     FOG W/VIS <= 1/4 MILE      2
HAZE                      3

-  INDICATES NEGATIVE NUMBERS.
R  INDICATES RECORD WAS SET OR TIED.
MM INDICATES DATA IS MISSING.
T  INDICATES TRACE AMOUNT.

$$
