000
CXUS51 KGYX 021138
CLMCON

PWMCLMCON 000
TTAA00 KGYX 021021


CLIMATE REPORT
NATIONAL WEATHER SERVICE GRAY ME
738 AM EDT SAT SEP 2 2017

...................................

...THE CONCORD NH CLIMATE SUMMARY FOR THE MONTH OF AUGUST 2017...

CLIMATE NORMAL PERIOD 1981 TO 2010
CLIMATE RECORD PERIOD 1868 TO 2017

WEATHER         OBSERVED          NORMAL  DEPART  LAST YEAR`S
                 VALUE   DATE(S)  VALUE   FROM    VALUE  DATE(S)
                                          NORMAL
................................................................
TEMPERATURE (F)
RECORD
 HIGH             101   08/02/1975
 LOW               29   08/31/1965
HIGHEST            91   08/22        92      -1       99  08/12
LOWEST             43   08/28        42       1       46  08/23
                        08/27
                        08/26
AVG. MAXIMUM     80.6              80.9    -0.3     86.9
AVG. MINIMUM     53.9              56.1    -2.2     58.8
MEAN             67.3              68.5    -1.2     72.8
DAYS MAX >= 90      1               2.7    -1.7        9
DAYS MAX <= 32      0               0.0     0.0        0
DAYS MIN <= 32      0               0.0     0.0        0
DAYS MIN <= 0       0               0.0     0.0        0

PRECIPITATION (INCHES)
RECORD
 MAXIMUM         9.00   1892
 MINIMUM         0.06   1996
TOTALS           3.09              3.18   -0.09     1.89
DAILY AVG.       0.10              0.10    0.00     0.06
DAYS >= .01        11               9.8     1.2        9
DAYS >= .10         5               6.2    -1.2        7
DAYS >= .50         1               2.1    -1.1        1
DAYS >= 1.00        1               0.8     0.2        0
GREATEST
 24 HR. TOTAL    1.69   08/18

SNOWFALL (INCHES)
RECORDS
 TOTAL            0.0
TOTALS            0.0               0.0     0.0      0.0
SINCE 7/1         0.0               0.0     0.0      0.0
SNOWDEPTH AVG.      0
DAYS >= TRACE       0               0.0     0.0        0
DAYS >= 1.0         0               0.0     0.0        0
GREATEST
 SNOW DEPTH         0
 24 HR TOTAL      0.0

DEGREE_DAYS
HEATING TOTAL      38                31       7        1
 SINCE 7/1         53                48       5       12
COOLING TOTAL     114               139     -25      252
 SINCE 1/1        445               413      32      624
.................................................................

WIND (MPH)
AVERAGE WIND SPEED              4.4
HIGHEST WIND SPEED/DIRECTION    24/300    DATE  08/09
HIGHEST GUST SPEED/DIRECTION    32/290    DATE  08/09

SKY COVER
AVERAGE SKY COVER           0.30

AVERAGE RH (PERCENT)     70

WEATHER CONDITIONS. NUMBER OF DAYS WITH
THUNDERSTORM              5     HEAVY RAIN                 3
RAIN                      6     LIGHT RAIN                12
FREEZING RAIN             0     LT FREEZING RAIN           0
HEAVY SNOW                0     SNOW                       0
LIGHT SNOW                0     FOG                       19
FOG W/VIS <= 1/4 MILE     5     HAZE                       0

-  INDICATES NEGATIVE NUMBERS.
R  INDICATES RECORD WAS SET OR TIED.
MM INDICATES DATA IS MISSING.
T  INDICATES TRACE AMOUNT.

&&

AUGUST BEGAN WITH SOME WARM WEATHER, WITH THE DAYTIME HIGH REACHING
89 DEGREES ON EACH OF THE FIRST 3 DAYS OF THE MONTH. ALTHOUGH
AFTERNOON TEMPERATURES WERE WARM, NIGHTTIME TEMPERATURES COOLED INTO
THE 50S. THIS ULTIMATELY PROVED TO BE A TREND FOR MOST OF THE MONTH,
WITH HIGH TEMPERATURES NEAR OR ABOVE NORMAL AND LOW TEMPERATURES
BELOW NORMAL, INDICATIVE OF PERSISTENTLY LOW HUMIDITY. A BREAK FROM
THIS TREND OCCURRED ON THE 18TH WHEN A FRONTAL SYSTEM BROUGHT MORE
THAN 1.5 INCHES OF RAIN WITH TEMPERATURES STAYING IN THE 60S. THE
HOTTEST TEMPERATURE OF THE MONTH CAME ON AUGUST 22 WHEN THE
TEMPERATURE HIT 91 DEGREES, THE ONLY DAY TO REACH 90 DEGREES THIS
AUGUST. IT WOULD BE THE LAST WARM DAY OF THE MONTH, AS COOLER AND
DRIER AIR WOULD MOVE IN FOR THE LAST WEEK OF THE MONTH.

THE AVERAGE TEMPERATURE FOR THE MONTH WAS 67.3 DEGREES WHICH WAS 1.2
DEGREES BELOW NORMAL. THE COOLEST AUGUST ON RECORD WAS 1903 WHEN THE
AVERAGE TEMPERATURE WAS 61.1 DEGREES. THE WARMEST WAS IN 1872 WHEN
IT WAS 73.5 DEGREES.

A TOTAL OF 3.09 INCHES OF RAIN FELL WHICH WAS 0.09 INCHES BELOW
NORMAL. MORE THAN HALF OF THIS RAIN FELL ON A SINGLE DAY WHEN 1.69
INCHES WAS MEASURED ON AUGUST 18. THE DRIEST AUGUST ON RECORD WAS IN
1996 WHEN ONLY 0.06 INCHES WAS RECORDED. THE WETTEST WAS IN 1892
WHEN 9.00 INCHES FELL.

THERE WERE NO DAILY RECORDS SET OR TIED IN AUGUST 2017.

$$

KIMBLE
