000
CXUS46 KLOX 011819
CLMCQT


CLIMATE REPORT
NATIONAL WEATHER SERVICE LOS ANGELES/OXNARD CA
1019 AM PST WED MAR 1 2017

...................................

...THE DOWNTOWN LOS ANGELES (USC) CA CLIMATE SUMMARY FOR THE MONTH OF FEBRUARY 2017...

CLIMATE NORMAL PERIOD 1981 TO 2010
CLIMATE RECORD PERIOD 1877 TO 2017

WEATHER         OBSERVED          NORMAL  DEPART  LAST YEAR`S
                 VALUE   DATE(S)  VALUE   FROM    VALUE
                                          NORMAL
.............................................................
TEMPERATURE (F)
HIGHEST            80   02/15
LOWEST             44   02/25
                        02/24
AVG. MAXIMUM     66.7              68.6    -1.9
AVG. MINIMUM     52.8              49.3     3.5
MEAN             59.8              58.9     0.9
DAYS MAX >= 90      0
DAYS MAX <= 32      0
DAYS MIN <= 32      0
DAYS MIN <= 0       0

PRECIPITATION (INCHES)
TOTALS           4.17              3.80    0.37
DAILY AVG.       0.15
DAYS >= .01        12
DAYS >= .10         6
DAYS >= .50         2
DAYS >= 1.00        1
GREATEST
 24 HR. TOTAL    2.09   02/17 TO 02/18

DEGREE_DAYS
HEATING TOTAL     144               184     -40       69
 SINCE 7/1        652               775    -123      640
COOLING TOTAL       5                14      -9       75
 SINCE 1/1          8                23     -15       75
..............................................................

WIND (MPH)
AVERAGE WIND SPEED              1.8
HIGHEST WIND SPEED/DIRECTION    17/270    DATE  02/23
HIGHEST GUST SPEED/DIRECTION    30/140    DATE  02/17

SKY COVER
POSSIBLE SUNSHINE (PERCENT)   MM
AVERAGE SKY COVER           0.50
NUMBER OF DAYS FAIR           10
NUMBER OF DAYS PC              8
NUMBER OF DAYS CLOUDY         10

AVERAGE RH (PERCENT)     71

WEATHER CONDITIONS. NUMBER OF DAYS WITH
THUNDERSTORM              0     MIXED PRECIP               0
HEAVY RAIN                3     RAIN                       6
LIGHT RAIN               12     FREEZING RAIN              0
LT FREEZING RAIN          0     HAIL                       0
HEAVY SNOW                0     SNOW                       0
LIGHT SNOW                0     SLEET                      0
FOG                      20     FOG W/VIS <= 1/4 MILE      3
HAZE                     10

-  INDICATES NEGATIVE NUMBERS.
R  INDICATES RECORD WAS SET OR TIED.
MM INDICATES DATA IS MISSING.
T  INDICATES TRACE AMOUNT.

$$
