000
CXUS52 KILM 020953
CLMCRE


CLIMATE REPORT
NATIONAL WEATHER SERVICE WILMINGTON NC
451 AM EST THU MAR 2 2017

...................................

...THE NORTH MYRTLE BEACH SC CLIMATE SUMMARY FOR THE MONTH OF FEBRUARY 2017...

CLIMATE NORMAL PERIOD 1981 TO 2010
CLIMATE RECORD PERIOD 1949 TO 2017

WEATHER         OBSERVED          NORMAL  DEPART  LAST YEAR`S
                 VALUE   DATE(S)  VALUE   FROM    VALUE  DATE(S)
                                          NORMAL
................................................................
TEMPERATURE (F)
RECORD
 HIGH              82   02/27/1996
 LOW               11   02/05/1996
HIGHEST            75   02/24                         74  02/21
LOWEST             31   02/04                         23  02/14
AVG. MAXIMUM     65.6              57.4     8.2     57.2
AVG. MINIMUM     44.4              38.6     5.8     39.8
MEAN             55.0              48.0     7.0     48.5
DAYS MAX >= 90      0               0.0     0.0        0
DAYS MAX <= 32      0               0.0     0.0        0
DAYS MIN <= 32      2               5.6    -3.6        7
DAYS MIN <= 0       0               0.0     0.0        0

PRECIPITATION (INCHES)
TOTALS           1.50              3.42   -1.92     6.17
DAILY AVG.       0.05              0.12   -0.07     0.21
DAYS >= .01         5                                 11
DAYS >= .10         4                                  8
DAYS >= .50         1                                  5
DAYS >= 1.00        0                                  4
GREATEST
 24 HR. TOTAL    0.59   02/08 TO 02/08

DEGREE_DAYS
HEATING TOTAL     275               476    -201      473
COOLING TOTAL       1                 0       1        0
.....................................................

WIND (MPH)
AVERAGE WIND SPEED              7.3
RESULTANT WIND SPEED/DIRECTION   2/205
HIGHEST WIND SPEED/DIRECTION    30/220    DATE  02/15
HIGHEST GUST SPEED/DIRECTION    40/290    DATE  02/15

SKY COVER
POSSIBLE SUNSHINE (PERCENT)   MM
AVERAGE SKY COVER           0.20
NUMBER OF DAYS FAIR           24
NUMBER OF DAYS PC              3
NUMBER OF DAYS CLOUDY          1

AVERAGE RH (PERCENT)     70

WEATHER CONDITIONS. NUMBER OF DAYS WITH
THUNDERSTORM              0     MIXED PRECIP              MM
HEAVY RAIN                3     RAIN                       3
LIGHT RAIN                7     FREEZING RAIN              0
LT FREEZING RAIN          0     HAIL                      MM
HEAVY SNOW                0     SNOW                       0
LIGHT SNOW                0     SLEET                     MM
FOG                      12     FOG W/VIS <= 1/4 MILE      5
HAZE                      1

-  INDICATES NEGATIVE NUMBERS.
R  INDICATES RECORD WAS SET OR TIED.
MM INDICATES DATA IS MISSING.
T  INDICATES TRACE AMOUNT.

$$
