000
CXUS52 KILM 012003
CLMCRE


CLIMATE REPORT
NATIONAL WEATHER SERVICE WILMINGTON NC
400 PM EDT SAT JUL 1 2017

...................................

...THE NORTH MYRTLE BEACH SC CLIMATE SUMMARY FOR THE MONTH OF JUNE 2017...

CLIMATE NORMAL PERIOD 1981 TO 2010
CLIMATE RECORD PERIOD 1949 TO 2017

WEATHER         OBSERVED          NORMAL  DEPART  LAST YEAR`S
                 VALUE   DATE(S)  VALUE   FROM    VALUE  DATE(S)
                                          NORMAL
................................................................
TEMPERATURE (F)
RECORD
 HIGH             104   06/26/1952
 LOW               49   06/03/1953
HIGHEST            90   06/24                         96  06/12
LOWEST             54   06/09                         61  06/20
AVG. MAXIMUM     83.5              84.5    -1.0     86.9
AVG. MINIMUM     69.5              69.3     0.2     72.1
MEAN             76.5              76.9    -0.4     79.5
DAYS MAX >= 90      1               3.2    -2.2        5
DAYS MAX <= 32      0               0.0     0.0        0
DAYS MIN <= 32      0               0.0     0.0        0
DAYS MIN <= 0       0               0.0     0.0        0

PRECIPITATION (INCHES)
TOTALS           3.70              4.64   -0.94     3.24
DAILY AVG.       0.12              0.15   -0.03     0.11
DAYS >= .01        12                                  8
DAYS >= .10         9                                  4
DAYS >= .50         4                                  3
DAYS >= 1.00        0                                  2
GREATEST
 24 HR. TOTAL    0.62   06/20 TO 06/20

DEGREE_DAYS
HEATING TOTAL       3                 0       3        0
COOLING TOTAL     356               357      -1      442
.....................................................

WIND (MPH)
AVERAGE WIND SPEED              8.1
RESULTANT WIND SPEED/DIRECTION   5/198
HIGHEST WIND SPEED/DIRECTION    29/210    DATE  06/24
HIGHEST GUST SPEED/DIRECTION    36/210    DATE  06/24

SKY COVER
POSSIBLE SUNSHINE (PERCENT)   MM
AVERAGE SKY COVER           0.30
NUMBER OF DAYS FAIR           20
NUMBER OF DAYS PC              9
NUMBER OF DAYS CLOUDY          1

AVERAGE RH (PERCENT)     80

WEATHER CONDITIONS. NUMBER OF DAYS WITH
THUNDERSTORM             10     MIXED PRECIP              MM
HEAVY RAIN                6     RAIN                       7
LIGHT RAIN               16     FREEZING RAIN              0
LT FREEZING RAIN          0     HAIL                      MM
HEAVY SNOW                0     SNOW                       0
LIGHT SNOW                0     SLEET                     MM
FOG                      17     FOG W/VIS <= 1/4 MILE      3
HAZE                      0

-  INDICATES NEGATIVE NUMBERS.
R  INDICATES RECORD WAS SET OR TIED.
MM INDICATES DATA IS MISSING.
T  INDICATES TRACE AMOUNT.

$$
