000
CXUS42 KFFC 011406
CLMCSG


CLIMATE REPORT
NATIONAL WEATHER SERVICE PEACHTREE CITY GA
906 AM EST THU FEB 1 2018

...................................

...THE COLUMBUS CLIMATE SUMMARY FOR THE MONTH OF JANUARY 2018...

CLIMATE NORMAL PERIOD 1981 TO 2010
CLIMATE RECORD PERIOD 1948 TO 2018

WEATHER         OBSERVED          NORMAL  DEPART  LAST YEAR`S
                 VALUE   DATE(S)  VALUE   FROM    VALUE  DATE(S)
                                          NORMAL
................................................................
TEMPERATURE (F)
RECORD
 HIGH              83   01/11/1949
 LOW               -2   01/21/1985
HIGHEST            75   01/11        82      -7       77  01/17
                                                          01/14
                                                          01/13
LOWEST             18   01/18        -2      20       19  01/08
AVG. MAXIMUM     55.7              57.5    -1.8     64.4
AVG. MINIMUM     33.6              36.8    -3.2     42.9
MEAN             44.7              47.2    -2.5     53.7
DAYS MAX >= 90      0               0.0     0.0        0
DAYS MAX <= 32      0               0.1    -0.1        0
DAYS MIN <= 32     17              10.9     6.1        5
DAYS MIN <= 0       0               0.0     0.0        0

PRECIPITATION (INCHES)
RECORD
 MAXIMUM        11.48   2017
 MINIMUM         0.72   1989
TOTALS           1.60              3.85   -2.25    11.48
DAILY AVG.       0.05              0.12   -0.07     0.37
DAYS >= .01         7              10.0    -3.0       11
DAYS >= .10         4               7.1    -3.1        6
DAYS >= .50         2               2.9    -0.9        5
DAYS >= 1.00        0               0.8    -0.8        4
GREATEST
 24 HR. TOTAL    0.69   01/28 TO 01/28           01/02 TO 01/02
                                                          01/31 TO 01/31
                                                          01/31 TO 01/31

SNOWFALL (INCHES)
RECORDS
 TOTAL              T   2008
                        2001
 24 HR TOTAL      1.2   MM
TOTALS            2.0R              0.2     1.8      0.0
SINCE 7/1         2.0               0.3     1.7      0.0
SNOWDEPTH AVG.      0                MM      MM        0
DAYS >= TRACE       1               0.2     0.8        0
DAYS >= 1.0         1               0.2     0.8        0
GREATEST
 24 HR TOTAL      2.0R  01/17 TO 01/17           01/31 TO 01/31
                                                          01/31 TO 01/31
                                                          01/31 TO 01/31

DEGREE_DAYS
HEATING TOTAL     626               554      72      347
 SINCE 7/1       1319              1383     -64      921
COOLING TOTAL       2                 1       1        5
 SINCE 1/1          2                 0       2        5
..................................................

WIND (MPH)
AVERAGE WIND SPEED              6.7
HIGHEST WIND SPEED/DIRECTION    26/320    DATE  01/12
HIGHEST GUST SPEED/DIRECTION    33/320    DATE  01/12

SKY COVER
POSSIBLE SUNSHINE (PERCENT)   MM
AVERAGE SKY COVER           0.30
NUMBER OF DAYS FAIR           19
NUMBER OF DAYS PC              9
NUMBER OF DAYS CLOUDY          3

AVERAGE RH (PERCENT)     55

WEATHER CONDITIONS. NUMBER OF DAYS WITH
THUNDERSTORM              0     MIXED PRECIP               0
HEAVY RAIN                1     RAIN                       2
LIGHT RAIN                8     FREEZING RAIN              0
LT FREEZING RAIN          0     HAIL                       0
HEAVY SNOW                0     SNOW                       0
LIGHT SNOW                1     SLEET                      0
FOG                       8     FOG W/VIS <= 1/4 MILE      1
HAZE                      5

-  INDICATES NEGATIVE NUMBERS.
R  INDICATES RECORD WAS SET OR TIED.
MM INDICATES DATA IS MISSING.
T  INDICATES TRACE AMOUNT.

$$
