000
CXUS53 KUNR 011602
CLMCUT


CLIMATE REPORT
NATIONAL WEATHER SERVICE RAPID CITY SD
901 AM MST SUN MAR 1 2015

...................................

...THE CUSTER COUNTY AIRPORT SD CLIMATE SUMMARY FOR THE MONTH OF FEBRUARY 2015...

CLIMATE NORMAL PERIOD 1981 TO 2010
CLIMATE RECORD PERIOD 9999 TO 9999

WEATHER         OBSERVED          NORMAL  DEPART  LAST YEAR`S
                 VALUE   DATE(S)  VALUE   FROM    VALUE  DATE(S)
                                          NORMAL
................................................................
TEMPERATURE (F)
HIGHEST            59   02/06                         50  02/16
LOWEST            -15   02/27                        -22  02/06
                                                          02/05
AVG. MAXIMUM     37.2              36.4     0.8     27.0
AVG. MINIMUM     14.4              15.0    -0.6      6.0
MEAN             25.8              25.7     0.1     16.5
DAYS MAX >= 90      0                                  0
DAYS MAX <= 32     11                                 15
DAYS MIN <= 32     26                                 28
DAYS MIN <= 0       4                                 11

PRECIPITATION (INCHES)
TOTALS           0.16              0.53   -0.37     0.88
DAILY AVG.       0.01              0.02   -0.01     0.03
DAYS >= .01         5                                 12
DAYS >= .10         0                                  4
DAYS >= .50         0                                  0
DAYS >= 1.00        0                                  0
GREATEST
 24 HR. TOTAL    0.07   02/20 TO 02/20              0.21

DEGREE_DAYS
HEATING TOTAL    1091              1100      -9     1348
 SINCE 7/1       5449              5835    -386     5858
COOLING TOTAL       0                 0       0        0
 SINCE 1/1          0                 0       0        0
.................................................................

WIND (MPH)
AVERAGE WIND SPEED              7.1
HIGHEST WIND SPEED/DIRECTION    31/280    DATE  02/07
HIGHEST GUST SPEED/DIRECTION    46/250    DATE  02/09

AVERAGE RH (PERCENT)     60

WEATHER CONDITIONS. NUMBER OF DAYS WITH
THUNDERSTORM              0     MIXED PRECIP               0
HEAVY RAIN                0     RAIN                       0
LIGHT RAIN                0     FREEZING RAIN              0
LT FREEZING RAIN          0     HAIL                       0
HEAVY SNOW                1     SNOW                       2
LIGHT SNOW                7     SLEET                      0
FOG                      12     FOG W/VIS <= 1/4 MILE      0
HAZE                      7

-  INDICATES NEGATIVE NUMBERS.
R  INDICATES RECORD WAS SET OR TIED.
MM INDICATES DATA IS MISSING.
T  INDICATES TRACE AMOUNT.

$$
