000
CXUS56 KSGX 011435
CLMCZZ


CLIMATE REPORT
NATIONAL WEATHER SERVICE SAN DIEGO, CA
735 AM PDT WED OCT 1 2014

...................................

...THE CAMPO ASOS CA CLIMATE SUMMARY FOR THE MONTH OF SEPTEMBER 2014...

CLIMATE NORMAL PERIOD 1981 TO 2010
CLIMATE RECORD PERIOD 1948 TO 2014

WEATHER         OBSERVED          NORMAL  DEPART  LAST YEAR`S
                 VALUE   DATE(S)  VALUE   FROM    VALUE  DATE(S)
                                          NORMAL
................................................................
TEMPERATURE (F)
RECORD
 HIGH             107   09/02/1982
                        09/01/1950
 LOW               29   09/18/1973
                        09/28/1971
                        09/19/1955
HIGHEST            99   09/15        89      10       98  09/15
                        09/13                             09/06
LOWEST             39   09/29        49     -10       37  09/29
                                                          09/27
AVG. MAXIMUM     89.6              89.6     0.0     88.1
AVG. MINIMUM     54.3              48.7     5.6     51.3
MEAN             71.9              69.1     2.8     69.7
DAYS MAX >= 90     17              17.6    -0.6       14
DAYS MAX <= 32      0               0.0     0.0        0
DAYS MAX >= 100     0                                  0
DAYS MIN <= 32      0               0.1    -0.1        0
DAYS MIN <= 0       0               0.0     0.0        0

PRECIPITATION (INCHES)
RECORD
 MAXIMUM         2.85   1976
 MINIMUM         0.00   2009
                        2008
                        1994
TOTALS           1.41              0.34    1.07     1.51
DAILY AVG.       0.05              0.01    0.04     0.05
DAYS >= .01         3               2.1     0.9        4
DAYS >= .10         3               0.9     2.1        2
DAYS >= .50         1               0.2     0.8        1
DAYS >= 1.00        0               0.0     0.0        1
DAYS >= 1.50        0                                  0
DAYS >= 2.00        0                                  0
GREATEST
 24 HR. TOTAL    0.98   09/18 TO 09/18           09/06 TO 09/07
                        09/17 TO 09/18                    09/30 TO 09/30
                        09/18 TO 09/18                    09/30 TO 09/30
 STORM TOTAL       MM                                 MM
 (MM/DD(HH))            MM                    09/07(00) TO 09/07(00)
                                                 09/30(00) TO 09/30(00)0
                                                 09/30(00) TO 09/30(00)0

SNOWFALL (INCHES)
TOTALS            0.0
SINCE 7/1         0.0

DEGREE_DAYS
HEATING TOTAL      15                36     -21       41
 SINCE 7/1         17                50     -33       43
COOLING TOTAL     230               161      69      190
 SINCE 1/1        862               811      51      907

FREEZE DATES
RECORD
 EARLIEST     08/25/1978
 LATEST       06/23/1991
EARLIEST                        10/16
LATEST                          05/19
.................................................

WIND (MPH)
AVERAGE WIND SPEED              7.3
RESULTANT WIND SPEED/DIRECTION   0/171
HIGHEST WIND SPEED/DIRECTION    33/250    DATE  09/06
HIGHEST GUST SPEED/DIRECTION    44/250    DATE  09/06

AVERAGE RH (PERCENT)     53


-  INDICATES NEGATIVE NUMBERS.
R  INDICATES RECORD WAS SET OR TIED.
MM INDICATES DATA IS MISSING.
T  INDICATES TRACE AMOUNT.

$$
