000
CXUS53 KUNR 011602
CLMD07


CLIMATE REPORT
NATIONAL WEATHER SERVICE RAPID CITY SD
1001 AM MDT SAT JUL 1 2017

...................................

...THE FAITH SD CLIMATE SUMMARY FOR THE MONTH OF JUNE 2017...

CLIMATE NORMAL PERIOD 1981 TO 2010
CLIMATE RECORD PERIOD 9999 TO 9999

WEATHER         OBSERVED          NORMAL  DEPART  LAST YEAR`S
                 VALUE   DATE(S)  VALUE   FROM    VALUE  DATE(S)
                                          NORMAL
................................................................
TEMPERATURE (F)
HIGHEST            97   06/09                        102  06/24
LOWEST             42R  06/25                         44  06/02
AVG. MAXIMUM     82.2              77.4     4.8     85.2
AVG. MINIMUM     53.7              52.5     1.2     55.0
MEAN             67.9              65.0     2.9     70.1
DAYS MAX >= 90      6                                  6
DAYS MAX <= 32      0                                  0
DAYS MIN <= 32      0                                  0
DAYS MIN <= 0       0                                  0

PRECIPITATION (INCHES)
TOTALS           2.48              3.09   -0.61     1.69
DAILY AVG.       0.08              0.10   -0.02     0.06
DAYS >= .01        11                                  9
DAYS >= .10         8                                  5
DAYS >= .50         0                                  1
DAYS >= 1.00        0                                  0
GREATEST
 24 HR. TOTAL    0.46   06/05 TO 06/05              0.57

DEGREE_DAYS
HEATING TOTAL      30                90     -60       15
 SINCE 7/1       7130              7709    -579     6578
COOLING TOTAL     126                88      38      175
 SINCE 1/1        138               100      38      177
.................................................................

WIND (MPH)
AVERAGE WIND SPEED              12.7
HIGHEST WIND SPEED/DIRECTION    43/310    DATE  06/16
HIGHEST GUST SPEED/DIRECTION    53/310    DATE  06/16

AVERAGE RH (PERCENT)     56


-  INDICATES NEGATIVE NUMBERS.
R  INDICATES RECORD WAS SET OR TIED.
MM INDICATES DATA IS MISSING.
T  INDICATES TRACE AMOUNT.

$$
