000
CXUS53 KUNR 011504
CLMD07


CLIMATE REPORT
NATIONAL WEATHER SERVICE RAPID CITY SD
903 AM MDT SAT AUG 1 2015

...................................

...THE FAITH SD CLIMATE SUMMARY FOR THE MONTH OF JULY 2015...

CLIMATE NORMAL PERIOD 1981 TO 2010
CLIMATE RECORD PERIOD 9999 TO 9999

WEATHER         OBSERVED          NORMAL  DEPART  LAST YEAR`S
                 VALUE   DATE(S)  VALUE   FROM    VALUE  DATE(S)
                                          NORMAL
................................................................
TEMPERATURE (F)
HIGHEST            99   07/23                         96  07/21
LOWEST             52   07/09                         46  07/15
AVG. MAXIMUM     87.1              85.8     1.3     82.8
AVG. MINIMUM     59.0              59.3    -0.3     57.1
MEAN             73.1              72.5     0.6     69.9
DAYS MAX >= 90     15                                  3
DAYS MAX <= 32      0                                  0
DAYS MIN <= 32      0                                  0
DAYS MIN <= 0       0                                  0

PRECIPITATION (INCHES)
TOTALS           0.58              2.80   -2.22     0.43
DAILY AVG.       0.02              0.09   -0.07     0.01
DAYS >= .01         5                                  5
DAYS >= .10         2                                  2
DAYS >= .50         0                                  0
DAYS >= 1.00        0                                  0
GREATEST
 24 HR. TOTAL    0.25   07/25 TO 07/25              0.24
                        07/24 TO 07/25
                        07/25 TO 07/25

DEGREE_DAYS
HEATING TOTAL       0                12     -12       17
 SINCE 7/1          0                12     -12       17
COOLING TOTAL     257               245      12      176
 SINCE 1/1        354               345       9      228
.................................................................

WIND (MPH)
AVERAGE WIND SPEED              11.8
HIGHEST WIND SPEED/DIRECTION    49/020    DATE  07/26
HIGHEST GUST SPEED/DIRECTION    60/280    DATE  07/25

AVERAGE RH (PERCENT)     58


-  INDICATES NEGATIVE NUMBERS.
R  INDICATES RECORD WAS SET OR TIED.
MM INDICATES DATA IS MISSING.
T  INDICATES TRACE AMOUNT.

$$
