000
CXUS56 KOTX 011509
CLMDEW


CLIMATE REPORT
NATIONAL WEATHER SERVICE SPOKANE, WA
702 AM PST THU FEB 1 2018

...................................

...THE DEER_PARK WA AIRPORT CLIMATE SUMMARY FOR THE MONTH OF JANUARY 2018...

CLIMATE NORMAL PERIOD 1981 TO 2010
CLIMATE RECORD PERIOD 9999 TO 9999

WEATHER         OBSERVED          NORMAL  DEPART  LAST YEAR`S
                 VALUE   DATE(S)  VALUE   FROM    VALUE  DATE(S)
                                          NORMAL
................................................................
TEMPERATURE (F)
RECORD
 HIGH              MM   MM
 LOW               MM   MM
HIGHEST            45   01/15        MM      MM       42  01/22
                                                          01/20
LOWEST              2   01/02        MM      MM      -19  01/05
                        01/01
AVG. MAXIMUM     36.5              33.5     3.0     27.2
AVG. MINIMUM     26.3              21.1     5.2     10.3
MEAN             31.4              27.3     4.1     18.7
DAYS MAX >= 90      0               0.0     0.0        0
DAYS MAX <= 32      3              12.1    -9.1       24
DAYS MIN <= 32     24              27.2    -3.2       31
DAYS MIN <= 0       0               1.8    -1.8       10

PRECIPITATION (INCHES)
RECORD
 MAXIMUM           MM   MM
 MINIMUM           MM   MM
TOTALS           3.65              2.63    1.02     1.95
DAILY AVG.       0.12              0.08    0.04     0.06
DAYS >= .01        21                MM      MM       11
DAYS >= .10         9                MM      MM        6
DAYS >= .50         1                MM      MM        1
DAYS >= 1.00        0                MM      MM        0
GREATEST
 24 HR. TOTAL    0.73   01/24 TO 01/24           01/17 TO 01/18
                                                          01/15 TO 01/15
                                                          01/15 TO 01/15

SNOWFALL (INCHES)
RECORDS
 TOTAL             MM   MM
TOTALS             MM                MM      MM      0.0
SINCE 7/1          MM                MM      MM      0.0
SNOWDEPTH AVG.     MM                MM      MM        0
DAYS >= 1.0        MM                MM      MM        0
GREATEST
 SNOW DEPTH        MM                                  0  MM
 24 HR TOTAL       MM                            01/15 TO 01/15
                                                          01/15 TO 01/15
                                                          01/15 TO 01/15

DEGREE_DAYS
HEATING TOTAL    1034              1169    -135     1428
 SINCE 7/1       4079              4396    -317     4430
COOLING TOTAL       0                 0       0        0
 SINCE 1/1          0                 0       0        0
......................................................

WIND (MPH)
AVERAGE WIND SPEED              5.4
HIGHEST WIND SPEED/DIRECTION    22/230    DATE  01/29
HIGHEST GUST SPEED/DIRECTION    35/220    DATE  01/30

SKY COVER
POSSIBLE SUNSHINE (PERCENT)   MM
AVERAGE SKY COVER           0.70
NUMBER OF DAYS FAIR            4
NUMBER OF DAYS PC              9
NUMBER OF DAYS CLOUDY         18

AVERAGE RH (PERCENT)     89

WEATHER CONDITIONS. NUMBER OF DAYS WITH
THUNDERSTORM              0     MIXED PRECIP               0
HEAVY RAIN                0     RAIN                       3
LIGHT RAIN                9     FREEZING RAIN              0
LT FREEZING RAIN          0     HAIL                       0
HEAVY SNOW                0     SNOW                       3
LIGHT SNOW               15     SLEET                      0
FOG                      23     FOG W/VIS <= 1/4 MILE     12
HAZE                      0

-  INDICATES NEGATIVE NUMBERS.
R  INDICATES RECORD WAS SET OR TIED.
MM INDICATES DATA IS MISSING.
T  INDICATES TRACE AMOUNT.

$$
