000
CXUS54 KAMA 011644
CLMDHT


CLIMATE REPORT
NATIONAL WEATHER SERVICE AMARILLO TX
1043 AM CST THU DEC 1 2016

...................................

...THE DALHART CLIMATE SUMMARY FOR THE MONTH OF NOVEMBER 2016...

CLIMATE NORMAL PERIOD 1981 TO 2010
CLIMATE RECORD PERIOD 1948 TO 2016

WEATHER         OBSERVED          NORMAL  DEPART  LAST YEAR`S
                 VALUE   DATE(S)  VALUE   FROM    VALUE  DATE(S)
                                          NORMAL
................................................................
TEMPERATURE (F)
RECORD
 HIGH              89   11/08/1980
 LOW               -5   11/28/1976
HIGHEST            83   11/16                         82  11/03
                        11/15                             11/02
LOWEST             17   11/30                         18  11/22
AVG. MAXIMUM     65.4              59.6     5.8     62.1
AVG. MINIMUM     33.9              28.1     5.8     30.1
MEAN             49.7              43.9     5.8     46.1
DAYS MAX >= 90      0               0.0     0.0        0
DAYS MAX <= 32      0               0.5    -0.5        2
DAYS MIN <= 32     13              20.6    -7.6       20
DAYS MIN <= 0       0               0.0     0.0        0

PRECIPITATION (INCHES)
TOTALS           1.17              0.58    0.59     1.02
DAILY AVG.       0.04              0.02    0.02     0.03
DAYS >= .01         3               3.3    -0.3        6
DAYS >= .10         1               1.3    -0.3        2
DAYS >= .50         1               0.4     0.6        1
DAYS >= 1.00        1               0.1     0.9        0
GREATEST
 24 HR. TOTAL    1.13   11/05 TO 11/06

SNOWFALL (INCHES)
TOTALS            0.0               1.3    -1.3      0.5
SINCE 7/1         0.0               1.9    -1.9      0.5
DAYS >= TRACE       0               1.1    -1.1
DAYS >= 1.0         0               0.4    -0.4        0
GREATEST
 SNOW DEPTH         0   MM
 24 HR TOTAL      0.0   11/30 TO 11/30

DEGREE_DAYS
HEATING TOTAL     455               635    -180      558
 SINCE 7/1        576               995    -419      710
COOLING TOTAL       0                 0       0        0
 SINCE 1/1       1556              1138     418     1538
.................................................................

WIND (MPH)
AVERAGE WIND SPEED              10.8
HIGHEST WIND SPEED/DIRECTION    44/270    DATE  11/17
HIGHEST GUST SPEED/DIRECTION    55/220    DATE  11/17

SKY COVER
POSSIBLE SUNSHINE (PERCENT)   MM
NUMBER OF DAYS FAIR           27
NUMBER OF DAYS PC              3
NUMBER OF DAYS CLOUDY          0

AVERAGE RH (PERCENT)     52

WEATHER CONDITIONS. NUMBER OF DAYS WITH
THUNDERSTORM              0     MIXED PRECIP               0
HEAVY RAIN                1     RAIN                       1
LIGHT RAIN                4     FREEZING RAIN              0
LT FREEZING RAIN          0     HEAVY SNOW                 0
SNOW                      0     LIGHT SNOW                 0
SLEET                     0     FOG                        5
FOG W/VIS <= 1/4 MILE     1     HAZE                       7

-  INDICATES NEGATIVE NUMBERS.
R  INDICATES RECORD WAS SET OR TIED.
MM INDICATES DATA IS MISSING.
T  INDICATES TRACE AMOUNT.

$$
