000
CXUS52 KCAE 012354 AAA
CLMDNL

CLIMATE REPORT
NATIONAL WEATHER SERVICE COLUMBIA SC
736 PM EDT TUE SEP 1 2015

...................................

...THE AUGUSTA DANIEL FIELD GA CLIMATE SUMMARY FOR THE MONTH OF AUGUST 2015...

CLIMATE NORMAL PERIOD 1981 TO 2010
CLIMATE RECORD PERIOD 9999 TO 9999

WEATHER         OBSERVED          NORMAL  DEPART
                 VALUE   DATE(S)  VALUE   FROM
                                          NORMAL
................................................
TEMPERATURE (F)
HIGHEST           100   08/04        MM      MM
LOWEST             69   08/31        MM      MM
                        08/26
AVG. MAXIMUM     91.9              89.9     2.0
AVG. MINIMUM     73.2              71.7     1.5
MEAN             82.7              80.8     1.9
DAYS MAX >= 90     23              14.3     8.7
DAYS MAX <= 32      0               0.0     0.0
DAYS MIN <= 32      0               0.0     0.0
DAYS MIN <= 0       0               0.0     0.0

PRECIPITATION (INCHES)
TOTALS           6.37              4.92    1.45
DAYS >= .01        12                MM      MM
DAYS >= .10         7                MM      MM
DAYS >= .50         5                MM      MM
DAYS >= 1.00        1                MM      MM
GREATEST
 24 HR. TOTAL    2.63   08/30 TO 08/30

SNOWFALL (INCHES)
DAYS >= TRACE       0

DEGREE_DAYS
HEATING TOTAL       0                 0       0
 SINCE 7/1          0                 0       0
COOLING TOTAL     504               490      14
 SINCE 1/1       2247              1811     436
.................................................

WIND (MPH)
AVERAGE WIND SPEED              4.9
RESULTANT WIND SPEED/DIRECTION   2/092
HIGHEST WIND SPEED/DIRECTION    25/300    DATE  08/06
HIGHEST GUST SPEED/DIRECTION    34/300    DATE  08/06

SKY COVER
POSSIBLE SUNSHINE (PERCENT)   MM
AVERAGE SKY COVER           0.30
NUMBER OF DAYS FAIR           22
NUMBER OF DAYS PC              9
NUMBER OF DAYS CLOUDY          0

AVERAGE RH (PERCENT)     66

WEATHER CONDITIONS. NUMBER OF DAYS WITH
THUNDERSTORM             10     MIXED PRECIP               0
HEAVY RAIN                7     RAIN                       5
LIGHT RAIN               15     FREEZING RAIN              0
LT FREEZING RAIN          0     HAIL                       0
HEAVY SNOW                0     SNOW                       0
LIGHT SNOW                0     SLEET                      0
FOG                      11     FOG W/VIS <= 1/4 MILE      0
HAZE                      5

-  INDICATES NEGATIVE NUMBERS.
R  INDICATES RECORD WAS SET OR TIED.
MM INDICATES DATA IS MISSING.
T  INDICATES TRACE AMOUNT.

$$
