000
CXUS53 KDVN 011434
CLMDVN


CLIMATE REPORT
NATIONAL WEATHER SERVICE QUAD CITIES IA IL
925 AM CDT FRI JUL 1 2016

...................................

...THE DAVENPORT IA CLIMATE SUMMARY FOR THE MONTH OF JUNE 2016...

CLIMATE NORMAL PERIOD 1981 TO 2010
CLIMATE RECORD PERIOD 9999 TO 9999

WEATHER         OBSERVED          NORMAL  DEPART
                 VALUE   DATE(S)  VALUE   FROM
                                          NORMAL
................................................
TEMPERATURE (F)
HIGHEST            91   06/15        84       7
                        06/10
LOWEST             48   06/08        55      -7
AVG. MAXIMUM     83.5              80.9     2.6
AVG. MINIMUM     60.9              59.6     1.3
MEAN             72.2              70.2     2.0
DAYS MAX >= 90      5
DAYS MAX <= 32      0
DAYS MIN <= 32      0
DAYS MIN <= 0       0

PRECIPITATION (INCHES)
TOTALS           5.59              4.19    1.40
DAILY AVG.       0.19              0.14    0.05
DAYS >= .01         9
DAYS >= .10         5
DAYS >= .50         5
DAYS >= 1.00        2
GREATEST
 24 HR. TOTAL    1.83   06/22 TO 06/22

SNOWFALL (INCHES)
TOTALS            0.0
SINCE 7/1        16.6
SNOWDEPTH AVG.      0
DAYS >= TRACE       0
DAYS >= 1.0         0
GREATEST
 SNOW DEPTH         0
 24 HR TOTAL      0.0

DEGREE_DAYS
HEATING TOTAL       5                24     -19
 SINCE 7/1       5512              6511    -999
COOLING TOTAL     228               182      46
 SINCE 1/1        313               243      70
.................................................

WIND (MPH)
AVERAGE WIND SPEED              8.3
HIGHEST WIND SPEED/DIRECTION    31/280    DATE  06/06
HIGHEST GUST SPEED/DIRECTION    42/280    DATE  06/06

SKY COVER
POSSIBLE SUNSHINE (PERCENT)   MM
AVERAGE SKY COVER           0.20
NUMBER OF DAYS FAIR           25
NUMBER OF DAYS PC              5
NUMBER OF DAYS CLOUDY          0

AVERAGE RH (PERCENT)     67

WEATHER CONDITIONS. NUMBER OF DAYS WITH
THUNDERSTORM              0     HAIL                       0
SLEET                     0     FOG                       10
FOG W/VIS <= 1/4 MILE     1     HAZE                       3

-  INDICATES NEGATIVE NUMBERS.
R  INDICATES RECORD WAS SET OR TIED.
MM INDICATES DATA IS MISSING.
T  INDICATES TRACE AMOUNT.

$$
