000
CXUS53 KGID 011931
CLMEAR

CLIMATE REPORT
NATIONAL WEATHER SERVICE HASTINGS NE
231 PM CDT SAT AUG 1 2015

...................................

...THE KEARNEY CLIMATE SUMMARY FOR THE MONTH OF JULY 2015...

CLIMATE NORMAL PERIOD 1981 TO 2010
CLIMATE RECORD PERIOD 1894 TO 2015

WEATHER         OBSERVED          NORMAL  DEPART  LAST YEAR`S
                 VALUE   DATE(S)  VALUE   FROM    VALUE  DATE(S)
                                          NORMAL
................................................................
TEMPERATURE (F)
HIGHEST            99   07/05       100      -1      100  07/21
LOWEST             52   07/08        51       1       48  07/15
                        07/07
AVG. MAXIMUM     87.1              86.7     0.4     84.8
AVG. MINIMUM     63.3              62.6     0.7     61.1
MEAN             75.2              74.7     0.5     73.0
DAYS MAX >= 90     13              10.4     2.6       10
DAYS MAX <= 32      0               0.0     0.0        0
DAYS MIN <= 32      0               0.0     0.0        0
DAYS MIN <= 0       0               0.0     0.0        0

PRECIPITATION (INCHES)
TOTALS           2.19              3.28   -1.09     0.13
DAILY AVG.       0.07              0.11   -0.04
DAYS >= .01         7               8.1    -1.1
DAYS >= .10         3               5.4    -2.4
DAYS >= .50         1               2.4    -1.4
DAYS >= 1.00        1               1.1    -0.1
GREATEST
 24 HR. TOTAL    1.63   07/24 TO 07/24

DEGREE_DAYS
HEATING TOTAL       4                 5      -1        6
COOLING TOTAL     331               304      27      262
.................................................................

WIND (MPH)
AVERAGE WIND SPEED              8.7
HIGHEST WIND SPEED/DIRECTION    MM/MM
HIGHEST GUST SPEED/DIRECTION    MM/MM

AVERAGE RH (PERCENT)     67


-  INDICATES NEGATIVE NUMBERS.
R  INDICATES RECORD WAS SET OR TIED.
MM INDICATES DATA IS MISSING.
T  INDICATES TRACE AMOUNT.

&&

THE PRECIPITATION DATA SHOWN ABOVE IS RECORDED BY THE AUTOMATED
WEATHER OBSERVING SYSTEM AT THE KEARNEY AIRPORT. THE PRECIPITATION
IS DEPICTED FOR A CALENDAR DAY FROM MIDNIGHT TO MIDNIGHT. SNOWFALL
IS NOT RECORDED BY THAT SYSTEM.

THE OFFICIAL PRECIPITATION...SNOWFALL...AND SNOW DEPTH OBSERVATION
FOR KEARNEY IS RECORDED DAILY BY THE COOPERATIVE OBSERVER AT 7 AM.
THAT INFORMATION FOLLOWS...

...KEARNEY 4NE COOPERATIVE OBSERVER REPORT FOR JULY 2015...

PRECIPITATION (IN)
MONTH TO DATE..................   2.36
YEAR TO DATE...................  16.04

SNOWFALL (IN)
MONTH TO DATE..................   0.0
SEASONAL TOTAL (SINCE JULY 1ST)   0.0

$$
REED
