660
CXUS56 KOTX 012314 CCA
CLMEAT

CLIMATE REPORT
NATIONAL WEATHER SERVICE SPOKANE, WA
451 AM PDT TUE AUG 1 2017

...................................

...THE WENATCHEE WA PANGBORN FIELD CLIMATE SUMMARY FOR THE MONTH OF JULY 2017...

CLIMATE NORMAL PERIOD 1981 TO 2010
CLIMATE RECORD PERIOD 1959 TO 2017

WEATHER         OBSERVED          NORMAL  DEPART  LAST YEAR`S
                 VALUE   DATE(S)  VALUE   FROM    VALUE  DATE(S)
                                          NORMAL
................................................................
TEMPERATURE (F)
RECORD
 HIGH             108   07/27/1998
 LOW               43   07/07/1971
                        07/02/1962
HIGHEST            99   07/07        MM      MM      101  07/29
                        07/06
LOWEST             56   07/17        MM      MM       53  07/06
AVG. MAXIMUM     91.2              87.0     4.2     84.5
AVG. MINIMUM     63.5              61.4     2.1     60.6
MEAN             77.4              74.2     3.2     72.5
DAYS MAX >= 90     22              12.0    10.0        9
DAYS MAX <= 32      0               0.0     0.0        0
DAYS MIN <= 32      0               0.0     0.0        0
DAYS MIN <= 0       0               0.0     0.0        0

PRECIPITATION (INCHES)
RECORD
 MAXIMUM         1.14   1965
 MINIMUM            T   2008
                        2007
                        2003
TOTALS           0.00R             0.27   -0.27     0.26
DAILY AVG.       0.00              0.01   -0.01     0.01
DAYS >= .01         0               2.6    -2.6        6
DAYS >= .10         0               0.9    -0.9        0
DAYS >= .50         0               0.1    -0.1        0
DAYS >= 1.00        0               0.0     0.0        0
GREATEST
 24 HR. TOTAL    0.00   07/31 TO 07/31           07/17 TO 07/18

DEGREE_DAYS
COOLING TOTAL     389               269     120      244
 SINCE 1/1        569               708    -139      466
.........................................................

WIND (MPH)
AVERAGE WIND SPEED              10.4
HIGHEST WIND SPEED/DIRECTION    31/310    DATE  07/10
HIGHEST GUST SPEED/DIRECTION    39/320    DATE  07/10

SKY COVER
POSSIBLE SUNSHINE (PERCENT)   MM
AVERAGE SKY COVER           0.00
NUMBER OF DAYS FAIR           31
NUMBER OF DAYS PC              0
NUMBER OF DAYS CLOUDY          0

AVERAGE RH (PERCENT)     34

WEATHER CONDITIONS. NUMBER OF DAYS WITH
THUNDERSTORM              0     MIXED PRECIP               0
HEAVY RAIN                0     RAIN                       0
LIGHT RAIN                0     FREEZING RAIN              0
LT FREEZING RAIN          0     HAIL                       0
HEAVY SNOW                0     SNOW                       0
LIGHT SNOW                0     SLEET                      0
FOG                       0     FOG W/VIS <= 1/4 MILE      0
HAZE                      0

-  INDICATES NEGATIVE NUMBERS.
R  INDICATES RECORD WAS SET OR TIED.
MM INDICATES DATA IS MISSING.
T  INDICATES TRACE AMOUNT.

$$

JULY 2017 WAS VERY DRY ALONG WITH WARMER THAN NORMAL TEMPERATURES
ACROSS NORTH CENTRAL WASHINGTON.  NEARLY ALL STATIONS IN THE AREA
REPORTED NO RAIN WITH VIRTUALLY NO LIGHTNING FOR THE MONTH AS WELL
EXCEPT FOR THUNDERSTORMS THAT TRACKED EAST OF THE AREA ACROSS THE
COLUMBIA BASIN INTO THE OKANOGAN HIGHLANDS EARLY ON THE 15TH...AND
ONE SHORT LIVED STORM THAT DEVELOPED SOUTH OF LEAVENWORTH ON THE
18TH. WHILE THERE WERE NO RECORD BREAKING HEAT SPELLS WITH WENATCHEE
NEVER REACHING THE CENTURY MARK...90 OR WARMER WAS REACHED 22 DAYS
WITH THE JULY NORMAL 14 DAYS. REGARDING PRECIPITATION NO RAIN WAS
RECORDED WHICH MADE IT THE DRIEST JULY ON RECORD AT THE WENATCHEE
AIRPORT. HOWEVER THE WENATCHEE WATERPLANT WHICH HAS A LONGER PERIOD
OF RECORD HAS RECORDED NO RAIN FOR THE MONTH OF JULY 6 TIMES.

AS MENTIONED ABOVE...ONE RECORD WAS SET DURING THE MONTH AT THE
WENATCHEE AIRPORT WITH 0.00 INCHES OF RAIN FOR THE MONTH MAKING IT
THE DRIEST JULY ON RECORD.
