000
CXUS56 KEKA 022012
CLMEKA

SFOCLMBHX 000
TTAA00 KEKA 022003


CLIMATE REPORT
NATIONAL WEATHER SERVICE EUREKA CA
1202 PM PST MON MAR 2 2015

...................................

...THE EUREKA CA CLIMATE SUMMARY FOR THE MONTH OF FEBRUARY 2015...

CLIMATE NORMAL PERIOD 1981 TO 2010
CLIMATE RECORD PERIOD 1886 TO 2015

WEATHER         OBSERVED          NORMAL  DEPART  LAST YEAR`S
                 VALUE   DATE(S)  VALUE   FROM    VALUE
                                          NORMAL
.............................................................
TEMPERATURE (F)
RECORD
 HIGH              85   02/17/1930
 LOW               24   02/04/1899
HIGHEST            67   02/15                MM
                        02/08
                        02/06
LOWEST             34   02/23                MM
AVG. MAXIMUM     59.5                       3.4
AVG. MINIMUM     45.8                       4.1
MEAN             52.7                       3.8

PRECIPITATION (INCHES)
RECORD
 MAXIMUM        19.49   1902
 MINIMUM         0.50   1923
TOTALS           5.04              5.63   -0.59
DAYS >= .01        11              14.9    -3.9       15
DAYS >= .10         7              10.1    -3.1       11
DAYS >= .50         4               4.2    -0.2        4
DAYS >= 1.00        2               1.1     0.9        1
GREATEST
 24 HR. TOTAL    2.21   02/05 TO 02/06

SNOWFALL (INCHES)
 LIQUID 7/1      0.00                        MM

DEGREE_DAYS
HEATING TOTAL     340               451    -111      417
 SINCE 7/1       2155              2922    -767     3091
COOLING TOTAL       0                 0       0        0
 SINCE 1/1          0                 0       0        0
..............................................................

WIND (MPH)
AVERAGE WIND SPEED              5.0
HIGHEST WIND SPEED/DIRECTION    23/170    DATE  02/08
HIGHEST GUST SPEED/DIRECTION    46/200    DATE  02/09

SKY COVER
POSSIBLE SUNSHINE (PERCENT)   MM
AVERAGE SKY COVER           0.70
NUMBER OF DAYS FAIR            7
NUMBER OF DAYS PC              4
NUMBER OF DAYS CLOUDY         17


WEATHER CONDITIONS. NUMBER OF DAYS WITH
THUNDERSTORM              0     HEAVY RAIN                 0
RAIN                      3     LIGHT RAIN                14
HAIL                      0     SLEET                      0
FOG                       9     FOG W/VIS <= 1/4 MILE      3
HAZE                      3

-  INDICATES NEGATIVE NUMBERS.
R  INDICATES RECORD WAS SET OR TIED.
MM INDICATES DATA IS MISSING.
T  INDICATES TRACE AMOUNT.

&&

TOTAL RAINFALL...............  5.04 DEPARTURE FROM NORMAL..... -0.59
TOTAL SINCE JANUARY 1ST......  6.40 DEPARTURE FROM NORMAL..... -5.73
TOTAL SINCE OCT 1ST.......... 24.78 DEPARTURE FROM NORMAL..... -3.32

HIGHEST SLP......... 30.38 ON 25TH LOWEST SLP.......... 29.48 ON 6TH


...REMARKS...FEBRUARY WAS A MONTH OF CONTRASTS. MOST OF THE RAIN
FOR THE MONTH FELL IN THE FIRST WEEK AS SEVERAL WARM STORM SYSTEMS
MOVED ACROSS THE AREA. THEN HIGH PRESSURE BUILT OVER THE AREA AND
BLOCKED THE SYSTEMS FROM COMING INTO THE AREA UNTIL LATE IN THE
MONTH. THIS BROUGHT SOME WARM TEMPERATURES ACROSS THE
AREA...ALTHOUGH NO RECORDS WERE SET. THERE WAS ALSO A SOUTHERLY
SURGE OF STRATUS...A PATTERN TYPICALLY JUST SEEN IN THE SUMMER TIME.
FINALLY...AFTER NEARLY TWO WEEKS OF ALMOST NO RAIN ANOTHER SYSTEM
MOVED INTO THE AREA. THIS SYSTEM WAS FROM THE NORTH AND BROUGHT SOME
LIGHT RAIN AND COOLER TEMPERATURES TO THE AREA. OVERALL THE TREND OF
ABOVE NORMAL TEMPERATURES CONTINUED WITH TEMPERATURES ONE TO TWO
DEGREES ABOVE NORMAL. RAINFALL WAS MUCH CLOSER TO NORMAL THAN
LAST MONTH...ONLY SLIGHTLY BELOW NORMAL THIS MONTH.

$$
