000
CXUS55 KLKN 011901
CLMEKO


CLIMATE REPORT
NATIONAL WEATHER SERVICE ELKO NV
1048 AM PST WED FEB 1 2017

...................................

...THE ELKO AIRPORT NV CLIMATE SUMMARY FOR THE MONTH OF JANUARY 2017...

CLIMATE NORMAL PERIOD 1981 TO 2010
CLIMATE RECORD PERIOD 1888 TO 2017

WEATHER         OBSERVED          NORMAL  DEPART  LAST YEAR`S
                 VALUE   DATE(S)  VALUE   FROM    VALUE  DATE(S)
                                          NORMAL
................................................................
TEMPERATURE (F)
RECORD
 HIGH              65   01/26/2015
                        01/31/2003
                        83/07/2399
 LOW              -43   01/21/1937
HIGHEST            44   01/08        52      -8       44  01/29
LOWEST            -17   01/06        -6     -11      -17  01/01
AVG. MAXIMUM     30.7              36.3    -5.6     32.7
AVG. MINIMUM     12.2              13.9    -1.7     13.7
MEAN             21.5              25.1    -3.6     23.2
DAYS MAX >= 90      0               0.0     0.0        0
DAYS MAX <= 32     17               9.5     7.5       13
DAYS MIN <= 32     30              29.6     0.4       31
DAYS MIN <= 0       6               4.3     1.7        2

PRECIPITATION (INCHES)
RECORD
 MAXIMUM         5.71   1916
 MINIMUM            T   1920
                        1919
                        1915
TOTALS           2.48              1.12    1.36     1.97
DAILY AVG.       0.08              0.04    0.04     0.06
DAYS >= .01        18               9.1     8.9       16
DAYS >= .10         9               3.4     5.6        6
DAYS >= .50         0               0.5    -0.5        2
DAYS >= 1.00        0               0.0     0.0        0
GREATEST
 24 HR. TOTAL    0.36   01/09 TO 01/09              1.02

SNOWFALL (INCHES)
RECORDS
 TOTAL           48.5   1916
TOTALS           30.6              10.5    20.1     17.5
SINCE 7/1        48.3              26.1    22.2     52.6
SNOWDEPTH AVG.      7                                  9
DAYS >= TRACE      25               7.6    17.4       21
DAYS >= 1.0        10               3.4     6.6        4
DAYS >= 5.0         1                                  1
GREATEST
 SNOW DEPTH        11   01/21                         13
 24 HR TOTAL      7.5   01/20 TO 01/20               5.5

DEGREE_DAYS
HEATING TOTAL    1340              1237     103     1288
 SINCE 7/1       3939              4185    -246     4019
COOLING TOTAL       0                 0       0        0
 SINCE 1/1          0                 0       0        0
.................................................................

WIND (MPH)
AVERAGE WIND SPEED              6.3
HIGHEST WIND SPEED/DIRECTION    45/270    DATE  01/11
HIGHEST GUST SPEED/DIRECTION    56/270    DATE  01/11

AVERAGE RH (PERCENT)     76

WEATHER CONDITIONS. NUMBER OF DAYS WITH
THUNDERSTORM              0     MIXED PRECIP               0
HEAVY RAIN                0     RAIN                       3
LIGHT RAIN                5     FREEZING RAIN              0
LT FREEZING RAIN          0     HAIL                       0
HEAVY SNOW                0     SNOW                       3
LIGHT SNOW               25     SLEET                      0
FOG                      23     FOG W/VIS <= 1/4 MILE      3
HAZE                      7

-  INDICATES NEGATIVE NUMBERS.
R  INDICATES RECORD WAS SET OR TIED.
MM INDICATES DATA IS MISSING.
T  INDICATES TRACE AMOUNT.

&&

====================================================================

...1OTH WETTEST JANUARY ON RECORD IN ELKO...
...4TH SNOWIEST JANUARY ON RECORD IN ELKO...

A RECORD DAILY SNOWFALL OF 7.5 INCHES WAS SET ON JANUARY 20TH.

$$

DS
