000
CXUS54 KEPZ 060912 CCA
CLMELP

CLIMATE REPORT...CORRECTED TSTM DAYS
NATIONAL WEATHER SERVICE EL PASO, TX
312 AM MDT TUE JUL 6 2014

...................................

...THE EL PASO CLIMATE SUMMARY FOR THE MONTH OF JUNE 2014...

CLIMATE NORMAL PERIOD 1981 TO 2010
CLIMATE RECORD PERIOD 1879 TO 2014

WEATHER         OBSERVED          NORMAL  DEPART  LAST YEAR`S
                 VALUE   DATE(S)  VALUE   FROM    VALUE  DATE(S)
                                          NORMAL
................................................................
TEMPERATURE (F)
RECORD
 HIGH             114   06/30/1994
 LOW               46   06/01/1988
                        06/03/1919
HIGHEST           109   06/03        98      11      107  06/27
LOWEST             68   06/10        61       7       64  06/08
AVG. MAXIMUM    101.2              95.5     5.7    100.3
AVG. MINIMUM     74.5              68.0     6.5     73.2
MEAN             87.8              81.7     6.1     86.8
DAYS MAX >= 90     30              24.9     5.1       30
DAYS MAX <= 32      0               0.0     0.0        0
DAYS MIN <= 32      0               0.0     0.0        0
DAYS MIN <= 0       0               0.0     0.0        0

PRECIPITATION (INCHES)
RECORD
 MAXIMUM         3.18
 MINIMUM         0.00
TOTALS           0.01              0.94   -0.93     0.16
DAYS >= .01         1                                  3
DAYS >= .10         0                                  1
DAYS >= .50         0                                  0
DAYS >= 1.00        0                                  0
GREATEST
 24 HR. TOTAL    0.01   06/23 TO 06/23
                        06/22 TO 06/23
                        06/23 TO 06/23
 STORM TOTAL       MM
 (MM/DD(HH))            MM

DEGREE_DAYS
HEATING TOTAL       0                 0       0        0
 SINCE 7/1       2049              2474    -425     2219
COOLING TOTAL     693               502     191      663
 SINCE 1/1       1120               879     241     1171

FREEZE DATES
RECORD
 EARLIEST     10/16/1880
 LATEST       05/02/1967
EARLIEST      12/02             12/06
LATEST        01/29             02/07
.................................................................

WIND (MPH)
AVERAGE WIND SPEED              10.0
HIGHEST WIND SPEED/DIRECTION    43/260    DATE  06/13
HIGHEST GUST SPEED/DIRECTION    55/250    DATE  06/13

SKY COVER
POSSIBLE SUNSHINE (PERCENT)   MM
AVERAGE SKY COVER           0.30
NUMBER OF DAYS FAIR           21
NUMBER OF DAYS PC              9
NUMBER OF DAYS CLOUDY          0

AVERAGE RH (PERCENT)     20

WEATHER CONDITIONS. NUMBER OF DAYS WITH
THUNDERSTORM              1     MIXED PRECIP               0
HEAVY RAIN                0     RAIN                       0
LIGHT RAIN                6     FREEZING RAIN              0
LT FREEZING RAIN          0     HAIL                       0
HEAVY SNOW                0     SNOW                       0
LIGHT SNOW                0     SLEET                      0
FOG                       0     FOG W/VIS <= 1/4 MILE      0
HAZE                      3

-  INDICATES NEGATIVE NUMBERS.
R  INDICATES RECORD WAS SET OR TIED.
MM INDICATES DATA IS MISSING.
T  INDICATES TRACE AMOUNT.

$$
