070
CXUS54 KEPZ 011126
CLMELP


CLIMATE REPORT
NATIONAL WEATHER SERVICE EL PASO, TX
523 AM MDT THU JUN 1 2017

...................................

...THE EL PASO     CLIMATE SUMMARY FOR THE MONTH OF MAY 2017...

CLIMATE NORMAL PERIOD 1981 TO 2010
CLIMATE RECORD PERIOD 1879 TO 2017

WEATHER         OBSERVED          NORMAL  DEPART  LAST YEAR`S
                 VALUE   DATE(S)  VALUE   FROM    VALUE  DATE(S)
                                          NORMAL
................................................................
TEMPERATURE (F)
RECORD
 HIGH             105   05/23/2005
                        05/22/2005
 LOW               31   05/02/1967
HIGHEST            95   05/25        93       2       97  05/06
                        05/24
                        05/22
LOWEST             50   05/01        52      -2       44  05/02
AVG. MAXIMUM     88.0              87.8     0.2     86.8
AVG. MINIMUM     61.5              60.0     1.5     59.9
MEAN             74.7              73.9     0.8     73.4
DAYS MAX >= 90     13              12.5     0.5       15
DAYS MAX <= 32      0               0.0     0.0        0
DAYS MIN <= 32      0               0.0     0.0        0
DAYS MIN <= 0       0               0.0     0.0        0

PRECIPITATION (INCHES)
RECORD
 MAXIMUM         4.22
 MINIMUM         0.00
TOTALS           0.03              0.47   -0.44     0.06
DAYS >= .01         1                                  2
DAYS >= .10         0                                  0
DAYS >= .50         0                                  0
DAYS >= 1.00        0                                  0
GREATEST
 24 HR. TOTAL    0.03   05/29 TO 05/29
 STORM TOTAL       MM
 (MM/DD(HH))            MM

DEGREE_DAYS
HEATING TOTAL       2                 9      -7       14
 SINCE 7/1       1577              2474    -897     2018
COOLING TOTAL     312               285      27      282
 SINCE 1/1        554               377     177      396

FREEZE DATES
RECORD
 EARLIEST     10/16/1880
 LATEST       05/02/1967
EARLIEST                        12/06
LATEST                          02/07
.................................................................

WIND (MPH)
AVERAGE WIND SPEED              10.6
HIGHEST WIND SPEED/DIRECTION    45/250    DATE  05/16
HIGHEST GUST SPEED/DIRECTION    58/270    DATE  05/16

SKY COVER
POSSIBLE SUNSHINE (PERCENT)   MM
AVERAGE SKY COVER           0.20
NUMBER OF DAYS FAIR           25
NUMBER OF DAYS PC              6
NUMBER OF DAYS CLOUDY          0

AVERAGE RH (PERCENT)     21

WEATHER CONDITIONS. NUMBER OF DAYS WITH
THUNDERSTORM              3     MIXED PRECIP               0
HEAVY RAIN                0     RAIN                       0
LIGHT RAIN                4     FREEZING RAIN              0
LT FREEZING RAIN          0     HAIL                       0
HEAVY SNOW                0     SNOW                       0
LIGHT SNOW                0     SLEET                      0
FOG                       0     FOG W/VIS <= 1/4 MILE      0
HAZE                      4

-  INDICATES NEGATIVE NUMBERS.
R  INDICATES RECORD WAS SET OR TIED.
MM INDICATES DATA IS MISSING.
T  INDICATES TRACE AMOUNT.

$$
