000
CXUS55 KLKN 020517
CLMELY


CLIMATE REPORT
NATIONAL WEATHER SERVICE ELKO NV
1002 PM PDT TUE APR 1 2014

...................................

...THE ELY AIRPORT NV CLIMATE SUMMARY FOR THE MONTH OF MARCH 2014...

CLIMATE NORMAL PERIOD 1981 TO 2010
CLIMATE RECORD PERIOD 1893 TO 2014

WEATHER         OBSERVED          NORMAL  DEPART  LAST YEAR`S
                 VALUE   DATE(S)  VALUE   FROM    VALUE  DATE(S)
                                          NORMAL
................................................................
TEMPERATURE (F)
RECORD
 HIGH              76   03/21/2004
                        03/20/2004
 LOW              -13   03/03/1952
HIGHEST            67   03/16        65       2       72  03/14
LOWEST             10   03/19         3       7       11  03/24
AVG. MAXIMUM     54.0              50.2     3.8     54.6
AVG. MINIMUM     21.9              22.4    -0.5     25.8
MEAN             38.0              36.3     1.7     40.2
DAYS MAX >= 90      0               0.0     0.0        0
DAYS MAX <= 32      0               0.7    -0.7        0
DAYS MIN <= 32     29              28.5     0.5       27
DAYS MIN <= 0       0               0.3    -0.3        0

PRECIPITATION (INCHES)
RECORD
 MAXIMUM         4.30   1894
 MINIMUM         0.03   1997
TOTALS           0.42              0.93   -0.51     0.25
DAILY AVG.       0.01              0.03   -0.02     0.01
DAYS >= .01         5               7.6    -2.6        4
DAYS >= .10         1               3.5    -2.5        1
DAYS >= .50         0               0.2    -0.2        0
DAYS >= 1.00        0               0.0     0.0        0
GREATEST
 24 HR. TOTAL    0.23   03/30 TO 03/30              0.19

SNOWFALL (INCHES)
RECORDS
 TOTAL           42.0   1894
TOTALS            4.4               8.3    -3.9      3.1
SINCE 7/1        43.5              43.2     0.3     58.5
SNOWDEPTH AVG.      0                                  0
DAYS >= TRACE       6               5.9     0.1        6
DAYS >= 1.0         1               2.9    -1.9        1
DAYS >= 5.0         0                                  0
GREATEST
 SNOW DEPTH         1   03/27                          2
                        03/01
 24 HR TOTAL      2.4   MM                           2.7

DEGREE_DAYS
HEATING TOTAL     833               890     -57      761
 SINCE 7/1       5852              6227    -375     5980
COOLING TOTAL       0                 0       0        0
 SINCE 1/1          0                 0       0        0
.................................................................

WIND (MPH)
AVERAGE WIND SPEED              10.1
HIGHEST WIND SPEED/DIRECTION    38/290    DATE  03/17
HIGHEST GUST SPEED/DIRECTION    48/190    DATE  03/30

AVERAGE RH (PERCENT)     51

WEATHER CONDITIONS. NUMBER OF DAYS WITH
THUNDERSTORM              0     MIXED PRECIP               0
HEAVY RAIN                0     RAIN                       1
LIGHT RAIN                4     FREEZING RAIN              0
LT FREEZING RAIN          0     HAIL                       0
HEAVY SNOW                1     SNOW                       2
LIGHT SNOW                6     SLEET                      0
FOG                       8     FOG W/VIS <= 1/4 MILE      1
HAZE                      3

-  INDICATES NEGATIVE NUMBERS.
R  INDICATES RECORD WAS SET OR TIED.
MM INDICATES DATA IS MISSING.
T  INDICATES TRACE AMOUNT.

&&

=================================================================

...20TH WARMEST MARCH ON RECORD IN ELY...
...22ND DRIEST MARCH ON RECORD IN ELY...
...29TH LEAST SNOWY MARCH ON RECORD IN ELY...

THE AVERAGE TEMPERATURE IN ELY DURING MARCH 2014 WAS 38.0
DEGREES...WHICH IS 1.7 DEGREES ABOVE THE 1981-2010 CLIMATOLOGICAL
NORMAL OF 36.3 DEGREES. THIS MAKES MARCH 2014 THE 20TH WARMEST ON
RECORD. THE TOTAL PRECIPITATION WAS 0.42 INCHES...WHICH IS 0.51
INCHES OR 55 PERCENT BELOW THE 1981-2010 CLIMATOLOGICAL NORMAL OF
0.93 INCHES. THIS MAKES MARCH 2014 THE 22ND DRIEST ON RECORD. THE
TOTAL SNOWFALL WAS 4.4 INCHES...WHICH IS 3.9 INCHES OR 47 PERCENT
BELOW THE 1981-2010 CLIMATOLOGICAL NORMAL OF 8.3 INCHES. THIS
MAKES MARCH 2014 THE 29TH LEAST SNOWY ON RECORD.

NO DAILY RECORDS WERE SET IN ELY DURING MARCH 2014.

$$

RCM
