432
CXUS55 KLKN 032001
CLMELY


CLIMATE REPORT
NATIONAL WEATHER SERVICE ELKO NV
1246 PM PDT MON JUL 3 2017

...................................

...THE ELY AIRPORT NV CLIMATE SUMMARY FOR THE MONTH OF JUNE 2017...

CLIMATE NORMAL PERIOD 1981 TO 2010
CLIMATE RECORD PERIOD 1893 TO 2017

WEATHER         OBSERVED          NORMAL  DEPART  LAST YEAR`S
                 VALUE   DATE(S)  VALUE   FROM    VALUE  DATE(S)
                                          NORMAL
................................................................
TEMPERATURE (F)
RECORD
 HIGH              99   06/29/2013
                        06/22/1954
                        08/04/1978
 LOW               18   06/14/1976
HIGHEST            97   06/20        91       6       94  06/27
LOWEST             34   06/14        28       6       35  06/01
AVG. MAXIMUM     85.9              79.0     6.9     84.2
AVG. MINIMUM     43.0              40.9     2.1     44.8
MEAN             64.4              60.0     4.4     64.5
DAYS MAX >= 90     11               1.9     9.1        9
DAYS MAX <= 32      0               0.0     0.0        0
DAYS MIN <= 32      0               2.5    -2.5        0
DAYS MIN <= 0       0               0.0     0.0        0

PRECIPITATION (INCHES)
RECORD
 MAXIMUM         3.53   1963
 MINIMUM         0.00   1910
                        1893
TOTALS           0.02              0.67   -0.65     1.56
DAILY AVG.       0.00              0.02   -0.02     0.05
DAYS >= .01         1               4.8    -3.8        5
DAYS >= .10         0               2.1    -2.1        2
DAYS >= .50         0               0.3    -0.3        1
DAYS >= 1.00        0               0.1    -0.1        1
GREATEST
 24 HR. TOTAL    0.02   06/12 TO 06/12              1.52

SNOWFALL (INCHES)
RECORDS
 TOTAL            1.7   1955
TOTALS              T               0.1    -0.1      0.0
SINCE 7/1        68.0              50.8    17.2    100.4
SNOWDEPTH AVG.      0                                  0
DAYS >= TRACE       1               0.2     0.8        0
DAYS >= 1.0         0               0.0     0.0        0
DAYS >= 5.0         0                                  0
GREATEST
 SNOW DEPTH         0   MM                             0
 24 HR TOTAL        T   06/12 TO 06/12               0.0

DEGREE_DAYS
HEATING TOTAL      72               175    -103       61
 SINCE 7/1       6861              7522    -661     7322
COOLING TOTAL      62                23      39       55
 SINCE 1/1         62                24      38       55
.................................................................

WIND (MPH)
AVERAGE WIND SPEED              10.2
HIGHEST WIND SPEED/DIRECTION    44/200    DATE  06/11
HIGHEST GUST SPEED/DIRECTION    58/200    DATE  06/11

AVERAGE RH (PERCENT)     34

WEATHER CONDITIONS. NUMBER OF DAYS WITH
THUNDERSTORM              0     MIXED PRECIP               0
HEAVY RAIN                0     RAIN                       0
LIGHT RAIN                2     FREEZING RAIN              0
LT FREEZING RAIN          0     HAIL                       0
HEAVY SNOW                0     SNOW                       0
LIGHT SNOW                1     SLEET                      0
FOG                       1     FOG W/VIS <= 1/4 MILE      0
HAZE                      1

-  INDICATES NEGATIVE NUMBERS.
R  INDICATES RECORD WAS SET OR TIED.
MM INDICATES DATA IS MISSING.
T  INDICATES TRACE AMOUNT.

&&

=====================================================================

...5TH WARMEST JUNE ON RECORD IN ELY...
...TIED 13TH DRIEST JUNE ON RECORD IN ELY...

RECORD DAILY SNOWFALL TRACE SET ON JUNE 12TH.
RECORD DAILY HIGH TEMP 95 SET ON JUNE 19TH.
RECORD DAILY HIGH TEMP 97 TIED ON JUNE 20TH.
RECORD DAILY HIGH TEMP 96 SET ON JUNE 21ST.

$$

DS
