000
CXUS53 KTOP 011425
CLMEMP


CLIMATE REPORT
NATIONAL WEATHER SERVICE TOPEKA KS
924 AM CDT MON JUN 1 2015

...................................

...THE EMPORIA KS CLIMATE SUMMARY FOR THE MONTH OF MAY 2015...

CLIMATE NORMAL PERIOD 1981 TO 2010
CLIMATE RECORD PERIOD 9999 TO 9999

WEATHER         OBSERVED          NORMAL  DEPART  LAST YEAR`S
                 VALUE   DATE(S)  VALUE   FROM    VALUE
                                          NORMAL
.............................................................
TEMPERATURE (F)
HIGHEST            86   05/03                         94
LOWEST             39   05/12                         33
AVG. MAXIMUM     72.6              76.1    -3.5     78.4
AVG. MINIMUM     53.7              54.8    -1.1     54.0
MEAN             63.2              65.4    -2.2     66.2
DAYS MAX >= 90      0               1.0    -1.0        2
DAYS MAX <= 32      0               0.0     0.0        0
DAYS MIN <= 32      0               0.0     0.0        0
DAYS MIN <= 0       0               0.0     0.0        0

PRECIPITATION (INCHES)
TOTALS           8.75              4.91    3.84     3.06
DAILY AVG.       0.28                               0.10
DAYS >= .01        19                                  9
DAYS >= .10        13                                  4
DAYS >= .50         6                                  3
DAYS >= 1.00        3                                  1
GREATEST
 24 HR. TOTAL    2.37   05/23 TO 05/24              1.47

DEGREE_DAYS
HEATING TOTAL     111                82      29      113
 SINCE 7/1       4872              4811      61     5494
COOLING TOTAL      62                96     -34      158
 SINCE 1/1         68               119     -51      176
..............................................................

WIND (MPH)
AVERAGE WIND SPEED              10.8
HIGHEST WIND SPEED/DIRECTION    33/180    DATE  05/06
HIGHEST GUST SPEED/DIRECTION    44/180    DATE  05/06

SKY COVER
POSSIBLE SUNSHINE (PERCENT)   MM
AVERAGE SKY COVER           0.50
NUMBER OF DAYS FAIR           11
NUMBER OF DAYS PC             12
NUMBER OF DAYS CLOUDY          8

AVERAGE RH (PERCENT)     75

WEATHER CONDITIONS. NUMBER OF DAYS WITH
THUNDERSTORM             10     MIXED PRECIP               0
HEAVY RAIN                7     RAIN                       8
LIGHT RAIN               19     FREEZING RAIN              0
LT FREEZING RAIN          0     HEAVY SNOW                 0
SNOW                      0     LIGHT SNOW                 0
FOG                      20     FOG W/VIS <= 1/4 MILE      0
HAZE                      0

-  INDICATES NEGATIVE NUMBERS.
R  INDICATES RECORD WAS SET OR TIED.
MM INDICATES DATA IS MISSING.
T  INDICATES TRACE AMOUNT.

$$
