000
CXUS56 KOTX 011141
CLMEPH

CLIMATE REPORT
NATIONAL WEATHER SERVICE SPOKANE, WA
413 AM PDT WED JUL 1 2015

...................................

...THE EPHRATA WA AIRPORT CLIMATE SUMMARY FOR THE MONTH OF JUNE 2015...

CLIMATE NORMAL PERIOD 1981 TO 2010
CLIMATE RECORD PERIOD 9999 TO 9999

WEATHER         OBSERVED          NORMAL  DEPART  LAST YEAR`S
                 VALUE   DATE(S)  VALUE   FROM    VALUE  DATE(S)
                                          NORMAL
................................................................
TEMPERATURE (F)
RECORD
 HIGH             110   06/28/2015
 LOW               33   06/28/1976
HIGHEST           110R  06/28        MM      MM       90  06/23
LOWEST             48   06/03        MM      MM       48  06/17
AVG. MAXIMUM     90.8              79.7    11.1     80.9
AVG. MINIMUM     63.3              53.6     9.7     56.8
MEAN             77.1              66.6    10.5     68.8
DAYS MAX >= 90     16               3.3    12.7        1
DAYS MAX <= 32      0               0.0     0.0        0
DAYS MIN <= 32      0               0.0     0.0        0
DAYS MIN <= 0       0               0.0     0.0        0

PRECIPITATION (INCHES)
RECORD
 MAXIMUM         1.90   1984
 MINIMUM            T   2003
TOTALS              TR             0.61   -0.61     0.26
DAILY AVG.          T              0.02   -0.02     0.01
DAYS >= .01         0               4.7    -4.7        4
DAYS >= .10         0               2.0    -2.0        1
DAYS >= .50         0               0.2    -0.2        0
DAYS >= 1.00        0               0.0     0.0        0
GREATEST
 24 HR. TOTAL       T   06/29 TO 06/29           06/16 TO 06/16

SNOWFALL (INCHES)
RECORDS
 TOTAL             MM   MM
TOTALS             MM                MM      MM       MM
SINCE 7/1          MM                MM      MM       MM
SNOWDEPTH AVG.     MM                MM      MM       MM
DAYS >= 1.0        MM                MM      MM       MM
GREATEST
 SNOW DEPTH        MM                                 MM  MM
 24 HR TOTAL       MM                                 MM

DEGREE_DAYS
HEATING TOTAL       4                60     -56       23
 SINCE 7/1       4682              5969   -1287     5758
COOLING TOTAL     373               110     263      146
 SINCE 1/1        458               147     311      190
.......................................................

WIND (MPH)
AVERAGE WIND SPEED              9.1
HIGHEST WIND SPEED/DIRECTION    32/300    DATE  06/29
HIGHEST GUST SPEED/DIRECTION    45/280    DATE  06/11

SKY COVER
POSSIBLE SUNSHINE (PERCENT)   MM
AVERAGE SKY COVER           0.10
NUMBER OF DAYS FAIR           28
NUMBER OF DAYS PC              2
NUMBER OF DAYS CLOUDY          0

AVERAGE RH (PERCENT)     31

WEATHER CONDITIONS. NUMBER OF DAYS WITH
THUNDERSTORM              0     MIXED PRECIP               0
HEAVY RAIN                0     RAIN                       0
LIGHT RAIN                3     FREEZING RAIN              0
LT FREEZING RAIN          0     HAIL                       0
HEAVY SNOW                0     SNOW                       0
LIGHT SNOW                0     SLEET                      0
FOG                       0     FOG W/VIS <= 1/4 MILE      0
HAZE                      2

-  INDICATES NEGATIVE NUMBERS.
R  INDICATES RECORD WAS SET OR TIED.
MM INDICATES DATA IS MISSING.
T  INDICATES TRACE AMOUNT.

$$
