000
CXUS56 KOTX 011910 CCA
CLMEPH

CLIMATE REPORT...CORRECTED
NATIONAL WEATHER SERVICE SPOKANE, WA
139 AM PDT MON AUG 1 2016

...................................

...THE EPHRATA WA AIRPORT CLIMATE SUMMARY FOR THE MONTH OF JULY 2016...

CLIMATE NORMAL PERIOD 1981 TO 2010
CLIMATE RECORD PERIOD 9999 TO 9999

WEATHER         OBSERVED          NORMAL  DEPART  LAST YEAR`S
                 VALUE   DATE(S)  VALUE   FROM    VALUE  DATE(S)
                                          NORMAL
................................................................
TEMPERATURE (F)
RECORD
 HIGH             109   07/18/1960
 LOW               40   07/08/1981
HIGHEST           101   07/29        MM      MM      105  07/03
LOWEST             53   07/19        MM      MM       52  07/26
                        07/11
AVG. MAXIMUM     85.7              88.2    -2.5     93.3
AVG. MINIMUM     60.0              60.2    -0.2     65.4
MEAN             72.9              74.2    -1.3     79.3
DAYS MAX >= 90      9              13.8    -4.8       20
DAYS MAX <= 32      0               0.0     0.0        0
DAYS MIN <= 32      0               0.0     0.0        0
DAYS MIN <= 0       0               0.0     0.0        0

PRECIPITATION (INCHES)
RECORD
 MAXIMUM         1.93   1998
 MINIMUM            T   2014
                        2013
                        2009
TOTALS           0.32              0.40   -0.08     0.05
DAILY AVG.       0.01              0.01    0.00     0.00
DAYS >= .01         7               2.5     4.5        2
DAYS >= .10         0               0.9    -0.9        0
DAYS >= .50         0               0.2    -0.2        0
DAYS >= 1.00        0               0.1    -0.1        0
GREATEST
 24 HR. TOTAL    0.09   07/18 TO 07/18           07/27 TO 07/27

DEGREE_DAYS
HEATING TOTAL       0                 8      -8        0
 SINCE 7/1          0                 8      -8        0
COOLING TOTAL     252               293     -41      452
 SINCE 1/1        459               440      19      910
........................................................

WIND (MPH)
AVERAGE WIND SPEED              9.3
HIGHEST WIND SPEED/DIRECTION    32/310    DATE  07/14
HIGHEST GUST SPEED/DIRECTION    40/310    DATE  07/14

SKY COVER
POSSIBLE SUNSHINE (PERCENT)   MM
AVERAGE SKY COVER           0.10
NUMBER OF DAYS FAIR           28
NUMBER OF DAYS PC              3
NUMBER OF DAYS CLOUDY          0

AVERAGE RH (PERCENT)     44

WEATHER CONDITIONS. NUMBER OF DAYS WITH
THUNDERSTORM              1     MIXED PRECIP               0
HEAVY RAIN                1     RAIN                       1
LIGHT RAIN                6     FREEZING RAIN              0
LT FREEZING RAIN          0     HAIL                       0
HEAVY SNOW                0     SNOW                       0
LIGHT SNOW                0     SLEET                      0
FOG                       2     FOG W/VIS <= 1/4 MILE      0
HAZE                      0

-  INDICATES NEGATIVE NUMBERS.
R  INDICATES RECORD WAS SET OR TIED.
MM INDICATES DATA IS MISSING.
T  INDICATES TRACE AMOUNT.

$$
