046
CXUS51 KCLE 011639
CLMERI


CLIMATE REPORT
NATIONAL WEATHER SERVICE CLEVELAND OH
1237 PM EDT WED NOV 1 2017

...................................

...THE ERIE PA CLIMATE SUMMARY FOR THE MONTH OF OCTOBER 2017...

CLIMATE NORMAL PERIOD 1981 TO 2010
CLIMATE RECORD PERIOD 1873 TO 2017

WEATHER         OBSERVED          NORMAL  DEPART  LAST YEAR`S
                 VALUE   DATE(S)  VALUE   FROM    VALUE
                                          NORMAL
.............................................................
TEMPERATURE (F)
RECORD
 HIGH              89   10/04/1951
 LOW               23   10/28/1895
HIGHEST            82   10/07
LOWEST             35   10/31
AVG. MAXIMUM     66.5              60.8     5.7     65.0
AVG. MINIMUM     49.8              45.3     4.5     50.1
MEAN             58.2              53.0     5.2     57.6
DAYS MAX >= 90      0               0.0     0.0        0
DAYS MAX <= 32      0               0.0     0.0        0
DAYS MIN <= 32      0               0.8    -0.8        0
DAYS MIN <= 0       0               0.0     0.0        0

PRECIPITATION (INCHES)
RECORD
 MAXIMUM         9.87   1954
 MINIMUM         0.02   1924
TOTALS           4.30              4.05    0.25     6.24
DAYS >= .01        15              13.4     1.6       15
DAYS >= .10        10               8.7     1.3       10
DAYS >= .50         1               2.7    -1.7        5
DAYS >= 1.00        1               0.7     0.3        1
GREATEST
 24 HR. TOTAL    1.05   10/09 TO 10/09              1.42

SNOWFALL (INCHES)
RECORDS
 TOTAL           14.7   1925
TOTALS            0.0               0.2    -0.2      0.0
SINCE 7/1         0.0               0.2    -0.2      0.0
DAYS >= 1.0         0               0.1    -0.1        0
GREATEST
 24 HR TOTAL      0.0   10/31 TO 10/31

DEGREE_DAYS
HEATING TOTAL     234               379    -145      253
 SINCE 7/1        331               503    -172      276
COOLING TOTAL      29                 9      20       30
 SINCE 1/1        697               638      59     1015
..............................................................

WIND (MPH)
AVERAGE WIND SPEED              10.3
HIGHEST WIND SPEED/DIRECTION    30/180    DATE  10/08
HIGHEST GUST SPEED/DIRECTION    46/200    DATE  10/15

SKY COVER
AVERAGE SKY COVER           0.50

AVERAGE RH (PERCENT)     71

WEATHER CONDITIONS. NUMBER OF DAYS WITH
THUNDERSTORM              0     MIXED PRECIP               0
HEAVY RAIN                5     RAIN                       7
LIGHT RAIN               16     FREEZING RAIN              0
LT FREEZING RAIN          0     HAIL                       0
HEAVY SNOW                0     SNOW                       0
LIGHT SNOW                0     SLEET                      0
FOG                      17     FOG W/VIS <= 1/4 MILE      0
HAZE                      2

-  INDICATES NEGATIVE NUMBERS.
R  INDICATES RECORD WAS SET OR TIED.
MM INDICATES DATA IS MISSING.
T  INDICATES TRACE AMOUNT.

$$
