015
CXUS53 KPAH 020613
CLMEVV

CLIMATE REPORT
NATIONAL WEATHER SERVICE PADUCAH KY
113 AM CDT FRI SEP 2 2016

...................................

...THE EVANSVILLE ASOS CLIMATE SUMMARY FOR THE MONTH OF AUGUST 2016...

CLIMATE NORMAL PERIOD 1981 TO 2010
CLIMATE RECORD PERIOD 1896 TO 2016

WEATHER         OBSERVED          NORMAL  DEPART  LAST YEAR`S
                 VALUE   DATE(S)  VALUE   FROM    VALUE  DATE(S)
                                          NORMAL
................................................................
TEMPERATURE (F)
RECORD
 HIGH             105   08/09/1930
                        08/08/1930
 LOW               43   08/29/1986
HIGHEST            94   08/30        87       7       94  08/03
LOWEST             59   08/22        65      -6       55  08/26
                                                          08/25
AVG. MAXIMUM     87.3              88.0    -0.7     85.0
AVG. MINIMUM     71.1              65.4     5.7     64.7
MEAN             79.2              76.7     2.5     74.9
DAYS MAX >= 90     11              11.6    -0.6        5
DAYS MAX <= 32      0               0.0     0.0        0
DAYS MIN <= 32      0               0.0     0.0        0
DAYS MIN <= 0       0               0.0     0.0        0

PRECIPITATION (INCHES)
RECORD
 MAXIMUM         8.51   2005
 MINIMUM         0.13   1943
TOTALS           3.14              2.98    0.16     3.06
DAILY AVG.       0.10              0.10    0.00     0.10
DAYS >= .01         8               6.9     1.1        7
DAYS >= .10         7               4.5     2.5        6
DAYS >= .50         2               1.8     0.2        2
DAYS >= 1.00        0               0.9    -0.9        1
GREATEST
 24 HR. TOTAL    1.25   08/14 TO 08/15
 STORM TOTAL       MM
 (MM/DD(HH))            MM

DEGREE_DAYS
COOLING TOTAL     449               363      86      312
 SINCE 1/1       1386              1199     187     1299
.................................................................

WIND (MPH)
AVERAGE WIND SPEED              4.6
HIGHEST WIND SPEED/DIRECTION    26/220    DATE  08/20
HIGHEST GUST SPEED/DIRECTION    34/220    DATE  08/20

SKY COVER
POSSIBLE SUNSHINE (PERCENT)   MM
AVERAGE SKY COVER           0.30
NUMBER OF DAYS FAIR           18
NUMBER OF DAYS PC             11
NUMBER OF DAYS CLOUDY          2

AVERAGE RH (PERCENT)     77

WEATHER CONDITIONS. NUMBER OF DAYS WITH
THUNDERSTORM              0     MIXED PRECIP               0
HEAVY RAIN                5     RAIN                       6
LIGHT RAIN               13     FREEZING RAIN              0
LT FREEZING RAIN          0     HAIL                       0
HEAVY SNOW                0     SNOW                       0
LIGHT SNOW                0     SLEET                      0
FOG                      19     FOG W/VIS <= 1/4 MILE      0
HAZE                      3

-  INDICATES NEGATIVE NUMBERS.
R  INDICATES RECORD WAS SET OR TIED.
MM INDICATES DATA IS MISSING.
T  INDICATES TRACE AMOUNT.

$$
