000
CXUS52 KMHX 031026
CLMEWN


CLIMATE REPORT
NATIONAL WEATHER SERVICE NEWPORT/MOREHEAD CITY NC
625 AM EDT THU SEP 3 2015

...................................

...THE NEW BERN NC CLIMATE SUMMARY FOR THE MONTH OF AUGUST 2015...

CLIMATE NORMAL PERIOD 1981 TO 2010
CLIMATE RECORD PERIOD 1948 TO 2015

WEATHER         OBSERVED          NORMAL  DEPART  LAST YEAR`S
                 VALUE   DATE(S)  VALUE   FROM    VALUE  DATE(S)
                                          NORMAL
................................................................
TEMPERATURE (F)
RECORD
 HIGH             103   08/05/1954
 LOW               50   08/30/1965
HIGHEST            96   08/05                         95  08/22
                                                          08/18
LOWEST             65   08/16                         63  08/15
                        08/15
AVG. MAXIMUM     87.6              87.9    -0.3     87.6
AVG. MINIMUM     69.8              70.4    -0.6     70.8
MEAN             78.7              79.1    -0.4     79.2
DAYS MAX >= 90      7              10.8    -3.8       14
DAYS MAX <= 32      0               0.0     0.0        0
DAYS MIN <= 32      0               0.0     0.0        0
DAYS MIN <= 0       0               0.0     0.0        0

PRECIPITATION (INCHES)
RECORD
 MAXIMUM        24.23   1955
 MINIMUM         1.19   2005
TOTALS           8.77              6.65    2.12     9.13
DAILY AVG.       0.28              0.21    0.07     0.29
DAYS >= .01         9              12.7    -3.7        9
DAYS >= .10         8               8.8    -0.8        7
DAYS >= .50         5               4.3     0.7        4
DAYS >= 1.00        4               2.2     1.8        4
GREATEST
 24 HR. TOTAL    3.17   08/26 TO 08/27

DEGREE_DAYS
COOLING TOTAL     432               439      -7      446
 SINCE 1/1       1721              1529     192     1711
.................................................................

WIND (MPH)
AVERAGE WIND SPEED              4.9
RESULTANT WIND SPEED/DIRECTION   1/071
HIGHEST WIND SPEED/DIRECTION    23/240    DATE  08/06
HIGHEST GUST SPEED/DIRECTION    33/210    DATE  08/06

SKY COVER
POSSIBLE SUNSHINE (PERCENT)   MM
AVERAGE SKY COVER           0.30
NUMBER OF DAYS FAIR           20
NUMBER OF DAYS PC              9
NUMBER OF DAYS CLOUDY          2

AVERAGE RH (PERCENT)     73

WEATHER CONDITIONS. NUMBER OF DAYS WITH
THUNDERSTORM              0     MIXED PRECIP               0
HEAVY RAIN                7     RAIN                       8
LIGHT RAIN               11     FREEZING RAIN              0
LT FREEZING RAIN          0     HAIL                       0
HEAVY SNOW                0     SNOW                       0
LIGHT SNOW                0     SLEET                      0
FOG                      19     FOG W/VIS <= 1/4 MILE      2
HAZE                      4

-  INDICATES NEGATIVE NUMBERS.
R  INDICATES RECORD WAS SET OR TIED.
MM INDICATES DATA IS MISSING.
T  INDICATES TRACE AMOUNT.

$$
