000
CXUS51 KOKX 011151
CLMEWR

CLIMATE REPORT
NATIONAL WEATHER SERVICE NEW YORK NY
649 AM EST FRI DEC 1 2017



...THE NEWARK NJ CLIMATE SUMMARY FOR THE MONTH OF NOVEMBER 2017...

CLIMATE NORMAL PERIOD 1981 TO 2010
CLIMATE RECORD PERIOD 1929 TO 2017

WEATHER         OBSERVED          NORMAL  DEPART  LAST YEAR`S
                 VALUE   DATE(S)  VALUE   FROM    VALUE  DATE(S)
                                          NORMAL
................................................................
TEMPERATURE (F)
RECORD
 HIGH              84   11/02/1950
 LOW               12   11/27/1932
HIGHEST            76   11/03        MM      MM       74  11/03
LOWEST             24   11/11        MM      MM       32  11/28
AVG. MAXIMUM     55.2              54.6     0.6     58.2
AVG. MINIMUM     37.0              39.0    -2.0     41.1
MEAN             46.1              46.8    -0.7     49.7
DAYS MAX >= 90      0               0.0     0.0        0
DAYS MAX <= 32      0               0.1    -0.1        0
DAYS MIN <= 32      8               5.3     2.7        1
DAYS MIN <= 0       0               0.0     0.0        0

PRECIPITATION (INCHES)
RECORD
 MAXIMUM        11.53   1977
 MINIMUM         0.35   1908
TOTALS           1.51              3.65   -2.14     6.52
DAILY AVG.       0.05              0.12   -0.07     0.22
DAYS >= .01         9               9.5    -0.5        7
DAYS >= .10         5               5.7    -0.7        6
DAYS >= .50         1               2.7    -1.7        3
DAYS >= 1.00        0               1.0    -1.0        3
GREATEST
 24 HR. TOTAL    0.69   11/07 TO 11/07           11/15 TO 11/15
                                                          11/14 TO 11/15
                                                          11/15 TO 11/15
 STORM TOTAL       MM                                 MM
 (MM/DD(HH))            MM                    11/15(00) TO 11/15(00)
                                                 11/15(00) TO 11/15(00)5
                                                 11/15(00) TO 11/15(00)5

SNOWFALL (INCHES)
TOTALS              T               0.4    -0.4        T
 LIQUID EQUIV      MM              0.00      MM       MM
SINCE 7/1           T               0.4    -0.4        T
 LIQUID 7/1        MM              0.00      MM       MM
SNOWDEPTH AVG.      0                MM      MM        0
DAYS >= TRACE       2               0.4     1.6        4
DAYS >= 1.0         0               0.1    -0.1        0
GREATEST
 SNOW DEPTH         0   MM                             0  MM
 24 HR TOTAL        T   11/20 TO 11/20           11/22 TO 11/22
                                                          11/15 TO 11/15
                                                          11/15 TO 11/15
 STORM TOTAL       MM                                 MM
 (MM/DD(HH))            MM                    11/22(00) TO 11/22(00)
                                                 11/15(00) TO 11/15(00)5
                                                 11/15(00) TO 11/15(00)5

DEGREE_DAYS
HEATING TOTAL     558               547      11      452
 SINCE 7/1        685               868    -183      683
COOLING TOTAL       0                 1      -1        1
 SINCE 1/1       1316              1192     124     1571
......................................................

WIND (MPH)
AVERAGE WIND SPEED              9.7
HIGHEST WIND SPEED/DIRECTION    38/270    DATE  11/19
HIGHEST GUST SPEED/DIRECTION    51/280    DATE  11/19


WEATHER CONDITIONS. NUMBER OF DAYS WITH
THUNDERSTORM              0     MIXED PRECIP               0
HEAVY RAIN                0     RAIN                       5
LIGHT RAIN               14     FREEZING RAIN              0
LT FREEZING RAIN          0     HAIL                       0
HEAVY SNOW                0     SNOW                       0
LIGHT SNOW                1     SLEET                      0
FOG                       9     FOG W/VIS <= 1/4 MILE      0
HAZE                      0

-  INDICATES NEGATIVE NUMBERS.
R  INDICATES RECORD WAS SET OR TIED.
MM INDICATES DATA IS MISSING.
T  INDICATES TRACE AMOUNT.

$$
