000
CXUS53 KIND 012118
CLMEYE


CLIMATE REPORT
NATIONAL WEATHER SERVICE INDIANAPOLIS IN
418 PM EST MON JAN 1 2018

...................................

...THE INDIANAPOLIS EAGLE CREEK IN CLIMATE SUMMARY FOR THE MONTH OF DECEMBER 2017...

CLIMATE NORMAL PERIOD 1981 TO 2010
CLIMATE RECORD PERIOD 9999 TO 9999

WEATHER         OBSERVED          NORMAL  DEPART  LAST YEAR`S
                 VALUE   DATE(S)  VALUE   FROM    VALUE  DATE(S)
                                          NORMAL
................................................................
TEMPERATURE (F)
HIGHEST            65   12/04                         66  12/26
LOWEST                  12/27                         -1  12/19
AVG. MAXIMUM     38.4              38.5    -0.1     37.2
AVG. MINIMUM     22.7              24.9    -2.2     23.8
MEAN             30.5              31.7    -1.2     30.5
DAYS MAX >= 90      0               0.0     0.0        0
DAYS MAX <= 32      9               9.2    -0.2        9
DAYS MIN <= 32     26              23.5     2.5       23
DAYS MIN <= 0       3               0.4     2.6        1

PRECIPITATION (INCHES)
TOTALS           0.94              3.08   -2.14     1.31
DAILY AVG.       0.03              0.10   -0.07     0.04
DAYS >= .01         8                MM      MM       13
DAYS >= .10         3                MM      MM        6
DAYS >= .50         1                MM      MM        0
DAYS >= 1.00        0                MM      MM        0
GREATEST
 24 HR. TOTAL    0.50   12/23 TO 12/23

DEGREE_DAYS
HEATING TOTAL    1060              1032      28     1063
 SINCE 7/1       1955              2056    -101     1747
COOLING TOTAL       0                 0       0        0
 SINCE 1/1       1146              1058      88     1453
.................................................................

WIND (MPH)
AVERAGE WIND SPEED              7.9
HIGHEST WIND SPEED/DIRECTION    38/290    DATE  12/13
HIGHEST GUST SPEED/DIRECTION    51/280    DATE  12/13

SKY COVER
POSSIBLE SUNSHINE (PERCENT)   MM
AVERAGE SKY COVER           0.50
NUMBER OF DAYS FAIR           11
NUMBER OF DAYS PC             11
NUMBER OF DAYS CLOUDY          8

AVERAGE RH (PERCENT)     65

WEATHER CONDITIONS. NUMBER OF DAYS WITH
THUNDERSTORM              0     MIXED PRECIP               0
HEAVY RAIN                0     RAIN                       1
LIGHT RAIN                4     FREEZING RAIN              0
LT FREEZING RAIN          1     HAIL                       0
HEAVY SNOW                0     SNOW                       2
LIGHT SNOW               10     SLEET                      0
FOG                      10     FOG W/VIS <= 1/4 MILE      1
HAZE                      7

-  INDICATES NEGATIVE NUMBERS.
R  INDICATES RECORD WAS SET OR TIED.
MM INDICATES DATA IS MISSING.
T  INDICATES TRACE AMOUNT.

$$
