434
CXUS52 KKEY 011613
CLMEYW


CLIMATE REPORT
NATIONAL WEATHER SERVICE KEY WEST, FL
1212 PM EDT SUN OCT 1 2017

...................................

...THE KEY WEST CLIMATE SUMMARY FOR THE MONTH OF SEPTEMBER 2017...

CLIMATE NORMAL PERIOD 1981 TO 2010
CLIMATE RECORD PERIOD 1871 TO 2017

WEATHER         OBSERVED          NORMAL  DEPART  LAST YEAR`S
                 VALUE   DATE(S)  VALUE   FROM    VALUE  DATE(S)
                                          NORMAL
................................................................
TEMPERATURE (F)
RECORD
 HIGH              95   09/03/2007
                        09/02/1956
                        09/01/1956
 LOW               69   09/17/1985
                        09/30/1945
                        09/02/1898
HIGHEST            93   09/08                         92  09/20
LOWEST             75   09/28                         74  09/27
AVG. MAXIMUM     88.9              87.9     1.0     88.6
AVG. MINIMUM     80.3              78.5     1.8     79.1
MEAN             84.6              83.2     1.4     83.9
DAYS MAX >= 90     15               4.3    10.7       11
DAYS MAX <= 32      0               0.0     0.0        0
DAYS MIN <= 32      0               0.0     0.0        0
DAYS MIN <= 0       0               0.0     0.0        0

PRECIPITATION (INCHES)
RECORD
 MAXIMUM        18.45   1963
 MINIMUM         1.71   1961
TOTALS           9.28              6.71    2.57     8.04
DAILY AVG.       0.31              0.22    0.09     0.27
DAYS >= .01        12              16.2    -4.2       14
DAYS >= .10         8              10.5    -2.5       10
DAYS >= .50         4               3.8     0.2        6
DAYS >= 1.00        4               1.7     2.3        2

SNOWFALL (INCHES)
RECORDS
 TOTAL            0.0
TOTALS            0.0               0.0     0.0      0.0
SINCE 7/1         0.0               0.0     0.0      0.0
SNOWDEPTH AVG.      0               0.0     0.0        0
DAYS >= 1.0         0               0.0     0.0        0
GREATEST
 SNOW DEPTH         0                                 0
 24 HR TOTAL      0.0   09/30 TO 09/30

DEGREE_DAYS
HEATING TOTAL       0                 0       0        0
 SINCE 7/1          0                 0       0        0
COOLING TOTAL     596               546      50      574
 SINCE 1/1       4227              3735     492     3881
.................................................................

WIND (MPH)
AVERAGE WIND SPEED              7.5
HIGHEST WIND SPEED/DIRECTION    60/020    DATE  09/10
HIGHEST GUST SPEED/DIRECTION    94/030    DATE  09/10

SKY COVER
POSSIBLE SUNSHINE (PERCENT)   MM
AVERAGE SKY COVER           0.20
NUMBER OF DAYS FAIR           21
NUMBER OF DAYS PC              4
NUMBER OF DAYS CLOUDY          0

AVERAGE RH (PERCENT)     75

WEATHER CONDITIONS. NUMBER OF DAYS WITH
THUNDERSTORM             12     MIXED PRECIP               0
HEAVY RAIN                6     RAIN                       6
LIGHT RAIN               10     FREEZING RAIN              0
LT FREEZING RAIN          0     HAIL                       0
HEAVY SNOW                0     SNOW                       0
LIGHT SNOW                0     SLEET                      0
FOG                       6     FOG W/VIS <= 1/4 MILE      1
HAZE                      1

-  INDICATES NEGATIVE NUMBERS.
R  INDICATES RECORD WAS SET OR TIED.
MM INDICATES DATA IS MISSING.
T  INDICATES TRACE AMOUNT.

$$

WITH AN AVERAGE TEMPERATURE OF 84.6 DEGREES FAHRENHEIT OBSERVED LAST
MONTH, 1.4 DEGREES ABOVE NORMAL, SEPTEMBER 2017 RANKED AS THE 11TH
WARMEST SEPTEMBER ON RECORD FOR KEY WEST. THE WARMEST SEPTEMBER ON
RECORD WAS BACK IN 1951, WITH AN AVERAGE TEMPERATURE OF 85.2 DEGREES.
TEMPERATURE RECORDS IN KEY WEST DATE BACK TO 1872.

DESPITE NEARLY 6 INCHES OF RAINFALL ATTRIBUTED TO HURRICANE IRMA
IN EARLY SEPTEMBER, LAST MONTH`S TOTAL OF 9.28 INCHES, 2.57 INCHES
ABOVE NORMAL, WAS NOT HIGH ENOUGH TO BREAK INTO THE TOP 20 FOR THE
WETTEST SEPTEMBERS ON RECORD. THE WETTEST SEPTEMBER ON RECORD FOR
KEY WEST WAS BACK IN 1963, WHEN 18.45 INCHES OF RAINFALL WAS
MEASURED. RAINFALL RECORDS IN KEY WEST DATE BACK TO 1871.


DAILY RECORDS SET/TIED AT KEY WEST, SEPTEMBER 2017 AND 2017 TO-DATE

RECORD                       SEP 2017    JAN-SEP 2017
======                       ========    ============
MAXIMUM TEMPERATURE              1             4
COOL MAXIMUM TEMPERATURE         0             0
WARM MINIMUM TEMPERATURE         2            28
MINIMUM TEMPERATURE              0             0
RAINFALL                         0             1


HURRICANE IRMA MADE LANDFALL ON CUDJOE KEY, IN THE LOWER KEYS, AT
910 AM EDT SUNDAY, SEPTEMBER 10TH, 2017.A WIND GUST OF 120 MPH WAS
RECORDED BY A RAWS SITE ON BIG PINE KEY, AROUND 938 AM EDT. THE
HIGHEST WIND GUST RECORDED AT THE KEY WEST INTERNATIONAL AIRPORT
DURING THIS EVENT WAS 94 MPH AT 713 AM EDT, BUT THE ANEMOMETER
FAILED SHORTLY AFTER THAT TIME.

ROSS
