000
CXUS56 KHNX 011140
CLMFAT


CLIMATE REPORT
NATIONAL WEATHER SERVICE SAN JOAQUIN VALLEY - HANFORD CA
440 AM PDT TUE JUL 1 2014

...................................

...THE FRESNO CA CLIMATE SUMMARY FOR THE MONTH OF JUNE 2014...

CLIMATE NORMAL PERIOD 1981 TO 2010
CLIMATE RECORD PERIOD 1887 TO 2014

WEATHER         OBSERVED          NORMAL  DEPART  LAST YEAR`S
                 VALUE   DATE(S)  VALUE   FROM    VALUE  DATE(S)
                                          NORMAL
................................................................
TEMPERATURE (F)
RECORD
 HIGH             112   06/25/1925
                        06/30/1891
 LOW               42   06/14/1907
HIGHEST           110   06/09        MM      MM      109  06/30
LOWEST             58   06/17        MM      MM       56  06/19
                        06/03
AVG. MAXIMUM     96.4              92.0     4.4     95.6
AVG. MINIMUM     65.5              62.4     3.1     66.3
MEAN             80.9              77.2     3.7     80.9
DAYS MAX >= 90     27              18.5     8.5       24
DAYS MIN <= 32      0               0.0     0.0        0

PRECIPITATION (INCHES)
RECORD
 MAXIMUM         1.93   1998
TOTALS           0.00              0.21   -0.21        T
DAYS >= .01         0               0.7    -0.7        0
DAYS >= .10         0               0.4    -0.4        0
DAYS >= .50         0               0.1    -0.1        0
DAYS >= 1.00        0               0.1    -0.1        0
GREATEST
 24 HR. TOTAL    0.00   MM

SNOWFALL (INCHES)
RECORDS
 TOTAL             MM   MM
TOTALS            0.0               0.0

DEGREE_DAYS
HEATING TOTAL       0                 3      -3        0
 SINCE 7/1       1504              2346    -842     1745
COOLING TOTAL     485               369     116      483
 SINCE 1/1        928               610     318      890
.................................................................

WIND (MPH)
AVERAGE WIND SPEED              8.1
HIGHEST WIND SPEED/DIRECTION    22/310    DATE  06/25
HIGHEST GUST SPEED/DIRECTION    31/360    DATE  06/24

AVERAGE RH (PERCENT)     33

WEATHER CONDITIONS. NUMBER OF DAYS WITH
THUNDERSTORM              0     RAIN                       0
HAIL                      0     FOG                        0
FOG W/VIS <= 1/4 MILE     0     HAZE                       1

-  INDICATES NEGATIVE NUMBERS.
R  INDICATES RECORD WAS SET OR TIED.
MM INDICATES DATA IS MISSING.
T  INDICATES TRACE AMOUNT.

$$

SANGER/OCHS

WEATHER.GOV/HANFORD
