000
CXUS56 KHNX 011612
CLMFAT


CLIMATE REPORT
NATIONAL WEATHER SERVICE SAN JOAQUIN VALLEY, CA
759 AM PST WED FEB 1 2017

...................................

...THE FRESNO CA CLIMATE SUMMARY FOR THE MONTH OF JANUARY 2017...

CLIMATE NORMAL PERIOD 1981 TO 2010
CLIMATE RECORD PERIOD 1887 TO 2017

WEATHER         OBSERVED          NORMAL  DEPART  LAST YEAR`S
                 VALUE   DATE(S)  VALUE   FROM    VALUE  DATE(S)
                                          NORMAL
................................................................
TEMPERATURE (F)
RECORD
 HIGH              78   01/24/2014
                        01/28/1986
                        22/12/2298
 LOW               17   01/06/1913
HIGHEST            71   01/08        MM      MM       63  01/26
                                                          01/20
                                                          01/16
LOWEST             30   01/06        MM      MM       29  01/01
AVG. MAXIMUM     55.6              54.8     0.8     57.7
AVG. MINIMUM     40.5              38.3     2.2     42.4
MEAN             48.1              46.6     1.5     50.0
DAYS MAX >= 90      0               0.0     0.0        0
DAYS MIN <= 32      2               5.6    -3.6        1

PRECIPITATION (INCHES)
RECORD
 MAXIMUM         8.56   1969
TOTALS           5.50              2.19    3.31     4.42
DAYS >= .01        14               7.6     6.4       16
DAYS >= .10        11               4.8     6.2        8
DAYS >= .50         4               1.4     2.6        4
DAYS >= 1.00        0               0.2    -0.2        0
GREATEST
 24 HR. TOTAL    0.94   01/08 TO 01/09

SNOWFALL (INCHES)
RECORDS
 TOTAL            2.5   01/12/1930
TOTALS            0.0               0.0

DEGREE_DAYS
HEATING TOTAL     514               572     -58      456
 SINCE 7/1       1309              1535    -226     1433
COOLING TOTAL       0                 0       0        0
 SINCE 1/1          0                 0       0        0
.................................................................

WIND (MPH)
AVERAGE WIND SPEED              5.5
HIGHEST WIND SPEED/DIRECTION    25/120    DATE  01/20
HIGHEST GUST SPEED/DIRECTION    33/120    DATE  01/20

AVERAGE RH (PERCENT)     76

WEATHER CONDITIONS. NUMBER OF DAYS WITH
THUNDERSTORM              0     RAIN                      10
HAIL                      0     FOG                       27
FOG W/VIS <= 1/4 MILE     3     HAZE                      14

-  INDICATES NEGATIVE NUMBERS.
R  INDICATES RECORD WAS SET OR TIED.
MM INDICATES DATA IS MISSING.
T  INDICATES TRACE AMOUNT.

$$
