000
CXUS52 KRAH 011336
CLMFAY


CLIMATE REPORT
NATIONAL WEATHER SERVICE RALEIGH NC
929 AM EDT SAT JUL 1 2017

...................................

...THE FAYETTEVILLE REGL AIRPORT NC CLIMATE SUMMARY FOR THE MONTH OF JUNE 2017...

CLIMATE NORMAL PERIOD 1981 TO 2010
CLIMATE RECORD PERIOD 1910 TO 2017

WEATHER         OBSERVED          NORMAL  DEPART  LAST YEAR`S
                 VALUE   DATE(S)  VALUE   FROM    VALUE
                                          NORMAL
.............................................................
TEMPERATURE (F)
RECORD
 HIGH             106   06/29/2012
 LOW               44   06/12/1972
                        06/02/1966
                        06/16/1933
HIGHEST            97   06/14                        100
LOWEST             58   06/09                         60
AVG. MAXIMUM     89.3              88.6     0.7     90.6
AVG. MINIMUM     68.9              67.8     1.1     69.1
MEAN             79.1              78.2     0.9     79.9
DAYS MAX >= 90     16                                 21
DAYS MAX <= 32      0                                  0
DAYS MIN <= 32      0                                  0
DAYS MIN <= 0       0                                  0

PRECIPITATION (INCHES)
RECORD
 MAXIMUM        15.94   1995
TOTALS           4.56              4.35    0.21     3.21
DAYS >= .01        11
DAYS >= .10         9
DAYS >= .50         5
DAYS >= 1.00        1
GREATEST
 24 HR. TOTAL    1.54   06/24 TO 06/24

DEGREE_DAYS
COOLING TOTAL     432               396      36      452
 SINCE 1/1        935               680     255      788
..............................................................

WIND (MPH)
AVERAGE WIND SPEED              6.8
HIGHEST WIND SPEED/DIRECTION    26/230    DATE  06/21
HIGHEST GUST SPEED/DIRECTION    35/220    DATE  06/14

SKY COVER
POSSIBLE SUNSHINE (PERCENT)   MM
AVERAGE SKY COVER           0.30
NUMBER OF DAYS FAIR           16
NUMBER OF DAYS PC             13
NUMBER OF DAYS CLOUDY          1

AVERAGE RH (PERCENT)     70

WEATHER CONDITIONS. NUMBER OF DAYS WITH
THUNDERSTORM              8     MIXED PRECIP               0
HEAVY RAIN                8     RAIN                       5
LIGHT RAIN               12     FREEZING RAIN              0
LT FREEZING RAIN          0     HAIL                       0
HEAVY SNOW                0     SNOW                       0
LIGHT SNOW                0     SLEET                      0
FOG                      13     FOG W/VIS <= 1/4 MILE      1
HAZE                      2

-  INDICATES NEGATIVE NUMBERS.
R  INDICATES RECORD WAS SET OR TIED.
MM INDICATES DATA IS MISSING.
T  INDICATES TRACE AMOUNT.

&&

A RECORD HIGH MINIMUM TEMPERATURE OF 76 DEGREES WAS SET AT
THE FAYETTEVILLE REGIONAL AIRPORT ON JUNE 18. THIS TIED THE OLD
RECORD, LAST SET IN 2004.

A RECORD HIGH MINIMUM TEMPERATURE OF 77 DEGREES WAS SET AT THE
FAYETTEVILLE REGIONAL AIRPORT ON JUNE 19. THIS BROKE THE OLD RECORD
OF 75 DEGREES SET IN 1948.

A RECORD HIGH MINIMUM TEMPERATURE OF 77 DEGREES WAS SET AT THE
FAYETTEVILLE REGIONAL AIRPORT ON JUNE 23. THIS TIED THE OLD RECORD,
LAST SET IN 2010.

$$
