000
CXUS53 KLMK 011145
CLMFFT

CLIMATE REPORT
NATIONAL WEATHER SERVICE LOUISVILLE KY
625 AM EST SUN FEB 1 2015

...................................

...THE FRANKFORT KY CLIMATE SUMMARY FOR THE MONTH OF JANUARY 2015...

CLIMATE NORMAL PERIOD 1981 TO 2010
CLIMATE RECORD PERIOD 1895 TO 2015

WEATHER         OBSERVED          NORMAL  DEPART  LAST YEAR`S
                 VALUE   DATE(S)  VALUE   FROM    VALUE  DATE(S)
                                          NORMAL
................................................................
TEMPERATURE (F)
RECORD
 HIGH              80   01/24/1943
 LOW              -27   01/19/1994
                        01/20/1994
HIGHEST            62   01/03        MM      MM       56  01/05
LOWEST                  01/08        MM      MM       -8  01/22
AVG. MAXIMUM     40.0              41.7    -1.7     37.0
AVG. MINIMUM     21.3              23.4    -2.1     14.1
MEAN             30.7              32.5    -1.8     25.5
DAYS MAX >= 90      0               0.0     0.0        0
DAYS MAX <= 32      8               6.8     1.2        9
DAYS MIN <= 32     27              23.6     3.4       28
DAYS MIN <= 0       1               1.0     0.0        7

PRECIPITATION (INCHES)
RECORD
 MAXIMUM        16.77   1937
 MINIMUM         0.37   1981
TOTALS           1.46              3.26   -1.80     2.28
DAILY AVG.       0.05              0.11   -0.06     0.07
DAYS >= .01         9                MM      MM        9
DAYS >= .10         5                MM      MM        6
DAYS >= .50         0                MM      MM        2
DAYS >= 1.00        0                MM      MM        0
GREATEST
 24 HR. TOTAL    0.49   01/03 TO 01/04

SNOWFALL (INCHES)
RECORDS
 TOTAL             MM   MM
TOTALS             MM                MM      MM       MM
SINCE 7/1          MM                MM      MM       MM
SNOWDEPTH AVG.     MM                MM      MM       MM
DAYS >= 1.0         0                MM      MM        0
GREATEST
 SNOW DEPTH        MM                                 MM  MM
 24 HR TOTAL       MM

DEGREE_DAYS
HEATING TOTAL    1057              1006      51     1214
 SINCE 7/1       3003              2838     165     3145
COOLING TOTAL       0                 0       0        0
 SINCE 1/1          0                 0       0        0
.................................................................

WIND (MPH)
AVERAGE WIND SPEED              6.6
HIGHEST WIND SPEED/DIRECTION    29/240    DATE  01/08
HIGHEST GUST SPEED/DIRECTION    39/240    DATE  01/08

SKY COVER
POSSIBLE SUNSHINE (PERCENT)   MM
AVERAGE SKY COVER           0.50
NUMBER OF DAYS FAIR           11
NUMBER OF DAYS PC              9
NUMBER OF DAYS CLOUDY         11

AVERAGE RH (PERCENT)     68

WEATHER CONDITIONS. NUMBER OF DAYS WITH
THUNDERSTORM              0     MIXED PRECIP               0
HEAVY RAIN                1     RAIN                       4
LIGHT RAIN                7     FREEZING RAIN              0
LT FREEZING RAIN          0     HAIL                       0
HEAVY SNOW                0     SNOW                       0
LIGHT SNOW                7     SLEET                      0
FOG                      14     FOG W/VIS <= 1/4 MILE      0
HAZE                      6

-  INDICATES NEGATIVE NUMBERS.
R  INDICATES RECORD WAS SET OR TIED.
MM INDICATES DATA IS MISSING.
T  INDICATES TRACE AMOUNT.

$$
SZAPPANOS
